芝麻web文件管理V1.00
编辑当前文件:/home/soundframestudio/access-logs/soundframestudios.net-ssl_log
66.249.77.34 - - [09/May/2025:08:05:38 -0400] "GET /?_gl=1%2Argknbr%2A_ga%2AMzY3MjE1MDcwLjE3MzcwOTUyMjA.%2A_ga_0VKVKKN4NV%2AMTczNzEwMjM4NC4yLjEuMTczNzEwMjQ1My42MC4wLjA.&_bd_prev_page=https%3A%2F%2Fsoundframestudios.net%2Fdetail.php%3Fshopdetail%2F17347642 HTTP/1.1" 200 32283 "-" "Mozilla/5.0 (Linux; Android 6.0.1; Nexus 5X Build/MMB29P) AppleWebKit/537.36 (KHTML, like Gecko) Chrome/136.0.7103.59 Mobile Safari/537.36 (compatible; Googlebot/2.1; +http://www.google.com/bot.html)"
66.249.77.34 - - [09/May/2025:08:06:12 -0400] "GET /?_gl=1*rgknbr*_ga*MzY3MjE1MDcwLjE3MzcwOTUyMjA.*_ga_0VKVKKN4NV*MTczNzEwMjM4NC4yLjEuMTczNzEwMjQ1My42MC4wLjA.&_bd_prev_page=https://soundframestudios.net/detail.php?shopdetail/29684875 HTTP/1.1" 301 1 "-" "Mozilla/5.0 (Linux; Android 6.0.1; Nexus 5X Build/MMB29P) AppleWebKit/537.36 (KHTML, like Gecko) Chrome/136.0.7103.59 Mobile Safari/537.36 (compatible; Googlebot/2.1; +http://www.google.com/bot.html)"
66.249.77.34 - - [09/May/2025:08:06:13 -0400] "GET /?_gl=1%2Argknbr%2A_ga%2AMzY3MjE1MDcwLjE3MzcwOTUyMjA.%2A_ga_0VKVKKN4NV%2AMTczNzEwMjM4NC4yLjEuMTczNzEwMjQ1My42MC4wLjA.&_bd_prev_page=https%3A%2F%2Fsoundframestudios.net%2Fdetail.php%3Fshopdetail%2F29684875 HTTP/1.1" 200 32284 "-" "Mozilla/5.0 (Linux; Android 6.0.1; Nexus 5X Build/MMB29P) AppleWebKit/537.36 (KHTML, like Gecko) Chrome/136.0.7103.59 Mobile Safari/537.36 (compatible; Googlebot/2.1; +http://www.google.com/bot.html)"
66.249.77.34 - - [09/May/2025:08:06:20 -0400] "GET /?_gl=1*rgknbr*_ga*MzY3MjE1MDcwLjE3MzcwOTUyMjA.*_ga_0VKVKKN4NV*MTczNzEwMjM4NC4yLjEuMTczNzEwMjQ1My42MC4wLjA.&_bd_prev_page=https://soundframestudios.net/detail.php?shopdetail/16212619 HTTP/1.1" 301 1 "-" "Mozilla/5.0 (Linux; Android 6.0.1; Nexus 5X Build/MMB29P) AppleWebKit/537.36 (KHTML, like Gecko) Chrome/136.0.7103.59 Mobile Safari/537.36 (compatible; Googlebot/2.1; +http://www.google.com/bot.html)"
66.249.77.34 - - [09/May/2025:08:06:23 -0400] "GET /?_gl=1%2Argknbr%2A_ga%2AMzY3MjE1MDcwLjE3MzcwOTUyMjA.%2A_ga_0VKVKKN4NV%2AMTczNzEwMjM4NC4yLjEuMTczNzEwMjQ1My42MC4wLjA.&_bd_prev_page=https%3A%2F%2Fsoundframestudios.net%2Fdetail.php%3Fshopdetail%2F16212619 HTTP/1.1" 200 32283 "-" "Mozilla/5.0 (Linux; Android 6.0.1; Nexus 5X Build/MMB29P) AppleWebKit/537.36 (KHTML, like Gecko) Chrome/136.0.7103.59 Mobile Safari/537.36 (compatible; Googlebot/2.1; +http://www.google.com/bot.html)"
66.249.77.34 - - [09/May/2025:08:06:46 -0400] "GET /?_gl=1*rgknbr*_ga*MzY3MjE1MDcwLjE3MzcwOTUyMjA.*_ga_0VKVKKN4NV*MTczNzEwMjM4NC4yLjEuMTczNzEwMjQ1My42MC4wLjA.&_bd_prev_page=https://soundframestudios.net/detail.php?shopdetail/12076853 HTTP/1.1" 301 1 "-" "Mozilla/5.0 (Linux; Android 6.0.1; Nexus 5X Build/MMB29P) AppleWebKit/537.36 (KHTML, like Gecko) Chrome/136.0.7103.59 Mobile Safari/537.36 (compatible; Googlebot/2.1; +http://www.google.com/bot.html)"
66.249.77.34 - - [09/May/2025:08:06:47 -0400] "GET /?_gl=1%2Argknbr%2A_ga%2AMzY3MjE1MDcwLjE3MzcwOTUyMjA.%2A_ga_0VKVKKN4NV%2AMTczNzEwMjM4NC4yLjEuMTczNzEwMjQ1My42MC4wLjA.&_bd_prev_page=https%3A%2F%2Fsoundframestudios.net%2Fdetail.php%3Fshopdetail%2F12076853 HTTP/1.1" 200 32283 "-" "Mozilla/5.0 (Linux; Android 6.0.1; Nexus 5X Build/MMB29P) AppleWebKit/537.36 (KHTML, like Gecko) Chrome/136.0.7103.59 Mobile Safari/537.36 (compatible; Googlebot/2.1; +http://www.google.com/bot.html)"
45.13.235.173 - - [09/May/2025:08:06:47 -0400] "POST /wp-admin/admin-ajax.php HTTP/2.0" 400 5 "https://soundframestudios.net/wp-admin/post.php?post=512&action=mfn-live-builder" "Mozilla/5.0 (Macintosh; Intel Mac OS X 10_15_7) AppleWebKit/537.36 (KHTML, like Gecko) Chrome/135.0.0.0 Safari/537.36"
66.249.77.34 - - [09/May/2025:08:07:23 -0400] "GET /?_gl=1*rgknbr*_ga*MzY3MjE1MDcwLjE3MzcwOTUyMjA.*_ga_0VKVKKN4NV*MTczNzEwMjM4NC4yLjEuMTczNzEwMjQ1My42MC4wLjA.&_bd_prev_page=https://soundframestudios.net/detail.php?shopdetail/1461908 HTTP/1.1" 301 1 "-" "Mozilla/5.0 (Linux; Android 6.0.1; Nexus 5X Build/MMB29P) AppleWebKit/537.36 (KHTML, like Gecko) Chrome/136.0.7103.59 Mobile Safari/537.36 (compatible; Googlebot/2.1; +http://www.google.com/bot.html)"
66.249.77.34 - - [09/May/2025:08:07:25 -0400] "GET /?_gl=1%2Argknbr%2A_ga%2AMzY3MjE1MDcwLjE3MzcwOTUyMjA.%2A_ga_0VKVKKN4NV%2AMTczNzEwMjM4NC4yLjEuMTczNzEwMjQ1My42MC4wLjA.&_bd_prev_page=https%3A%2F%2Fsoundframestudios.net%2Fdetail.php%3Fshopdetail%2F1461908 HTTP/1.1" 200 32283 "-" "Mozilla/5.0 (Linux; Android 6.0.1; Nexus 5X Build/MMB29P) AppleWebKit/537.36 (KHTML, like Gecko) Chrome/136.0.7103.59 Mobile Safari/537.36 (compatible; Googlebot/2.1; +http://www.google.com/bot.html)"
66.249.77.34 - - [09/May/2025:08:07:26 -0400] "GET /?_gl=1*rgknbr*_ga*MzY3MjE1MDcwLjE3MzcwOTUyMjA.*_ga_0VKVKKN4NV*MTczNzEwMjM4NC4yLjEuMTczNzEwMjQ1My42MC4wLjA.&_bd_prev_page=https://soundframestudios.net/detail.php?shopdetail/22907020 HTTP/1.1" 301 1 "-" "Mozilla/5.0 (Linux; Android 6.0.1; Nexus 5X Build/MMB29P) AppleWebKit/537.36 (KHTML, like Gecko) Chrome/136.0.7103.59 Mobile Safari/537.36 (compatible; Googlebot/2.1; +http://www.google.com/bot.html)"
66.249.77.34 - - [09/May/2025:08:07:32 -0400] "GET /?_gl=1%2Argknbr%2A_ga%2AMzY3MjE1MDcwLjE3MzcwOTUyMjA.%2A_ga_0VKVKKN4NV%2AMTczNzEwMjM4NC4yLjEuMTczNzEwMjQ1My42MC4wLjA.&_bd_prev_page=https%3A%2F%2Fsoundframestudios.net%2Fdetail.php%3Fshopdetail%2F22907020 HTTP/1.1" 200 32282 "-" "Mozilla/5.0 (Linux; Android 6.0.1; Nexus 5X Build/MMB29P) AppleWebKit/537.36 (KHTML, like Gecko) Chrome/136.0.7103.59 Mobile Safari/537.36 (compatible; Googlebot/2.1; +http://www.google.com/bot.html)"
66.249.77.34 - - [09/May/2025:08:08:02 -0400] "GET /?_gl=1*rgknbr*_ga*MzY3MjE1MDcwLjE3MzcwOTUyMjA.*_ga_0VKVKKN4NV*MTczNzEwMjM4NC4yLjEuMTczNzEwMjQ1My42MC4wLjA.&_bd_prev_page=https://soundframestudios.net/detail.php?shopdetail/16247031 HTTP/1.1" 301 1 "-" "Mozilla/5.0 (Linux; Android 6.0.1; Nexus 5X Build/MMB29P) AppleWebKit/537.36 (KHTML, like Gecko) Chrome/136.0.7103.59 Mobile Safari/537.36 (compatible; Googlebot/2.1; +http://www.google.com/bot.html)"
66.249.77.34 - - [09/May/2025:08:08:03 -0400] "GET /?_gl=1%2Argknbr%2A_ga%2AMzY3MjE1MDcwLjE3MzcwOTUyMjA.%2A_ga_0VKVKKN4NV%2AMTczNzEwMjM4NC4yLjEuMTczNzEwMjQ1My42MC4wLjA.&_bd_prev_page=https%3A%2F%2Fsoundframestudios.net%2Fdetail.php%3Fshopdetail%2F16247031 HTTP/1.1" 200 32283 "-" "Mozilla/5.0 (Linux; Android 6.0.1; Nexus 5X Build/MMB29P) AppleWebKit/537.36 (KHTML, like Gecko) Chrome/136.0.7103.59 Mobile Safari/537.36 (compatible; Googlebot/2.1; +http://www.google.com/bot.html)"
66.249.77.34 - - [09/May/2025:08:09:09 -0400] "GET /?_gl=1*rgknbr*_ga*MzY3MjE1MDcwLjE3MzcwOTUyMjA.*_ga_0VKVKKN4NV*MTczNzEwMjM4NC4yLjEuMTczNzEwMjQ1My42MC4wLjA.&_bd_prev_page=https://soundframestudios.net/detail.php?shopdetail/25169764 HTTP/1.1" 301 1 "-" "Mozilla/5.0 (Linux; Android 6.0.1; Nexus 5X Build/MMB29P) AppleWebKit/537.36 (KHTML, like Gecko) Chrome/136.0.7103.59 Mobile Safari/537.36 (compatible; Googlebot/2.1; +http://www.google.com/bot.html)"
66.249.77.34 - - [09/May/2025:08:09:15 -0400] "GET /?_gl=1%2Argknbr%2A_ga%2AMzY3MjE1MDcwLjE3MzcwOTUyMjA.%2A_ga_0VKVKKN4NV%2AMTczNzEwMjM4NC4yLjEuMTczNzEwMjQ1My42MC4wLjA.&_bd_prev_page=https%3A%2F%2Fsoundframestudios.net%2Fdetail.php%3Fshopdetail%2F25169764 HTTP/1.1" 200 32283 "-" "Mozilla/5.0 (Linux; Android 6.0.1; Nexus 5X Build/MMB29P) AppleWebKit/537.36 (KHTML, like Gecko) Chrome/136.0.7103.59 Mobile Safari/537.36 (compatible; Googlebot/2.1; +http://www.google.com/bot.html)"
198.186.130.214 - - [09/May/2025:08:09:26 -0400] "POST /wp-login.php HTTP/2.0" 200 6604 "https://soundframestudios.net" "Mozilla/5.0 (Macintosh; Intel Mac OS X 10_15_7) AppleWebKit/537.36 (KHTML, like Gecko) Chrome/114.0.5735.134 Safari/537.36"
69.167.171.25 - - [09/May/2025:08:10:02 -0400] "POST /wp-cron.php?doing_wp_cron=1746792602.2791209220886230468750 HTTP/1.1" 200 1 "-" "WordPress/6.8.1; https://soundframestudios.net"
66.249.77.34 - - [09/May/2025:08:10:02 -0400] "GET /?_gl=1*rgknbr*_ga*MzY3MjE1MDcwLjE3MzcwOTUyMjA.*_ga_0VKVKKN4NV*MTczNzEwMjM4NC4yLjEuMTczNzEwMjQ1My42MC4wLjA.&_bd_prev_page=https://soundframestudios.net/detail.php?shopdetail/18616420 HTTP/1.1" 301 1 "-" "Mozilla/5.0 (Linux; Android 6.0.1; Nexus 5X Build/MMB29P) AppleWebKit/537.36 (KHTML, like Gecko) Chrome/136.0.7103.59 Mobile Safari/537.36 (compatible; Googlebot/2.1; +http://www.google.com/bot.html)"
66.249.73.103 - - [09/May/2025:08:10:02 -0400] "GET /?_gl=1%2Argknbr%2A_ga%2AMzY3MjE1MDcwLjE3MzcwOTUyMjA.%2A_ga_0VKVKKN4NV%2AMTczNzEwMjM4NC4yLjEuMTczNzEwMjQ1My42MC4wLjA.&_bd_prev_page=https%3A%2F%2Fsoundframestudios.net%2Fdetail.php%3Fshopdetail%2F18616420 HTTP/1.1" 200 32282 "-" "Mozilla/5.0 (Linux; Android 6.0.1; Nexus 5X Build/MMB29P) AppleWebKit/537.36 (KHTML, like Gecko) Chrome/136.0.7103.59 Mobile Safari/537.36 (compatible; Googlebot/2.1; +http://www.google.com/bot.html)"
66.249.77.34 - - [09/May/2025:08:10:07 -0400] "GET /wp-includes/css/dist/block-library/style.min.css?ver=6.8.1 HTTP/1.1" 200 14200 "https://soundframestudios.net/?_gl=1%2Argknbr%2A_ga%2AMzY3MjE1MDcwLjE3MzcwOTUyMjA.%2A_ga_0VKVKKN4NV%2AMTczNzEwMjM4NC4yLjEuMTczNzEwMjQ1My42MC4wLjA.&_bd_prev_page=https%3A%2F%2Fsoundframestudios.net%2Fdetail.php%3Fshopdetail%2F18616420" "Mozilla/5.0 (Linux; Android 6.0.1; Nexus 5X Build/MMB29P) AppleWebKit/537.36 (KHTML, like Gecko) Chrome/135.0.7049.114 Mobile Safari/537.36 (compatible; Googlebot/2.1; +http://www.google.com/bot.html)"
66.249.77.34 - - [09/May/2025:08:10:10 -0400] "GET /wp-content/plugins/contact-form-7/includes/swv/js/index.js?ver=5.9.8 HTTP/1.1" 200 3226 "https://soundframestudios.net/?_gl=1%2Argknbr%2A_ga%2AMzY3MjE1MDcwLjE3MzcwOTUyMjA.%2A_ga_0VKVKKN4NV%2AMTczNzEwMjM4NC4yLjEuMTczNzEwMjQ1My42MC4wLjA.&_bd_prev_page=https%3A%2F%2Fsoundframestudios.net%2Fdetail.php%3Fshopdetail%2F18616420" "Mozilla/5.0 (Linux; Android 6.0.1; Nexus 5X Build/MMB29P) AppleWebKit/537.36 (KHTML, like Gecko) Chrome/135.0.7049.114 Mobile Safari/537.36 (compatible; Googlebot/2.1; +http://www.google.com/bot.html)"
66.249.77.34 - - [09/May/2025:08:10:11 -0400] "GET /wp-content/themes/betheme/fonts/fontawesome/fontawesome.css?ver=27.5.8 HTTP/1.1" 200 12425 "https://soundframestudios.net/?_gl=1%2Argknbr%2A_ga%2AMzY3MjE1MDcwLjE3MzcwOTUyMjA.%2A_ga_0VKVKKN4NV%2AMTczNzEwMjM4NC4yLjEuMTczNzEwMjQ1My42MC4wLjA.&_bd_prev_page=https%3A%2F%2Fsoundframestudios.net%2Fdetail.php%3Fshopdetail%2F18616420" "Mozilla/5.0 (Linux; Android 6.0.1; Nexus 5X Build/MMB29P) AppleWebKit/537.36 (KHTML, like Gecko) Chrome/135.0.7049.114 Mobile Safari/537.36 (compatible; Googlebot/2.1; +http://www.google.com/bot.html)"
66.249.77.34 - - [09/May/2025:08:10:11 -0400] "GET /wp-includes/js/dist/hooks.min.js?ver=4d63a3d491d11ffd8ac6 HTTP/1.1" 200 1573 "https://soundframestudios.net/?_gl=1%2Argknbr%2A_ga%2AMzY3MjE1MDcwLjE3MzcwOTUyMjA.%2A_ga_0VKVKKN4NV%2AMTczNzEwMjM4NC4yLjEuMTczNzEwMjQ1My42MC4wLjA.&_bd_prev_page=https%3A%2F%2Fsoundframestudios.net%2Fdetail.php%3Fshopdetail%2F18616420" "Mozilla/5.0 (Linux; Android 6.0.1; Nexus 5X Build/MMB29P) AppleWebKit/537.36 (KHTML, like Gecko) Chrome/135.0.7049.114 Mobile Safari/537.36 (compatible; Googlebot/2.1; +http://www.google.com/bot.html)"
66.249.77.34 - - [09/May/2025:08:10:18 -0400] "GET /wp-content/plugins/contact-form-7/includes/js/index.js?ver=5.9.8 HTTP/1.1" 200 4013 "https://soundframestudios.net/?_gl=1%2Argknbr%2A_ga%2AMzY3MjE1MDcwLjE3MzcwOTUyMjA.%2A_ga_0VKVKKN4NV%2AMTczNzEwMjM4NC4yLjEuMTczNzEwMjQ1My42MC4wLjA.&_bd_prev_page=https%3A%2F%2Fsoundframestudios.net%2Fdetail.php%3Fshopdetail%2F18616420" "Mozilla/5.0 (Linux; Android 6.0.1; Nexus 5X Build/MMB29P) AppleWebKit/537.36 (KHTML, like Gecko) Chrome/135.0.7049.114 Mobile Safari/537.36 (compatible; Googlebot/2.1; +http://www.google.com/bot.html)"
66.249.77.34 - - [09/May/2025:08:10:21 -0400] "GET /wp-content/plugins/wp-carousel-pro/src/Frontend/css/spinner.svg HTTP/1.1" 200 383 "https://soundframestudios.net/?_gl=1%2Argknbr%2A_ga%2AMzY3MjE1MDcwLjE3MzcwOTUyMjA.%2A_ga_0VKVKKN4NV%2AMTczNzEwMjM4NC4yLjEuMTczNzEwMjQ1My42MC4wLjA.&_bd_prev_page=https%3A%2F%2Fsoundframestudios.net%2Fdetail.php%3Fshopdetail%2F18616420" "Mozilla/5.0 (Linux; Android 6.0.1; Nexus 5X Build/MMB29P) AppleWebKit/537.36 (KHTML, like Gecko) Chrome/135.0.7049.114 Mobile Safari/537.36 (compatible; Googlebot/2.1; +http://www.google.com/bot.html)"
66.249.77.34 - - [09/May/2025:08:10:35 -0400] "GET /?_gl=1*rgknbr*_ga*MzY3MjE1MDcwLjE3MzcwOTUyMjA.*_ga_0VKVKKN4NV*MTczNzEwMjM4NC4yLjEuMTczNzEwMjQ1My42MC4wLjA.&_bd_prev_page=https://soundframestudios.net/detail.php?shopdetail/18198075 HTTP/1.1" 301 1 "-" "Mozilla/5.0 (Linux; Android 6.0.1; Nexus 5X Build/MMB29P) AppleWebKit/537.36 (KHTML, like Gecko) Chrome/136.0.7103.59 Mobile Safari/537.36 (compatible; Googlebot/2.1; +http://www.google.com/bot.html)"
66.249.77.34 - - [09/May/2025:08:10:38 -0400] "GET /?_gl=1*rgknbr*_ga*MzY3MjE1MDcwLjE3MzcwOTUyMjA.*_ga_0VKVKKN4NV*MTczNzEwMjM4NC4yLjEuMTczNzEwMjQ1My42MC4wLjA.&_bd_prev_page=https://soundframestudios.net/detail.php?shopdetail/20989442 HTTP/1.1" 301 1 "-" "Mozilla/5.0 (Linux; Android 6.0.1; Nexus 5X Build/MMB29P) AppleWebKit/537.36 (KHTML, like Gecko) Chrome/136.0.7103.59 Mobile Safari/537.36 (compatible; Googlebot/2.1; +http://www.google.com/bot.html)"
66.249.77.34 - - [09/May/2025:08:10:39 -0400] "GET /?_gl=1%2Argknbr%2A_ga%2AMzY3MjE1MDcwLjE3MzcwOTUyMjA.%2A_ga_0VKVKKN4NV%2AMTczNzEwMjM4NC4yLjEuMTczNzEwMjQ1My42MC4wLjA.&_bd_prev_page=https%3A%2F%2Fsoundframestudios.net%2Fdetail.php%3Fshopdetail%2F18198075 HTTP/1.1" 200 32291 "-" "Mozilla/5.0 (Linux; Android 6.0.1; Nexus 5X Build/MMB29P) AppleWebKit/537.36 (KHTML, like Gecko) Chrome/136.0.7103.59 Mobile Safari/537.36 (compatible; Googlebot/2.1; +http://www.google.com/bot.html)"
66.249.77.34 - - [09/May/2025:08:10:40 -0400] "GET /?_gl=1%2Argknbr%2A_ga%2AMzY3MjE1MDcwLjE3MzcwOTUyMjA.%2A_ga_0VKVKKN4NV%2AMTczNzEwMjM4NC4yLjEuMTczNzEwMjQ1My42MC4wLjA.&_bd_prev_page=https%3A%2F%2Fsoundframestudios.net%2Fdetail.php%3Fshopdetail%2F20989442 HTTP/1.1" 200 32283 "-" "Mozilla/5.0 (Linux; Android 6.0.1; Nexus 5X Build/MMB29P) AppleWebKit/537.36 (KHTML, like Gecko) Chrome/136.0.7103.59 Mobile Safari/537.36 (compatible; Googlebot/2.1; +http://www.google.com/bot.html)"
66.249.77.34 - - [09/May/2025:08:11:02 -0400] "GET /?_gl=1*rgknbr*_ga*MzY3MjE1MDcwLjE3MzcwOTUyMjA.*_ga_0VKVKKN4NV*MTczNzEwMjM4NC4yLjEuMTczNzEwMjQ1My42MC4wLjA.&_bd_prev_page=https://soundframestudios.net/detail.php?shopdetail/14172697 HTTP/1.1" 301 1 "-" "Mozilla/5.0 (Linux; Android 6.0.1; Nexus 5X Build/MMB29P) AppleWebKit/537.36 (KHTML, like Gecko) Chrome/136.0.7103.59 Mobile Safari/537.36 (compatible; Googlebot/2.1; +http://www.google.com/bot.html)"
66.249.77.34 - - [09/May/2025:08:11:09 -0400] "GET /?_gl=1%2Argknbr%2A_ga%2AMzY3MjE1MDcwLjE3MzcwOTUyMjA.%2A_ga_0VKVKKN4NV%2AMTczNzEwMjM4NC4yLjEuMTczNzEwMjQ1My42MC4wLjA.&_bd_prev_page=https%3A%2F%2Fsoundframestudios.net%2Fdetail.php%3Fshopdetail%2F14172697 HTTP/1.1" 200 32284 "-" "Mozilla/5.0 (Linux; Android 6.0.1; Nexus 5X Build/MMB29P) AppleWebKit/537.36 (KHTML, like Gecko) Chrome/136.0.7103.59 Mobile Safari/537.36 (compatible; Googlebot/2.1; +http://www.google.com/bot.html)"
78.116.110.52 - - [09/May/2025:08:11:39 -0400] "POST /xmlrpc.php HTTP/1.1" 200 403 "-" "Mozilla/5.0 (Windows NT 10.0; Win64; x64) AppleWebKit/537.36 (KHTML, like Gecko) Chrome/91.0.4472.124 Safari/537.36"
66.249.77.34 - - [09/May/2025:08:11:46 -0400] "GET /?_gl=1*rgknbr*_ga*MzY3MjE1MDcwLjE3MzcwOTUyMjA.*_ga_0VKVKKN4NV*MTczNzEwMjM4NC4yLjEuMTczNzEwMjQ1My42MC4wLjA.&_bd_prev_page=https://soundframestudios.net/detail.php?shopdetail/26324475 HTTP/1.1" 301 1 "-" "Mozilla/5.0 (Linux; Android 6.0.1; Nexus 5X Build/MMB29P) AppleWebKit/537.36 (KHTML, like Gecko) Chrome/136.0.7103.59 Mobile Safari/537.36 (compatible; Googlebot/2.1; +http://www.google.com/bot.html)"
66.249.77.34 - - [09/May/2025:08:11:47 -0400] "GET /?_gl=1%2Argknbr%2A_ga%2AMzY3MjE1MDcwLjE3MzcwOTUyMjA.%2A_ga_0VKVKKN4NV%2AMTczNzEwMjM4NC4yLjEuMTczNzEwMjQ1My42MC4wLjA.&_bd_prev_page=https%3A%2F%2Fsoundframestudios.net%2Fdetail.php%3Fshopdetail%2F26324475 HTTP/1.1" 200 32283 "-" "Mozilla/5.0 (Linux; Android 6.0.1; Nexus 5X Build/MMB29P) AppleWebKit/537.36 (KHTML, like Gecko) Chrome/136.0.7103.59 Mobile Safari/537.36 (compatible; Googlebot/2.1; +http://www.google.com/bot.html)"
45.13.235.173 - - [09/May/2025:08:11:47 -0400] "POST /wp-admin/admin-ajax.php HTTP/2.0" 400 5 "https://soundframestudios.net/wp-admin/post.php?post=512&action=mfn-live-builder" "Mozilla/5.0 (Macintosh; Intel Mac OS X 10_15_7) AppleWebKit/537.36 (KHTML, like Gecko) Chrome/135.0.0.0 Safari/537.36"
66.249.77.36 - - [09/May/2025:08:12:01 -0400] "GET /?_gl=1*rgknbr*_ga*MzY3MjE1MDcwLjE3MzcwOTUyMjA.*_ga_0VKVKKN4NV*MTczNzEwMjM4NC4yLjEuMTczNzEwMjQ1My42MC4wLjA.&_bd_prev_page=https://soundframestudios.net/detail.php?shopdetail/16680342 HTTP/1.1" 301 1 "-" "Mozilla/5.0 (Linux; Android 6.0.1; Nexus 5X Build/MMB29P) AppleWebKit/537.36 (KHTML, like Gecko) Chrome/136.0.7103.59 Mobile Safari/537.36 (compatible; Googlebot/2.1; +http://www.google.com/bot.html)"
66.249.77.34 - - [09/May/2025:08:12:01 -0400] "GET /?_gl=1%2Argknbr%2A_ga%2AMzY3MjE1MDcwLjE3MzcwOTUyMjA.%2A_ga_0VKVKKN4NV%2AMTczNzEwMjM4NC4yLjEuMTczNzEwMjQ1My42MC4wLjA.&_bd_prev_page=https%3A%2F%2Fsoundframestudios.net%2Fdetail.php%3Fshopdetail%2F16680342 HTTP/1.1" 200 32282 "-" "Mozilla/5.0 (Linux; Android 6.0.1; Nexus 5X Build/MMB29P) AppleWebKit/537.36 (KHTML, like Gecko) Chrome/136.0.7103.59 Mobile Safari/537.36 (compatible; Googlebot/2.1; +http://www.google.com/bot.html)"
66.249.77.34 - - [09/May/2025:08:12:52 -0400] "GET /?_gl=1*rgknbr*_ga*MzY3MjE1MDcwLjE3MzcwOTUyMjA.*_ga_0VKVKKN4NV*MTczNzEwMjM4NC4yLjEuMTczNzEwMjQ1My42MC4wLjA.&_bd_prev_page=https://soundframestudios.net/detail.php?shopdetail/30385075 HTTP/1.1" 301 1 "-" "Mozilla/5.0 (Linux; Android 6.0.1; Nexus 5X Build/MMB29P) AppleWebKit/537.36 (KHTML, like Gecko) Chrome/136.0.7103.59 Mobile Safari/537.36 (compatible; Googlebot/2.1; +http://www.google.com/bot.html)"
66.249.77.35 - - [09/May/2025:08:12:52 -0400] "GET /?_gl=1%2Argknbr%2A_ga%2AMzY3MjE1MDcwLjE3MzcwOTUyMjA.%2A_ga_0VKVKKN4NV%2AMTczNzEwMjM4NC4yLjEuMTczNzEwMjQ1My42MC4wLjA.&_bd_prev_page=https%3A%2F%2Fsoundframestudios.net%2Fdetail.php%3Fshopdetail%2F30385075 HTTP/1.1" 200 32285 "-" "Mozilla/5.0 (Linux; Android 6.0.1; Nexus 5X Build/MMB29P) AppleWebKit/537.36 (KHTML, like Gecko) Chrome/136.0.7103.59 Mobile Safari/537.36 (compatible; Googlebot/2.1; +http://www.google.com/bot.html)"
66.249.77.34 - - [09/May/2025:08:13:13 -0400] "GET /?_gl=1*rgknbr*_ga*MzY3MjE1MDcwLjE3MzcwOTUyMjA.*_ga_0VKVKKN4NV*MTczNzEwMjM4NC4yLjEuMTczNzEwMjQ1My42MC4wLjA.&_bd_prev_page=https://soundframestudios.net/detail.php?shopdetail/11104519 HTTP/1.1" 301 1 "-" "Mozilla/5.0 (Linux; Android 6.0.1; Nexus 5X Build/MMB29P) AppleWebKit/537.36 (KHTML, like Gecko) Chrome/136.0.7103.59 Mobile Safari/537.36 (compatible; Googlebot/2.1; +http://www.google.com/bot.html)"
66.249.77.34 - - [09/May/2025:08:13:14 -0400] "GET /?_gl=1%2Argknbr%2A_ga%2AMzY3MjE1MDcwLjE3MzcwOTUyMjA.%2A_ga_0VKVKKN4NV%2AMTczNzEwMjM4NC4yLjEuMTczNzEwMjQ1My42MC4wLjA.&_bd_prev_page=https%3A%2F%2Fsoundframestudios.net%2Fdetail.php%3Fshopdetail%2F11104519 HTTP/1.1" 200 32283 "-" "Mozilla/5.0 (Linux; Android 6.0.1; Nexus 5X Build/MMB29P) AppleWebKit/537.36 (KHTML, like Gecko) Chrome/136.0.7103.59 Mobile Safari/537.36 (compatible; Googlebot/2.1; +http://www.google.com/bot.html)"
66.249.77.34 - - [09/May/2025:08:14:12 -0400] "GET /?_gl=1*rgknbr*_ga*MzY3MjE1MDcwLjE3MzcwOTUyMjA.*_ga_0VKVKKN4NV*MTczNzEwMjM4NC4yLjEuMTczNzEwMjQ1My42MC4wLjA.&_bd_prev_page=https://soundframestudios.net/detail.php?shopdetail/17057408 HTTP/1.1" 301 1 "-" "Mozilla/5.0 (Linux; Android 6.0.1; Nexus 5X Build/MMB29P) AppleWebKit/537.36 (KHTML, like Gecko) Chrome/136.0.7103.59 Mobile Safari/537.36 (compatible; Googlebot/2.1; +http://www.google.com/bot.html)"
66.249.77.36 - - [09/May/2025:08:14:13 -0400] "GET /?_gl=1%2Argknbr%2A_ga%2AMzY3MjE1MDcwLjE3MzcwOTUyMjA.%2A_ga_0VKVKKN4NV%2AMTczNzEwMjM4NC4yLjEuMTczNzEwMjQ1My42MC4wLjA.&_bd_prev_page=https%3A%2F%2Fsoundframestudios.net%2Fdetail.php%3Fshopdetail%2F17057408 HTTP/1.1" 200 32284 "-" "Mozilla/5.0 (Linux; Android 6.0.1; Nexus 5X Build/MMB29P) AppleWebKit/537.36 (KHTML, like Gecko) Chrome/136.0.7103.59 Mobile Safari/537.36 (compatible; Googlebot/2.1; +http://www.google.com/bot.html)"
66.249.77.34 - - [09/May/2025:08:15:11 -0400] "GET /?_gl=1*rgknbr*_ga*MzY3MjE1MDcwLjE3MzcwOTUyMjA.*_ga_0VKVKKN4NV*MTczNzEwMjM4NC4yLjEuMTczNzEwMjQ1My42MC4wLjA.&_bd_prev_page=https://soundframestudios.net/detail.php?shopdetail/8265664 HTTP/1.1" 301 1 "-" "Mozilla/5.0 (Linux; Android 6.0.1; Nexus 5X Build/MMB29P) AppleWebKit/537.36 (KHTML, like Gecko) Chrome/136.0.7103.59 Mobile Safari/537.36 (compatible; Googlebot/2.1; +http://www.google.com/bot.html)"
66.249.77.34 - - [09/May/2025:08:15:12 -0400] "GET /?_gl=1%2Argknbr%2A_ga%2AMzY3MjE1MDcwLjE3MzcwOTUyMjA.%2A_ga_0VKVKKN4NV%2AMTczNzEwMjM4NC4yLjEuMTczNzEwMjQ1My42MC4wLjA.&_bd_prev_page=https%3A%2F%2Fsoundframestudios.net%2Fdetail.php%3Fshopdetail%2F8265664 HTTP/1.1" 200 32282 "-" "Mozilla/5.0 (Linux; Android 6.0.1; Nexus 5X Build/MMB29P) AppleWebKit/537.36 (KHTML, like Gecko) Chrome/136.0.7103.59 Mobile Safari/537.36 (compatible; Googlebot/2.1; +http://www.google.com/bot.html)"
66.249.77.34 - - [09/May/2025:08:16:30 -0400] "GET /?_gl=1*rgknbr*_ga*MzY3MjE1MDcwLjE3MzcwOTUyMjA.*_ga_0VKVKKN4NV*MTczNzEwMjM4NC4yLjEuMTczNzEwMjQ1My42MC4wLjA.&_bd_prev_page=https://soundframestudios.net/detail.php?shopdetail/16359320 HTTP/1.1" 301 1 "-" "Mozilla/5.0 (Linux; Android 6.0.1; Nexus 5X Build/MMB29P) AppleWebKit/537.36 (KHTML, like Gecko) Chrome/136.0.7103.59 Mobile Safari/537.36 (compatible; Googlebot/2.1; +http://www.google.com/bot.html)"
66.249.77.34 - - [09/May/2025:08:16:30 -0400] "GET /?_gl=1%2Argknbr%2A_ga%2AMzY3MjE1MDcwLjE3MzcwOTUyMjA.%2A_ga_0VKVKKN4NV%2AMTczNzEwMjM4NC4yLjEuMTczNzEwMjQ1My42MC4wLjA.&_bd_prev_page=https%3A%2F%2Fsoundframestudios.net%2Fdetail.php%3Fshopdetail%2F16359320 HTTP/1.1" 200 32284 "-" "Mozilla/5.0 (Linux; Android 6.0.1; Nexus 5X Build/MMB29P) AppleWebKit/537.36 (KHTML, like Gecko) Chrome/136.0.7103.59 Mobile Safari/537.36 (compatible; Googlebot/2.1; +http://www.google.com/bot.html)"
45.13.235.173 - - [09/May/2025:08:16:47 -0400] "POST /wp-admin/admin-ajax.php HTTP/2.0" 400 5 "https://soundframestudios.net/wp-admin/post.php?post=512&action=mfn-live-builder" "Mozilla/5.0 (Macintosh; Intel Mac OS X 10_15_7) AppleWebKit/537.36 (KHTML, like Gecko) Chrome/135.0.0.0 Safari/537.36"
66.249.77.35 - - [09/May/2025:08:17:23 -0400] "GET /?_gl=1*rgknbr*_ga*MzY3MjE1MDcwLjE3MzcwOTUyMjA.*_ga_0VKVKKN4NV*MTczNzEwMjM4NC4yLjEuMTczNzEwMjQ1My42MC4wLjA.&_bd_prev_page=https://soundframestudios.net/detail.php?shopdetail/8878697 HTTP/1.1" 301 1 "-" "Mozilla/5.0 (Linux; Android 6.0.1; Nexus 5X Build/MMB29P) AppleWebKit/537.36 (KHTML, like Gecko) Chrome/136.0.7103.59 Mobile Safari/537.36 (compatible; Googlebot/2.1; +http://www.google.com/bot.html)"
66.249.77.35 - - [09/May/2025:08:17:23 -0400] "GET /?_gl=1%2Argknbr%2A_ga%2AMzY3MjE1MDcwLjE3MzcwOTUyMjA.%2A_ga_0VKVKKN4NV%2AMTczNzEwMjM4NC4yLjEuMTczNzEwMjQ1My42MC4wLjA.&_bd_prev_page=https%3A%2F%2Fsoundframestudios.net%2Fdetail.php%3Fshopdetail%2F8878697 HTTP/1.1" 200 32283 "-" "Mozilla/5.0 (Linux; Android 6.0.1; Nexus 5X Build/MMB29P) AppleWebKit/537.36 (KHTML, like Gecko) Chrome/136.0.7103.59 Mobile Safari/537.36 (compatible; Googlebot/2.1; +http://www.google.com/bot.html)"
66.249.77.35 - - [09/May/2025:08:17:24 -0400] "GET /?_gl=1*rgknbr*_ga*MzY3MjE1MDcwLjE3MzcwOTUyMjA.*_ga_0VKVKKN4NV*MTczNzEwMjM4NC4yLjEuMTczNzEwMjQ1My42MC4wLjA.&_bd_prev_page=https://soundframestudios.net/detail.php?shopdetail/11705553 HTTP/1.1" 301 1 "-" "Mozilla/5.0 (Linux; Android 6.0.1; Nexus 5X Build/MMB29P) AppleWebKit/537.36 (KHTML, like Gecko) Chrome/136.0.7103.59 Mobile Safari/537.36 (compatible; Googlebot/2.1; +http://www.google.com/bot.html)"
66.249.77.36 - - [09/May/2025:08:17:25 -0400] "GET /?_gl=1%2Argknbr%2A_ga%2AMzY3MjE1MDcwLjE3MzcwOTUyMjA.%2A_ga_0VKVKKN4NV%2AMTczNzEwMjM4NC4yLjEuMTczNzEwMjQ1My42MC4wLjA.&_bd_prev_page=https%3A%2F%2Fsoundframestudios.net%2Fdetail.php%3Fshopdetail%2F11705553 HTTP/1.1" 200 32281 "-" "Mozilla/5.0 (Linux; Android 6.0.1; Nexus 5X Build/MMB29P) AppleWebKit/537.36 (KHTML, like Gecko) Chrome/136.0.7103.59 Mobile Safari/537.36 (compatible; Googlebot/2.1; +http://www.google.com/bot.html)"
66.249.77.34 - - [09/May/2025:08:17:46 -0400] "GET /?_gl=1*rgknbr*_ga*MzY3MjE1MDcwLjE3MzcwOTUyMjA.*_ga_0VKVKKN4NV*MTczNzEwMjM4NC4yLjEuMTczNzEwMjQ1My42MC4wLjA.&_bd_prev_page=https://soundframestudios.net/detail.php?shopdetail/24910086 HTTP/1.1" 301 1 "-" "Mozilla/5.0 (Linux; Android 6.0.1; Nexus 5X Build/MMB29P) AppleWebKit/537.36 (KHTML, like Gecko) Chrome/136.0.7103.59 Mobile Safari/537.36 (compatible; Googlebot/2.1; +http://www.google.com/bot.html)"
66.249.77.34 - - [09/May/2025:08:17:47 -0400] "GET /?_gl=1%2Argknbr%2A_ga%2AMzY3MjE1MDcwLjE3MzcwOTUyMjA.%2A_ga_0VKVKKN4NV%2AMTczNzEwMjM4NC4yLjEuMTczNzEwMjQ1My42MC4wLjA.&_bd_prev_page=https%3A%2F%2Fsoundframestudios.net%2Fdetail.php%3Fshopdetail%2F24910086 HTTP/1.1" 200 32283 "-" "Mozilla/5.0 (Linux; Android 6.0.1; Nexus 5X Build/MMB29P) AppleWebKit/537.36 (KHTML, like Gecko) Chrome/136.0.7103.59 Mobile Safari/537.36 (compatible; Googlebot/2.1; +http://www.google.com/bot.html)"
66.249.77.36 - - [09/May/2025:08:18:09 -0400] "GET /?_gl=1*rgknbr*_ga*MzY3MjE1MDcwLjE3MzcwOTUyMjA.*_ga_0VKVKKN4NV*MTczNzEwMjM4NC4yLjEuMTczNzEwMjQ1My42MC4wLjA.&_bd_prev_page=https://soundframestudios.net/detail.php?shopdetail/15389286 HTTP/1.1" 301 1 "-" "Mozilla/5.0 (Linux; Android 6.0.1; Nexus 5X Build/MMB29P) AppleWebKit/537.36 (KHTML, like Gecko) Chrome/136.0.7103.59 Mobile Safari/537.36 (compatible; Googlebot/2.1; +http://www.google.com/bot.html)"
66.249.77.34 - - [09/May/2025:08:18:09 -0400] "GET /?_gl=1%2Argknbr%2A_ga%2AMzY3MjE1MDcwLjE3MzcwOTUyMjA.%2A_ga_0VKVKKN4NV%2AMTczNzEwMjM4NC4yLjEuMTczNzEwMjQ1My42MC4wLjA.&_bd_prev_page=https%3A%2F%2Fsoundframestudios.net%2Fdetail.php%3Fshopdetail%2F15389286 HTTP/1.1" 200 32284 "-" "Mozilla/5.0 (Linux; Android 6.0.1; Nexus 5X Build/MMB29P) AppleWebKit/537.36 (KHTML, like Gecko) Chrome/136.0.7103.59 Mobile Safari/537.36 (compatible; Googlebot/2.1; +http://www.google.com/bot.html)"
66.249.77.36 - - [09/May/2025:08:19:08 -0400] "GET /?_gl=1*rgknbr*_ga*MzY3MjE1MDcwLjE3MzcwOTUyMjA.*_ga_0VKVKKN4NV*MTczNzEwMjM4NC4yLjEuMTczNzEwMjQ1My42MC4wLjA.&_bd_prev_page=https://soundframestudios.net/detail.php?shopdetail/24819564 HTTP/1.1" 301 1 "-" "Mozilla/5.0 (Linux; Android 6.0.1; Nexus 5X Build/MMB29P) AppleWebKit/537.36 (KHTML, like Gecko) Chrome/136.0.7103.59 Mobile Safari/537.36 (compatible; Googlebot/2.1; +http://www.google.com/bot.html)"
66.249.77.35 - - [09/May/2025:08:19:09 -0400] "GET /?_gl=1%2Argknbr%2A_ga%2AMzY3MjE1MDcwLjE3MzcwOTUyMjA.%2A_ga_0VKVKKN4NV%2AMTczNzEwMjM4NC4yLjEuMTczNzEwMjQ1My42MC4wLjA.&_bd_prev_page=https%3A%2F%2Fsoundframestudios.net%2Fdetail.php%3Fshopdetail%2F24819564 HTTP/1.1" 200 32289 "-" "Mozilla/5.0 (Linux; Android 6.0.1; Nexus 5X Build/MMB29P) AppleWebKit/537.36 (KHTML, like Gecko) Chrome/136.0.7103.59 Mobile Safari/537.36 (compatible; Googlebot/2.1; +http://www.google.com/bot.html)"
66.249.77.35 - - [09/May/2025:08:19:23 -0400] "GET /?_gl=1*rgknbr*_ga*MzY3MjE1MDcwLjE3MzcwOTUyMjA.*_ga_0VKVKKN4NV*MTczNzEwMjM4NC4yLjEuMTczNzEwMjQ1My42MC4wLjA.&_bd_prev_page=https://soundframestudios.net/detail.php?shopdetail/1257786 HTTP/1.1" 301 1 "-" "Mozilla/5.0 (Linux; Android 6.0.1; Nexus 5X Build/MMB29P) AppleWebKit/537.36 (KHTML, like Gecko) Chrome/136.0.7103.59 Mobile Safari/537.36 (compatible; Googlebot/2.1; +http://www.google.com/bot.html)"
66.249.77.35 - - [09/May/2025:08:19:24 -0400] "GET /?_gl=1%2Argknbr%2A_ga%2AMzY3MjE1MDcwLjE3MzcwOTUyMjA.%2A_ga_0VKVKKN4NV%2AMTczNzEwMjM4NC4yLjEuMTczNzEwMjQ1My42MC4wLjA.&_bd_prev_page=https%3A%2F%2Fsoundframestudios.net%2Fdetail.php%3Fshopdetail%2F1257786 HTTP/1.1" 200 32283 "-" "Mozilla/5.0 (Linux; Android 6.0.1; Nexus 5X Build/MMB29P) AppleWebKit/537.36 (KHTML, like Gecko) Chrome/136.0.7103.59 Mobile Safari/537.36 (compatible; Googlebot/2.1; +http://www.google.com/bot.html)"
66.249.77.34 - - [09/May/2025:08:20:08 -0400] "GET /?_gl=1*rgknbr*_ga*MzY3MjE1MDcwLjE3MzcwOTUyMjA.*_ga_0VKVKKN4NV*MTczNzEwMjM4NC4yLjEuMTczNzEwMjQ1My42MC4wLjA.&_bd_prev_page=https://soundframestudios.net/detail.php?shopdetail/29771753 HTTP/1.1" 301 1 "-" "Mozilla/5.0 (Linux; Android 6.0.1; Nexus 5X Build/MMB29P) AppleWebKit/537.36 (KHTML, like Gecko) Chrome/136.0.7103.59 Mobile Safari/537.36 (compatible; Googlebot/2.1; +http://www.google.com/bot.html)"
66.249.77.34 - - [09/May/2025:08:20:08 -0400] "GET /?_gl=1%2Argknbr%2A_ga%2AMzY3MjE1MDcwLjE3MzcwOTUyMjA.%2A_ga_0VKVKKN4NV%2AMTczNzEwMjM4NC4yLjEuMTczNzEwMjQ1My42MC4wLjA.&_bd_prev_page=https%3A%2F%2Fsoundframestudios.net%2Fdetail.php%3Fshopdetail%2F29771753 HTTP/1.1" 200 32283 "-" "Mozilla/5.0 (Linux; Android 6.0.1; Nexus 5X Build/MMB29P) AppleWebKit/537.36 (KHTML, like Gecko) Chrome/136.0.7103.59 Mobile Safari/537.36 (compatible; Googlebot/2.1; +http://www.google.com/bot.html)"
66.249.77.34 - - [09/May/2025:08:20:34 -0400] "GET /?_gl=1*rgknbr*_ga*MzY3MjE1MDcwLjE3MzcwOTUyMjA.*_ga_0VKVKKN4NV*MTczNzEwMjM4NC4yLjEuMTczNzEwMjQ1My42MC4wLjA.&_bd_prev_page=https://soundframestudios.net/detail.php?shopdetail/18042764 HTTP/1.1" 301 1 "-" "Mozilla/5.0 (Linux; Android 6.0.1; Nexus 5X Build/MMB29P) AppleWebKit/537.36 (KHTML, like Gecko) Chrome/136.0.7103.59 Mobile Safari/537.36 (compatible; Googlebot/2.1; +http://www.google.com/bot.html)"
66.249.77.35 - - [09/May/2025:08:20:35 -0400] "GET /?_gl=1%2Argknbr%2A_ga%2AMzY3MjE1MDcwLjE3MzcwOTUyMjA.%2A_ga_0VKVKKN4NV%2AMTczNzEwMjM4NC4yLjEuMTczNzEwMjQ1My42MC4wLjA.&_bd_prev_page=https%3A%2F%2Fsoundframestudios.net%2Fdetail.php%3Fshopdetail%2F18042764 HTTP/1.1" 200 32284 "-" "Mozilla/5.0 (Linux; Android 6.0.1; Nexus 5X Build/MMB29P) AppleWebKit/537.36 (KHTML, like Gecko) Chrome/136.0.7103.59 Mobile Safari/537.36 (compatible; Googlebot/2.1; +http://www.google.com/bot.html)"
185.79.157.23 - - [09/May/2025:08:20:44 -0400] "POST /wp-login.php HTTP/2.0" 200 1749 "https://soundframestudios.net" "Mozilla/5.0 (Windows NT 11.0; Win64; x64) AppleWebKit/537.36 (KHTML, like Gecko) Chrome/126.0.0.0 Safari/537.36"
66.249.77.34 - - [09/May/2025:08:20:51 -0400] "GET /pcmypage?callback=product%2Fdetail%2F15115840 HTTP/1.1" 404 20926 "-" "Mozilla/5.0 (compatible; Googlebot/2.1; +http://www.google.com/bot.html)"
194.209.195.108 - - [09/May/2025:08:21:10 -0400] "POST /xmlrpc.php HTTP/1.1" 200 403 "-" "Mozilla/5.0 (Windows NT 10.0; Win64; x64; rv:43.0) Gecko/20100101 Firefox/43.0"
66.249.77.36 - - [09/May/2025:08:21:25 -0400] "GET /?_gl=1*rgknbr*_ga*MzY3MjE1MDcwLjE3MzcwOTUyMjA.*_ga_0VKVKKN4NV*MTczNzEwMjM4NC4yLjEuMTczNzEwMjQ1My42MC4wLjA.&_bd_prev_page=https://soundframestudios.net/detail.php?shopdetail/25017719 HTTP/1.1" 301 1 "-" "Mozilla/5.0 (Linux; Android 6.0.1; Nexus 5X Build/MMB29P) AppleWebKit/537.36 (KHTML, like Gecko) Chrome/136.0.7103.59 Mobile Safari/537.36 (compatible; Googlebot/2.1; +http://www.google.com/bot.html)"
66.249.77.35 - - [09/May/2025:08:21:25 -0400] "GET /?_gl=1%2Argknbr%2A_ga%2AMzY3MjE1MDcwLjE3MzcwOTUyMjA.%2A_ga_0VKVKKN4NV%2AMTczNzEwMjM4NC4yLjEuMTczNzEwMjQ1My42MC4wLjA.&_bd_prev_page=https%3A%2F%2Fsoundframestudios.net%2Fdetail.php%3Fshopdetail%2F25017719 HTTP/1.1" 200 32285 "-" "Mozilla/5.0 (Linux; Android 6.0.1; Nexus 5X Build/MMB29P) AppleWebKit/537.36 (KHTML, like Gecko) Chrome/136.0.7103.59 Mobile Safari/537.36 (compatible; Googlebot/2.1; +http://www.google.com/bot.html)"
45.13.235.173 - - [09/May/2025:08:21:47 -0400] "POST /wp-admin/admin-ajax.php HTTP/2.0" 400 5 "https://soundframestudios.net/wp-admin/post.php?post=512&action=mfn-live-builder" "Mozilla/5.0 (Macintosh; Intel Mac OS X 10_15_7) AppleWebKit/537.36 (KHTML, like Gecko) Chrome/135.0.0.0 Safari/537.36"
66.249.77.34 - - [09/May/2025:08:22:26 -0400] "GET /?_gl=1*rgknbr*_ga*MzY3MjE1MDcwLjE3MzcwOTUyMjA.*_ga_0VKVKKN4NV*MTczNzEwMjM4NC4yLjEuMTczNzEwMjQ1My42MC4wLjA.&_bd_prev_page=https://soundframestudios.net/detail.php?shopdetail/20862075 HTTP/1.1" 301 1 "-" "Mozilla/5.0 (Linux; Android 6.0.1; Nexus 5X Build/MMB29P) AppleWebKit/537.36 (KHTML, like Gecko) Chrome/136.0.7103.59 Mobile Safari/537.36 (compatible; Googlebot/2.1; +http://www.google.com/bot.html)"
66.249.77.36 - - [09/May/2025:08:22:27 -0400] "GET /?_gl=1%2Argknbr%2A_ga%2AMzY3MjE1MDcwLjE3MzcwOTUyMjA.%2A_ga_0VKVKKN4NV%2AMTczNzEwMjM4NC4yLjEuMTczNzEwMjQ1My42MC4wLjA.&_bd_prev_page=https%3A%2F%2Fsoundframestudios.net%2Fdetail.php%3Fshopdetail%2F20862075 HTTP/1.1" 200 32284 "-" "Mozilla/5.0 (Linux; Android 6.0.1; Nexus 5X Build/MMB29P) AppleWebKit/537.36 (KHTML, like Gecko) Chrome/136.0.7103.59 Mobile Safari/537.36 (compatible; Googlebot/2.1; +http://www.google.com/bot.html)"
66.249.73.96 - - [09/May/2025:08:26:04 -0400] "GET /?_gl=1*rgknbr*_ga*MzY3MjE1MDcwLjE3MzcwOTUyMjA.*_ga_0VKVKKN4NV*MTczNzEwMjM4NC4yLjEuMTczNzEwMjQ1My42MC4wLjA.&_bd_prev_page=https://soundframestudios.net/detail.php?shopdetail/16359320 HTTP/1.1" 301 1 "-" "Mozilla/5.0 (Linux; Android 6.0.1; Nexus 5X Build/MMB29P) AppleWebKit/537.36 (KHTML, like Gecko) Chrome/136.0.7103.59 Mobile Safari/537.36 (compatible; Googlebot/2.1; +http://www.google.com/bot.html)"
66.249.73.103 - - [09/May/2025:08:26:04 -0400] "GET /?_gl=1%2Argknbr%2A_ga%2AMzY3MjE1MDcwLjE3MzcwOTUyMjA.%2A_ga_0VKVKKN4NV%2AMTczNzEwMjM4NC4yLjEuMTczNzEwMjQ1My42MC4wLjA.&_bd_prev_page=https%3A%2F%2Fsoundframestudios.net%2Fdetail.php%3Fshopdetail%2F16359320 HTTP/1.1" 200 32283 "-" "Mozilla/5.0 (Linux; Android 6.0.1; Nexus 5X Build/MMB29P) AppleWebKit/537.36 (KHTML, like Gecko) Chrome/136.0.7103.59 Mobile Safari/537.36 (compatible; Googlebot/2.1; +http://www.google.com/bot.html)"
45.13.235.173 - - [09/May/2025:08:26:47 -0400] "POST /wp-admin/admin-ajax.php HTTP/2.0" 400 5 "https://soundframestudios.net/wp-admin/post.php?post=512&action=mfn-live-builder" "Mozilla/5.0 (Macintosh; Intel Mac OS X 10_15_7) AppleWebKit/537.36 (KHTML, like Gecko) Chrome/135.0.0.0 Safari/537.36"
66.249.73.103 - - [09/May/2025:08:27:01 -0400] "GET /?_gl=1*rgknbr*_ga*MzY3MjE1MDcwLjE3MzcwOTUyMjA.*_ga_0VKVKKN4NV*MTczNzEwMjM4NC4yLjEuMTczNzEwMjQ1My42MC4wLjA.&_bd_prev_page=https://soundframestudios.net/detail.php?shopdetail/24819564 HTTP/1.1" 301 1 "-" "Mozilla/5.0 (Linux; Android 6.0.1; Nexus 5X Build/MMB29P) AppleWebKit/537.36 (KHTML, like Gecko) Chrome/136.0.7103.59 Mobile Safari/537.36 (compatible; Googlebot/2.1; +http://www.google.com/bot.html)"
66.249.73.102 - - [09/May/2025:08:27:02 -0400] "GET /?_gl=1%2Argknbr%2A_ga%2AMzY3MjE1MDcwLjE3MzcwOTUyMjA.%2A_ga_0VKVKKN4NV%2AMTczNzEwMjM4NC4yLjEuMTczNzEwMjQ1My42MC4wLjA.&_bd_prev_page=https%3A%2F%2Fsoundframestudios.net%2Fdetail.php%3Fshopdetail%2F24819564 HTTP/1.1" 200 32291 "-" "Mozilla/5.0 (Linux; Android 6.0.1; Nexus 5X Build/MMB29P) AppleWebKit/537.36 (KHTML, like Gecko) Chrome/136.0.7103.59 Mobile Safari/537.36 (compatible; Googlebot/2.1; +http://www.google.com/bot.html)"
57.141.4.18 - - [09/May/2025:08:27:33 -0400] "GET /sitemap707.xml HTTP/2.0" 404 104299 "-" "meta-externalagent/1.1 (+https://developers.facebook.com/docs/sharing/webmasters/crawler)"
66.249.73.96 - - [09/May/2025:08:28:22 -0400] "GET /?_gl=1*rgknbr*_ga*MzY3MjE1MDcwLjE3MzcwOTUyMjA.*_ga_0VKVKKN4NV*MTczNzEwMjM4NC4yLjEuMTczNzEwMjQ1My42MC4wLjA.&_bd_prev_page=https://soundframestudios.net/detail.php?shopdetail/8265664 HTTP/1.1" 301 1 "-" "Mozilla/5.0 (Linux; Android 6.0.1; Nexus 5X Build/MMB29P) AppleWebKit/537.36 (KHTML, like Gecko) Chrome/136.0.7103.59 Mobile Safari/537.36 (compatible; Googlebot/2.1; +http://www.google.com/bot.html)"
66.249.73.103 - - [09/May/2025:08:28:23 -0400] "GET /?_gl=1%2Argknbr%2A_ga%2AMzY3MjE1MDcwLjE3MzcwOTUyMjA.%2A_ga_0VKVKKN4NV%2AMTczNzEwMjM4NC4yLjEuMTczNzEwMjQ1My42MC4wLjA.&_bd_prev_page=https%3A%2F%2Fsoundframestudios.net%2Fdetail.php%3Fshopdetail%2F8265664 HTTP/1.1" 200 32283 "-" "Mozilla/5.0 (Linux; Android 6.0.1; Nexus 5X Build/MMB29P) AppleWebKit/537.36 (KHTML, like Gecko) Chrome/136.0.7103.59 Mobile Safari/537.36 (compatible; Googlebot/2.1; +http://www.google.com/bot.html)"
66.249.77.34 - - [09/May/2025:08:29:25 -0400] "GET /safe_search/config?return_url=%2Fproduct%2Fdetail%2F47634593 HTTP/1.1" 404 20937 "-" "Mozilla/5.0 (Linux; Android 6.0.1; Nexus 5X Build/MMB29P) AppleWebKit/537.36 (KHTML, like Gecko) Chrome/136.0.7103.59 Mobile Safari/537.36 (compatible; Googlebot/2.1; +http://www.google.com/bot.html)"
66.249.73.103 - - [09/May/2025:08:29:35 -0400] "GET /?_gl=1*rgknbr*_ga*MzY3MjE1MDcwLjE3MzcwOTUyMjA.*_ga_0VKVKKN4NV*MTczNzEwMjM4NC4yLjEuMTczNzEwMjQ1My42MC4wLjA.&_bd_prev_page=https://soundframestudios.net/detail.php?shopdetail/15389286 HTTP/1.1" 301 1 "-" "Mozilla/5.0 (Linux; Android 6.0.1; Nexus 5X Build/MMB29P) AppleWebKit/537.36 (KHTML, like Gecko) Chrome/136.0.7103.59 Mobile Safari/537.36 (compatible; Googlebot/2.1; +http://www.google.com/bot.html)"
66.249.73.103 - - [09/May/2025:08:29:36 -0400] "GET /?_gl=1%2Argknbr%2A_ga%2AMzY3MjE1MDcwLjE3MzcwOTUyMjA.%2A_ga_0VKVKKN4NV%2AMTczNzEwMjM4NC4yLjEuMTczNzEwMjQ1My42MC4wLjA.&_bd_prev_page=https%3A%2F%2Fsoundframestudios.net%2Fdetail.php%3Fshopdetail%2F15389286 HTTP/1.1" 200 32284 "-" "Mozilla/5.0 (Linux; Android 6.0.1; Nexus 5X Build/MMB29P) AppleWebKit/537.36 (KHTML, like Gecko) Chrome/136.0.7103.59 Mobile Safari/537.36 (compatible; Googlebot/2.1; +http://www.google.com/bot.html)"
66.249.73.103 - - [09/May/2025:08:30:50 -0400] "GET /?_gl=1*rgknbr*_ga*MzY3MjE1MDcwLjE3MzcwOTUyMjA.*_ga_0VKVKKN4NV*MTczNzEwMjM4NC4yLjEuMTczNzEwMjQ1My42MC4wLjA.&_bd_prev_page=https://soundframestudios.net/detail.php?shopdetail/15476486 HTTP/1.1" 301 1 "-" "Mozilla/5.0 (Linux; Android 6.0.1; Nexus 5X Build/MMB29P) AppleWebKit/537.36 (KHTML, like Gecko) Chrome/136.0.7103.59 Mobile Safari/537.36 (compatible; Googlebot/2.1; +http://www.google.com/bot.html)"
66.249.73.102 - - [09/May/2025:08:30:51 -0400] "GET /?_gl=1%2Argknbr%2A_ga%2AMzY3MjE1MDcwLjE3MzcwOTUyMjA.%2A_ga_0VKVKKN4NV%2AMTczNzEwMjM4NC4yLjEuMTczNzEwMjQ1My42MC4wLjA.&_bd_prev_page=https%3A%2F%2Fsoundframestudios.net%2Fdetail.php%3Fshopdetail%2F15476486 HTTP/1.1" 200 32284 "-" "Mozilla/5.0 (Linux; Android 6.0.1; Nexus 5X Build/MMB29P) AppleWebKit/537.36 (KHTML, like Gecko) Chrome/136.0.7103.59 Mobile Safari/537.36 (compatible; Googlebot/2.1; +http://www.google.com/bot.html)"
66.249.73.102 - - [09/May/2025:08:31:39 -0400] "GET /?_gl=1*rgknbr*_ga*MzY3MjE1MDcwLjE3MzcwOTUyMjA.*_ga_0VKVKKN4NV*MTczNzEwMjM4NC4yLjEuMTczNzEwMjQ1My42MC4wLjA.&_bd_prev_page=https://soundframestudios.net/detail.php?shopdetail/20862075 HTTP/1.1" 301 1 "-" "Mozilla/5.0 (Linux; Android 6.0.1; Nexus 5X Build/MMB29P) AppleWebKit/537.36 (KHTML, like Gecko) Chrome/136.0.7103.59 Mobile Safari/537.36 (compatible; Googlebot/2.1; +http://www.google.com/bot.html)"
66.249.73.103 - - [09/May/2025:08:31:39 -0400] "GET /?_gl=1%2Argknbr%2A_ga%2AMzY3MjE1MDcwLjE3MzcwOTUyMjA.%2A_ga_0VKVKKN4NV%2AMTczNzEwMjM4NC4yLjEuMTczNzEwMjQ1My42MC4wLjA.&_bd_prev_page=https%3A%2F%2Fsoundframestudios.net%2Fdetail.php%3Fshopdetail%2F20862075 HTTP/1.1" 200 32283 "-" "Mozilla/5.0 (Linux; Android 6.0.1; Nexus 5X Build/MMB29P) AppleWebKit/537.36 (KHTML, like Gecko) Chrome/136.0.7103.59 Mobile Safari/537.36 (compatible; Googlebot/2.1; +http://www.google.com/bot.html)"
45.13.235.173 - - [09/May/2025:08:31:47 -0400] "POST /wp-admin/admin-ajax.php HTTP/2.0" 400 5 "https://soundframestudios.net/wp-admin/post.php?post=512&action=mfn-live-builder" "Mozilla/5.0 (Macintosh; Intel Mac OS X 10_15_7) AppleWebKit/537.36 (KHTML, like Gecko) Chrome/135.0.0.0 Safari/537.36"
63.250.38.202 - - [09/May/2025:08:32:02 -0400] "POST /wp-login.php HTTP/2.0" 200 6604 "https://soundframestudios.net" "Mozilla/5.0 (Windows NT 11.0; Win64; x64; rv:126.0) Gecko/20100101 Firefox/126.0"
66.249.73.96 - - [09/May/2025:08:32:43 -0400] "GET /?_gl=1*rgknbr*_ga*MzY3MjE1MDcwLjE3MzcwOTUyMjA.*_ga_0VKVKKN4NV*MTczNzEwMjM4NC4yLjEuMTczNzEwMjQ1My42MC4wLjA.&_bd_prev_page=https://soundframestudios.net/detail.php?shopdetail/18042764 HTTP/1.1" 301 1 "-" "Mozilla/5.0 (Linux; Android 6.0.1; Nexus 5X Build/MMB29P) AppleWebKit/537.36 (KHTML, like Gecko) Chrome/136.0.7103.59 Mobile Safari/537.36 (compatible; Googlebot/2.1; +http://www.google.com/bot.html)"
66.249.73.103 - - [09/May/2025:08:32:44 -0400] "GET /?_gl=1%2Argknbr%2A_ga%2AMzY3MjE1MDcwLjE3MzcwOTUyMjA.%2A_ga_0VKVKKN4NV%2AMTczNzEwMjM4NC4yLjEuMTczNzEwMjQ1My42MC4wLjA.&_bd_prev_page=https%3A%2F%2Fsoundframestudios.net%2Fdetail.php%3Fshopdetail%2F18042764 HTTP/1.1" 200 32284 "-" "Mozilla/5.0 (Linux; Android 6.0.1; Nexus 5X Build/MMB29P) AppleWebKit/537.36 (KHTML, like Gecko) Chrome/136.0.7103.59 Mobile Safari/537.36 (compatible; Googlebot/2.1; +http://www.google.com/bot.html)"
66.249.73.103 - - [09/May/2025:08:33:36 -0400] "GET /?_gl=1*rgknbr*_ga*MzY3MjE1MDcwLjE3MzcwOTUyMjA.*_ga_0VKVKKN4NV*MTczNzEwMjM4NC4yLjEuMTczNzEwMjQ1My42MC4wLjA.&_bd_prev_page=https://soundframestudios.net/detail.php?shopdetail/25017719 HTTP/1.1" 301 1 "-" "Mozilla/5.0 (Linux; Android 6.0.1; Nexus 5X Build/MMB29P) AppleWebKit/537.36 (KHTML, like Gecko) Chrome/136.0.7103.59 Mobile Safari/537.36 (compatible; Googlebot/2.1; +http://www.google.com/bot.html)"
66.249.73.103 - - [09/May/2025:08:33:37 -0400] "GET /?_gl=1%2Argknbr%2A_ga%2AMzY3MjE1MDcwLjE3MzcwOTUyMjA.%2A_ga_0VKVKKN4NV%2AMTczNzEwMjM4NC4yLjEuMTczNzEwMjQ1My42MC4wLjA.&_bd_prev_page=https%3A%2F%2Fsoundframestudios.net%2Fdetail.php%3Fshopdetail%2F25017719 HTTP/1.1" 200 32283 "-" "Mozilla/5.0 (Linux; Android 6.0.1; Nexus 5X Build/MMB29P) AppleWebKit/537.36 (KHTML, like Gecko) Chrome/136.0.7103.59 Mobile Safari/537.36 (compatible; Googlebot/2.1; +http://www.google.com/bot.html)"
66.249.73.103 - - [09/May/2025:08:35:22 -0400] "GET /pcmypage?callback=product%2Fdetail%2F67176777 HTTP/1.1" 404 20926 "-" "Mozilla/5.0 (compatible; Googlebot/2.1; +http://www.google.com/bot.html)"
66.249.73.102 - - [09/May/2025:08:35:54 -0400] "GET /?_gl=1*rgknbr*_ga*MzY3MjE1MDcwLjE3MzcwOTUyMjA.*_ga_0VKVKKN4NV*MTczNzEwMjM4NC4yLjEuMTczNzEwMjQ1My42MC4wLjA.&_bd_prev_page=https://soundframestudios.net/detail.php?shopdetail/16109186 HTTP/1.1" 301 1 "-" "Mozilla/5.0 (Linux; Android 6.0.1; Nexus 5X Build/MMB29P) AppleWebKit/537.36 (KHTML, like Gecko) Chrome/136.0.7103.59 Mobile Safari/537.36 (compatible; Googlebot/2.1; +http://www.google.com/bot.html)"
66.249.73.102 - - [09/May/2025:08:35:55 -0400] "GET /?_gl=1%2Argknbr%2A_ga%2AMzY3MjE1MDcwLjE3MzcwOTUyMjA.%2A_ga_0VKVKKN4NV%2AMTczNzEwMjM4NC4yLjEuMTczNzEwMjQ1My42MC4wLjA.&_bd_prev_page=https%3A%2F%2Fsoundframestudios.net%2Fdetail.php%3Fshopdetail%2F16109186 HTTP/1.1" 200 32283 "-" "Mozilla/5.0 (Linux; Android 6.0.1; Nexus 5X Build/MMB29P) AppleWebKit/537.36 (KHTML, like Gecko) Chrome/136.0.7103.59 Mobile Safari/537.36 (compatible; Googlebot/2.1; +http://www.google.com/bot.html)"
45.13.235.173 - - [09/May/2025:08:36:47 -0400] "POST /wp-admin/admin-ajax.php HTTP/2.0" 400 5 "https://soundframestudios.net/wp-admin/post.php?post=512&action=mfn-live-builder" "Mozilla/5.0 (Macintosh; Intel Mac OS X 10_15_7) AppleWebKit/537.36 (KHTML, like Gecko) Chrome/135.0.0.0 Safari/537.36"
66.249.73.96 - - [09/May/2025:08:36:56 -0400] "GET /?_gl=1*rgknbr*_ga*MzY3MjE1MDcwLjE3MzcwOTUyMjA.*_ga_0VKVKKN4NV*MTczNzEwMjM4NC4yLjEuMTczNzEwMjQ1My42MC4wLjA.&_bd_prev_page=https://soundframestudios.net/detail.php?shopdetail/5822620 HTTP/1.1" 301 1 "-" "Mozilla/5.0 (Linux; Android 6.0.1; Nexus 5X Build/MMB29P) AppleWebKit/537.36 (KHTML, like Gecko) Chrome/136.0.7103.59 Mobile Safari/537.36 (compatible; Googlebot/2.1; +http://www.google.com/bot.html)"
66.249.73.103 - - [09/May/2025:08:36:56 -0400] "GET /?_gl=1%2Argknbr%2A_ga%2AMzY3MjE1MDcwLjE3MzcwOTUyMjA.%2A_ga_0VKVKKN4NV%2AMTczNzEwMjM4NC4yLjEuMTczNzEwMjQ1My42MC4wLjA.&_bd_prev_page=https%3A%2F%2Fsoundframestudios.net%2Fdetail.php%3Fshopdetail%2F5822620 HTTP/1.1" 200 32282 "-" "Mozilla/5.0 (Linux; Android 6.0.1; Nexus 5X Build/MMB29P) AppleWebKit/537.36 (KHTML, like Gecko) Chrome/136.0.7103.59 Mobile Safari/537.36 (compatible; Googlebot/2.1; +http://www.google.com/bot.html)"
66.249.73.103 - - [09/May/2025:08:38:47 -0400] "GET /?_gl=1*rgknbr*_ga*MzY3MjE1MDcwLjE3MzcwOTUyMjA.*_ga_0VKVKKN4NV*MTczNzEwMjM4NC4yLjEuMTczNzEwMjQ1My42MC4wLjA.&_bd_prev_page=https://soundframestudios.net/detail.php?shopdetail/16556197 HTTP/1.1" 301 1 "-" "Mozilla/5.0 (Linux; Android 6.0.1; Nexus 5X Build/MMB29P) AppleWebKit/537.36 (KHTML, like Gecko) Chrome/136.0.7103.59 Mobile Safari/537.36 (compatible; Googlebot/2.1; +http://www.google.com/bot.html)"
66.249.73.102 - - [09/May/2025:08:38:48 -0400] "GET /?_gl=1%2Argknbr%2A_ga%2AMzY3MjE1MDcwLjE3MzcwOTUyMjA.%2A_ga_0VKVKKN4NV%2AMTczNzEwMjM4NC4yLjEuMTczNzEwMjQ1My42MC4wLjA.&_bd_prev_page=https%3A%2F%2Fsoundframestudios.net%2Fdetail.php%3Fshopdetail%2F16556197 HTTP/1.1" 200 32283 "-" "Mozilla/5.0 (Linux; Android 6.0.1; Nexus 5X Build/MMB29P) AppleWebKit/537.36 (KHTML, like Gecko) Chrome/136.0.7103.59 Mobile Safari/537.36 (compatible; Googlebot/2.1; +http://www.google.com/bot.html)"
66.249.73.103 - - [09/May/2025:08:39:51 -0400] "GET /?_gl=1*rgknbr*_ga*MzY3MjE1MDcwLjE3MzcwOTUyMjA.*_ga_0VKVKKN4NV*MTczNzEwMjM4NC4yLjEuMTczNzEwMjQ1My42MC4wLjA.&_bd_prev_page=https://soundframestudios.net/detail.php?shopdetail/25365864 HTTP/1.1" 301 1 "-" "Mozilla/5.0 (Linux; Android 6.0.1; Nexus 5X Build/MMB29P) AppleWebKit/537.36 (KHTML, like Gecko) Chrome/136.0.7103.59 Mobile Safari/537.36 (compatible; Googlebot/2.1; +http://www.google.com/bot.html)"
66.249.73.96 - - [09/May/2025:08:39:52 -0400] "GET /?_gl=1%2Argknbr%2A_ga%2AMzY3MjE1MDcwLjE3MzcwOTUyMjA.%2A_ga_0VKVKKN4NV%2AMTczNzEwMjM4NC4yLjEuMTczNzEwMjQ1My42MC4wLjA.&_bd_prev_page=https%3A%2F%2Fsoundframestudios.net%2Fdetail.php%3Fshopdetail%2F25365864 HTTP/1.1" 200 32283 "-" "Mozilla/5.0 (Linux; Android 6.0.1; Nexus 5X Build/MMB29P) AppleWebKit/537.36 (KHTML, like Gecko) Chrome/136.0.7103.59 Mobile Safari/537.36 (compatible; Googlebot/2.1; +http://www.google.com/bot.html)"
66.249.73.103 - - [09/May/2025:08:39:57 -0400] "GET /wp-content/plugins/wp-carousel-pro/src/Frontend/js/jquery-bxslider.min.js?ver=4.1.2 HTTP/1.1" 200 6866 "https://soundframestudios.net/?_gl=1%2Argknbr%2A_ga%2AMzY3MjE1MDcwLjE3MzcwOTUyMjA.%2A_ga_0VKVKKN4NV%2AMTczNzEwMjM4NC4yLjEuMTczNzEwMjQ1My42MC4wLjA.&_bd_prev_page=https%3A%2F%2Fsoundframestudios.net%2Fdetail.php%3Fshopdetail%2F25365864" "Mozilla/5.0 (Linux; Android 6.0.1; Nexus 5X Build/MMB29P) AppleWebKit/537.36 (KHTML, like Gecko) Chrome/135.0.7049.114 Mobile Safari/537.36 (compatible; Googlebot/2.1; +http://www.google.com/bot.html)"
57.141.4.27 - - [09/May/2025:08:40:01 -0400] "GET /sitemap312.xml HTTP/2.0" 404 104299 "-" "meta-externalagent/1.1 (+https://developers.facebook.com/docs/sharing/webmasters/crawler)"
66.249.73.103 - - [09/May/2025:08:40:09 -0400] "GET /shopdetail/17594608 HTTP/1.1" 404 20911 "-" "Mozilla/5.0 (compatible; Googlebot/2.1; +http://www.google.com/bot.html)"
66.249.73.102 - - [09/May/2025:08:41:07 -0400] "GET /?_gl=1*rgknbr*_ga*MzY3MjE1MDcwLjE3MzcwOTUyMjA.*_ga_0VKVKKN4NV*MTczNzEwMjM4NC4yLjEuMTczNzEwMjQ1My42MC4wLjA.&_bd_prev_page=https://soundframestudios.net/detail.php?product/edit/96935135 HTTP/1.1" 301 1 "-" "Mozilla/5.0 (Linux; Android 6.0.1; Nexus 5X Build/MMB29P) AppleWebKit/537.36 (KHTML, like Gecko) Chrome/136.0.7103.59 Mobile Safari/537.36 (compatible; Googlebot/2.1; +http://www.google.com/bot.html)"
66.249.73.103 - - [09/May/2025:08:41:08 -0400] "GET /?_gl=1%2Argknbr%2A_ga%2AMzY3MjE1MDcwLjE3MzcwOTUyMjA.%2A_ga_0VKVKKN4NV%2AMTczNzEwMjM4NC4yLjEuMTczNzEwMjQ1My42MC4wLjA.&_bd_prev_page=https%3A%2F%2Fsoundframestudios.net%2Fdetail.php%3Fproduct%2Fedit%2F96935135 HTTP/1.1" 200 32287 "-" "Mozilla/5.0 (Linux; Android 6.0.1; Nexus 5X Build/MMB29P) AppleWebKit/537.36 (KHTML, like Gecko) Chrome/136.0.7103.59 Mobile Safari/537.36 (compatible; Googlebot/2.1; +http://www.google.com/bot.html)"
148.251.75.145 - - [09/May/2025:08:41:41 -0400] "POST /xmlrpc.php HTTP/1.1" 200 403 "-" "Mozilla/5.0 (Windows NT 10.0; Win64; x64; rv:93.0) Gecko/20100101 Firefox/93.0"
45.13.235.173 - - [09/May/2025:08:41:47 -0400] "POST /wp-admin/admin-ajax.php HTTP/2.0" 400 5 "https://soundframestudios.net/wp-admin/post.php?post=512&action=mfn-live-builder" "Mozilla/5.0 (Macintosh; Intel Mac OS X 10_15_7) AppleWebKit/537.36 (KHTML, like Gecko) Chrome/135.0.0.0 Safari/537.36"
66.249.73.103 - - [09/May/2025:08:42:47 -0400] "GET /?_gl=1*rgknbr*_ga*MzY3MjE1MDcwLjE3MzcwOTUyMjA.*_ga_0VKVKKN4NV*MTczNzEwMjM4NC4yLjEuMTczNzEwMjQ1My42MC4wLjA.&_bd_prev_page=https://soundframestudios.net/detail.php?shopdetail/11299697 HTTP/1.1" 301 1 "-" "Mozilla/5.0 (Linux; Android 6.0.1; Nexus 5X Build/MMB29P) AppleWebKit/537.36 (KHTML, like Gecko) Chrome/136.0.7103.59 Mobile Safari/537.36 (compatible; Googlebot/2.1; +http://www.google.com/bot.html)"
66.249.73.102 - - [09/May/2025:08:42:48 -0400] "GET /?_gl=1%2Argknbr%2A_ga%2AMzY3MjE1MDcwLjE3MzcwOTUyMjA.%2A_ga_0VKVKKN4NV%2AMTczNzEwMjM4NC4yLjEuMTczNzEwMjQ1My42MC4wLjA.&_bd_prev_page=https%3A%2F%2Fsoundframestudios.net%2Fdetail.php%3Fshopdetail%2F11299697 HTTP/1.1" 200 32282 "-" "Mozilla/5.0 (Linux; Android 6.0.1; Nexus 5X Build/MMB29P) AppleWebKit/537.36 (KHTML, like Gecko) Chrome/136.0.7103.59 Mobile Safari/537.36 (compatible; Googlebot/2.1; +http://www.google.com/bot.html)"
66.249.73.102 - - [09/May/2025:08:42:49 -0400] "GET /?_gl=1*rgknbr*_ga*MzY3MjE1MDcwLjE3MzcwOTUyMjA.*_ga_0VKVKKN4NV*MTczNzEwMjM4NC4yLjEuMTczNzEwMjQ1My42MC4wLjA.&_bd_prev_page=https://soundframestudios.net/detail.php?shopdetail/19058808 HTTP/1.1" 301 1 "-" "Mozilla/5.0 (Linux; Android 6.0.1; Nexus 5X Build/MMB29P) AppleWebKit/537.36 (KHTML, like Gecko) Chrome/136.0.7103.59 Mobile Safari/537.36 (compatible; Googlebot/2.1; +http://www.google.com/bot.html)"
