66.249.73.103 - - [09/May/2025:16:23:13 -0400] "GET /?_gl=1%2Argknbr%2A_ga%2AMzY3MjE1MDcwLjE3MzcwOTUyMjA.%2A_ga_0VKVKKN4NV%2AMTczNzEwMjM4NC4yLjEuMTczNzEwMjQ1My42MC4wLjA.&_bd_prev_page=https%3A%2F%2Fsoundframestudios.net%2Fdetail.php%3Fshopdetail%2F8673797 HTTP/1.1" 200 32281 "-" "Mozilla/5.0 (Linux; Android 6.0.1; Nexus 5X Build/MMB29P) AppleWebKit/537.36 (KHTML, like Gecko) Chrome/136.0.7103.59 Mobile Safari/537.36 (compatible; Googlebot/2.1; +http://www.google.com/bot.html)"
66.249.73.102 - - [09/May/2025:16:23:24 -0400] "GET /?_gl=1*rgknbr*_ga*MzY3MjE1MDcwLjE3MzcwOTUyMjA.*_ga_0VKVKKN4NV*MTczNzEwMjM4NC4yLjEuMTczNzEwMjQ1My42MC4wLjA.&_bd_prev_page=https://soundframestudios.net/detail.php?shopdetail/29806919 HTTP/1.1" 301 1 "-" "Mozilla/5.0 (Linux; Android 6.0.1; Nexus 5X Build/MMB29P) AppleWebKit/537.36 (KHTML, like Gecko) Chrome/136.0.7103.59 Mobile Safari/537.36 (compatible; Googlebot/2.1; +http://www.google.com/bot.html)"
66.249.73.102 - - [09/May/2025:16:23:26 -0400] "GET /?_gl=1%2Argknbr%2A_ga%2AMzY3MjE1MDcwLjE3MzcwOTUyMjA.%2A_ga_0VKVKKN4NV%2AMTczNzEwMjM4NC4yLjEuMTczNzEwMjQ1My42MC4wLjA.&_bd_prev_page=https%3A%2F%2Fsoundframestudios.net%2Fdetail.php%3Fshopdetail%2F29806919 HTTP/1.1" 200 32283 "-" "Mozilla/5.0 (Linux; Android 6.0.1; Nexus 5X Build/MMB29P) AppleWebKit/537.36 (KHTML, like Gecko) Chrome/136.0.7103.59 Mobile Safari/537.36 (compatible; Googlebot/2.1; +http://www.google.com/bot.html)"
139.59.105.64 - - [09/May/2025:16:24:59 -0400] "POST /xmlrpc.php HTTP/1.1" 200 403 "-" "Mozilla/5.0 (Windows NT 10.0; Win64; x64; rv:58.0) Gecko/20100101 Firefox/58.0"
66.249.73.96 - - [09/May/2025:16:25:16 -0400] "GET /?_gl=1*rgknbr*_ga*MzY3MjE1MDcwLjE3MzcwOTUyMjA.*_ga_0VKVKKN4NV*MTczNzEwMjM4NC4yLjEuMTczNzEwMjQ1My42MC4wLjA.&_bd_prev_page=https://soundframestudios.net/detail.php?shopdetail/21103997 HTTP/1.1" 301 1 "-" "Mozilla/5.0 (Linux; Android 6.0.1; Nexus 5X Build/MMB29P) AppleWebKit/537.36 (KHTML, like Gecko) Chrome/136.0.7103.59 Mobile Safari/537.36 (compatible; Googlebot/2.1; +http://www.google.com/bot.html)"
66.249.73.96 - - [09/May/2025:16:25:16 -0400] "GET /?_gl=1%2Argknbr%2A_ga%2AMzY3MjE1MDcwLjE3MzcwOTUyMjA.%2A_ga_0VKVKKN4NV%2AMTczNzEwMjM4NC4yLjEuMTczNzEwMjQ1My42MC4wLjA.&_bd_prev_page=https%3A%2F%2Fsoundframestudios.net%2Fdetail.php%3Fshopdetail%2F21103997 HTTP/1.1" 200 32283 "-" "Mozilla/5.0 (Linux; Android 6.0.1; Nexus 5X Build/MMB29P) AppleWebKit/537.36 (KHTML, like Gecko) Chrome/136.0.7103.59 Mobile Safari/537.36 (compatible; Googlebot/2.1; +http://www.google.com/bot.html)"
66.249.73.102 - - [09/May/2025:16:35:53 -0400] "GET /?_gl=1*rgknbr*_ga*MzY3MjE1MDcwLjE3MzcwOTUyMjA.*_ga_0VKVKKN4NV*MTczNzEwMjM4NC4yLjEuMTczNzEwMjQ1My42MC4wLjA.&_bd_prev_page=https://soundframestudios.net/detail.php?shopdetail/25770608 HTTP/1.1" 301 1 "-" "Mozilla/5.0 (Linux; Android 6.0.1; Nexus 5X Build/MMB29P) AppleWebKit/537.36 (KHTML, like Gecko) Chrome/136.0.7103.59 Mobile Safari/537.36 (compatible; Googlebot/2.1; +http://www.google.com/bot.html)"
66.249.73.102 - - [09/May/2025:16:35:54 -0400] "GET /?_gl=1%2Argknbr%2A_ga%2AMzY3MjE1MDcwLjE3MzcwOTUyMjA.%2A_ga_0VKVKKN4NV%2AMTczNzEwMjM4NC4yLjEuMTczNzEwMjQ1My42MC4wLjA.&_bd_prev_page=https%3A%2F%2Fsoundframestudios.net%2Fdetail.php%3Fshopdetail%2F25770608 HTTP/1.1" 200 32283 "-" "Mozilla/5.0 (Linux; Android 6.0.1; Nexus 5X Build/MMB29P) AppleWebKit/537.36 (KHTML, like Gecko) Chrome/136.0.7103.59 Mobile Safari/537.36 (compatible; Googlebot/2.1; +http://www.google.com/bot.html)"
66.249.73.103 - - [09/May/2025:16:36:03 -0400] "GET /wp-content/themes/betheme/js/plugins/visible.min.js?ver=27.5.8 HTTP/1.1" 200 332 "https://soundframestudios.net/?_gl=1%2Argknbr%2A_ga%2AMzY3MjE1MDcwLjE3MzcwOTUyMjA.%2A_ga_0VKVKKN4NV%2AMTczNzEwMjM4NC4yLjEuMTczNzEwMjQ1My42MC4wLjA.&_bd_prev_page=https%3A%2F%2Fsoundframestudios.net%2Fdetail.php%3Fshopdetail%2F25770608" "Mozilla/5.0 (Linux; Android 6.0.1; Nexus 5X Build/MMB29P) AppleWebKit/537.36 (KHTML, like Gecko) Chrome/135.0.7049.114 Mobile Safari/537.36 (compatible; Googlebot/2.1; +http://www.google.com/bot.html)"
66.249.73.102 - - [09/May/2025:16:37:29 -0400] "GET /pcmypage?callback=product/review/45525974 HTTP/1.1" 404 20923 "-" "Mozilla/5.0 (compatible; Googlebot/2.1; +http://www.google.com/bot.html)"
66.249.73.103 - - [09/May/2025:16:38:02 -0400] "GET /zhHant/product/surugaya/35422080?campaign_uid=f64d716db5e979ed2f947dbaf4296895b951ae7f HTTP/1.1" 404 20958 "-" "Mozilla/5.0 (Linux; Android 6.0.1; Nexus 5X Build/MMB29P) AppleWebKit/537.36 (KHTML, like Gecko) Chrome/136.0.7103.59 Mobile Safari/537.36 (compatible; GoogleOther)"
66.249.73.103 - - [09/May/2025:16:39:22 -0400] "GET /shopdetail/22139508 HTTP/1.1" 404 20910 "-" "Mozilla/5.0 (Linux; Android 6.0.1; Nexus 5X Build/MMB29P) AppleWebKit/537.36 (KHTML, like Gecko) Chrome/136.0.7103.59 Mobile Safari/537.36 (compatible; Googlebot/2.1; +http://www.google.com/bot.html)"
66.249.73.96 - - [09/May/2025:16:39:25 -0400] "GET /shopdetail/18414619 HTTP/1.1" 404 20911 "-" "Mozilla/5.0 (Linux; Android 6.0.1; Nexus 5X Build/MMB29P) AppleWebKit/537.36 (KHTML, like Gecko) Chrome/136.0.7103.59 Mobile Safari/537.36 (compatible; GoogleOther)"
66.249.73.96 - - [09/May/2025:16:40:50 -0400] "GET /?_gl=1*rgknbr*_ga*MzY3MjE1MDcwLjE3MzcwOTUyMjA.*_ga_0VKVKKN4NV*MTczNzEwMjM4NC4yLjEuMTczNzEwMjQ1My42MC4wLjA.&_bd_prev_page=https://soundframestudios.net/detail.php?shopdetail/20377553 HTTP/1.1" 301 1 "-" "Mozilla/5.0 (Linux; Android 6.0.1; Nexus 5X Build/MMB29P) AppleWebKit/537.36 (KHTML, like Gecko) Chrome/136.0.7103.59 Mobile Safari/537.36 (compatible; Googlebot/2.1; +http://www.google.com/bot.html)"
66.249.73.103 - - [09/May/2025:16:40:51 -0400] "GET /?_gl=1%2Argknbr%2A_ga%2AMzY3MjE1MDcwLjE3MzcwOTUyMjA.%2A_ga_0VKVKKN4NV%2AMTczNzEwMjM4NC4yLjEuMTczNzEwMjQ1My42MC4wLjA.&_bd_prev_page=https%3A%2F%2Fsoundframestudios.net%2Fdetail.php%3Fshopdetail%2F20377553 HTTP/1.1" 200 32292 "-" "Mozilla/5.0 (Linux; Android 6.0.1; Nexus 5X Build/MMB29P) AppleWebKit/537.36 (KHTML, like Gecko) Chrome/136.0.7103.59 Mobile Safari/537.36 (compatible; Googlebot/2.1; +http://www.google.com/bot.html)"
66.249.73.102 - - [09/May/2025:16:41:16 -0400] "GET /shopdetail/18962897 HTTP/1.1" 404 20910 "-" "Mozilla/5.0 (Linux; Android 6.0.1; Nexus 5X Build/MMB29P) AppleWebKit/537.36 (KHTML, like Gecko) Chrome/136.0.7103.59 Mobile Safari/537.36 (compatible; GoogleOther)"
66.249.73.102 - - [09/May/2025:16:43:30 -0400] "GET /?_gl=1*rgknbr*_ga*MzY3MjE1MDcwLjE3MzcwOTUyMjA.*_ga_0VKVKKN4NV*MTczNzEwMjM4NC4yLjEuMTczNzEwMjQ1My42MC4wLjA.&_bd_prev_page=https://soundframestudios.net/detail.php?shopdetail/23034264 HTTP/1.1" 301 1 "-" "Mozilla/5.0 (Linux; Android 6.0.1; Nexus 5X Build/MMB29P) AppleWebKit/537.36 (KHTML, like Gecko) Chrome/136.0.7103.59 Mobile Safari/537.36 (compatible; Googlebot/2.1; +http://www.google.com/bot.html)"
66.249.73.102 - - [09/May/2025:16:43:31 -0400] "GET /?_gl=1%2Argknbr%2A_ga%2AMzY3MjE1MDcwLjE3MzcwOTUyMjA.%2A_ga_0VKVKKN4NV%2AMTczNzEwMjM4NC4yLjEuMTczNzEwMjQ1My42MC4wLjA.&_bd_prev_page=https%3A%2F%2Fsoundframestudios.net%2Fdetail.php%3Fshopdetail%2F23034264 HTTP/1.1" 200 32283 "-" "Mozilla/5.0 (Linux; Android 6.0.1; Nexus 5X Build/MMB29P) AppleWebKit/537.36 (KHTML, like Gecko) Chrome/136.0.7103.59 Mobile Safari/537.36 (compatible; Googlebot/2.1; +http://www.google.com/bot.html)"
66.249.73.96 - - [09/May/2025:16:45:52 -0400] "GET /?_gl=1*rgknbr*_ga*MzY3MjE1MDcwLjE3MzcwOTUyMjA.*_ga_0VKVKKN4NV*MTczNzEwMjM4NC4yLjEuMTczNzEwMjQ1My42MC4wLjA.&_bd_prev_page=https://soundframestudios.net/detail.php?shopdetail/17187453 HTTP/1.1" 301 1 "-" "Mozilla/5.0 (Linux; Android 6.0.1; Nexus 5X Build/MMB29P) AppleWebKit/537.36 (KHTML, like Gecko) Chrome/136.0.7103.59 Mobile Safari/537.36 (compatible; Googlebot/2.1; +http://www.google.com/bot.html)"
66.249.73.96 - - [09/May/2025:16:45:53 -0400] "GET /?_gl=1%2Argknbr%2A_ga%2AMzY3MjE1MDcwLjE3MzcwOTUyMjA.%2A_ga_0VKVKKN4NV%2AMTczNzEwMjM4NC4yLjEuMTczNzEwMjQ1My42MC4wLjA.&_bd_prev_page=https%3A%2F%2Fsoundframestudios.net%2Fdetail.php%3Fshopdetail%2F17187453 HTTP/1.1" 200 32283 "-" "Mozilla/5.0 (Linux; Android 6.0.1; Nexus 5X Build/MMB29P) AppleWebKit/537.36 (KHTML, like Gecko) Chrome/136.0.7103.59 Mobile Safari/537.36 (compatible; Googlebot/2.1; +http://www.google.com/bot.html)"
134.122.56.153 - - [09/May/2025:16:49:18 -0400] "POST /xmlrpc.php HTTP/1.1" 200 403 "-" "Mozilla/5.0 (Windows NT 10.0; Win64; x64; rv:85.0) Gecko/20100101 Firefox/85.0"
66.249.73.102 - - [09/May/2025:16:57:26 -0400] "GET /?_gl=1*rgknbr*_ga*MzY3MjE1MDcwLjE3MzcwOTUyMjA.*_ga_0VKVKKN4NV*MTczNzEwMjM4NC4yLjEuMTczNzEwMjQ1My42MC4wLjA.&_bd_prev_page=https://soundframestudios.net/detail.php?shopdetail/18034731 HTTP/1.1" 301 1 "-" "Mozilla/5.0 (Linux; Android 6.0.1; Nexus 5X Build/MMB29P) AppleWebKit/537.36 (KHTML, like Gecko) Chrome/136.0.7103.59 Mobile Safari/537.36 (compatible; Googlebot/2.1; +http://www.google.com/bot.html)"
66.249.73.96 - - [09/May/2025:16:57:27 -0400] "GET /?_gl=1%2Argknbr%2A_ga%2AMzY3MjE1MDcwLjE3MzcwOTUyMjA.%2A_ga_0VKVKKN4NV%2AMTczNzEwMjM4NC4yLjEuMTczNzEwMjQ1My42MC4wLjA.&_bd_prev_page=https%3A%2F%2Fsoundframestudios.net%2Fdetail.php%3Fshopdetail%2F18034731 HTTP/1.1" 200 32283 "-" "Mozilla/5.0 (Linux; Android 6.0.1; Nexus 5X Build/MMB29P) AppleWebKit/537.36 (KHTML, like Gecko) Chrome/136.0.7103.59 Mobile Safari/537.36 (compatible; Googlebot/2.1; +http://www.google.com/bot.html)"
66.249.73.102 - - [09/May/2025:17:02:10 -0400] "GET /pcmypage?callback=product%2Fdetail%2F29587402 HTTP/1.1" 404 20926 "-" "Mozilla/5.0 (compatible; Googlebot/2.1; +http://www.google.com/bot.html)"
66.249.73.103 - - [09/May/2025:17:05:18 -0400] "GET /?_gl=1*rgknbr*_ga*MzY3MjE1MDcwLjE3MzcwOTUyMjA.*_ga_0VKVKKN4NV*MTczNzEwMjM4NC4yLjEuMTczNzEwMjQ1My42MC4wLjA.&_bd_prev_page=https://soundframestudios.net/detail.php?shopdetail/5659308 HTTP/1.1" 301 1 "-" "Mozilla/5.0 (Linux; Android 6.0.1; Nexus 5X Build/MMB29P) AppleWebKit/537.36 (KHTML, like Gecko) Chrome/136.0.7103.59 Mobile Safari/537.36 (compatible; Googlebot/2.1; +http://www.google.com/bot.html)"
66.249.73.103 - - [09/May/2025:17:05:20 -0400] "GET /?_gl=1%2Argknbr%2A_ga%2AMzY3MjE1MDcwLjE3MzcwOTUyMjA.%2A_ga_0VKVKKN4NV%2AMTczNzEwMjM4NC4yLjEuMTczNzEwMjQ1My42MC4wLjA.&_bd_prev_page=https%3A%2F%2Fsoundframestudios.net%2Fdetail.php%3Fshopdetail%2F5659308 HTTP/1.1" 200 32283 "-" "Mozilla/5.0 (Linux; Android 6.0.1; Nexus 5X Build/MMB29P) AppleWebKit/537.36 (KHTML, like Gecko) Chrome/136.0.7103.59 Mobile Safari/537.36 (compatible; Googlebot/2.1; +http://www.google.com/bot.html)"
66.249.73.103 - - [09/May/2025:17:05:54 -0400] "GET /?_gl=1*rgknbr*_ga*MzY3MjE1MDcwLjE3MzcwOTUyMjA.*_ga_0VKVKKN4NV*MTczNzEwMjM4NC4yLjEuMTczNzEwMjQ1My42MC4wLjA.&_bd_prev_page=https://soundframestudios.net/detail.php?shopdetail/18655775 HTTP/1.1" 301 1 "-" "Mozilla/5.0 (Linux; Android 6.0.1; Nexus 5X Build/MMB29P) AppleWebKit/537.36 (KHTML, like Gecko) Chrome/136.0.7103.59 Mobile Safari/537.36 (compatible; Googlebot/2.1; +http://www.google.com/bot.html)"
66.249.73.103 - - [09/May/2025:17:05:54 -0400] "GET /?_gl=1%2Argknbr%2A_ga%2AMzY3MjE1MDcwLjE3MzcwOTUyMjA.%2A_ga_0VKVKKN4NV%2AMTczNzEwMjM4NC4yLjEuMTczNzEwMjQ1My42MC4wLjA.&_bd_prev_page=https%3A%2F%2Fsoundframestudios.net%2Fdetail.php%3Fshopdetail%2F18655775 HTTP/1.1" 200 32284 "-" "Mozilla/5.0 (Linux; Android 6.0.1; Nexus 5X Build/MMB29P) AppleWebKit/537.36 (KHTML, like Gecko) Chrome/136.0.7103.59 Mobile Safari/537.36 (compatible; Googlebot/2.1; +http://www.google.com/bot.html)"
66.249.73.103 - - [09/May/2025:17:07:08 -0400] "GET /pcmypage?callback=product/detail/79530346 HTTP/1.1" 404 20923 "-" "Mozilla/5.0 (Linux; Android 6.0.1; Nexus 5X Build/MMB29P) AppleWebKit/537.36 (KHTML, like Gecko) Chrome/136.0.7103.59 Mobile Safari/537.36 (compatible; Googlebot/2.1; +http://www.google.com/bot.html)"
69.167.171.25 - - [09/May/2025:17:12:28 -0400] "POST /wp-cron.php?doing_wp_cron=1746825148.4812500476837158203125 HTTP/1.1" 200 1 "-" "WordPress/6.8.1; https://soundframestudios.net"
190.211.175.164 - - [09/May/2025:17:12:28 -0400] "POST /xmlrpc.php HTTP/1.1" 200 403 "-" "Mozilla/5.0 (Windows NT 10.0; Win64; x64; rv:83.0) Gecko/20100101 Firefox/83.0"
66.249.73.102 - - [09/May/2025:17:13:53 -0400] "GET /shopdetail/23719164 HTTP/1.1" 404 20910 "-" "Mozilla/5.0 (compatible; Googlebot/2.1; +http://www.google.com/bot.html)"
66.249.73.102 - - [09/May/2025:17:18:32 -0400] "GET /?_gl=1*rgknbr*_ga*MzY3MjE1MDcwLjE3MzcwOTUyMjA.*_ga_0VKVKKN4NV*MTczNzEwMjM4NC4yLjEuMTczNzEwMjQ1My42MC4wLjA.&_bd_prev_page=https://soundframestudios.net/detail.php?shopdetail/18655775 HTTP/1.1" 301 1 "-" "Mozilla/5.0 (Linux; Android 6.0.1; Nexus 5X Build/MMB29P) AppleWebKit/537.36 (KHTML, like Gecko) Chrome/136.0.7103.59 Mobile Safari/537.36 (compatible; Googlebot/2.1; +http://www.google.com/bot.html)"
66.249.73.102 - - [09/May/2025:17:28:28 -0400] "GET /safe_search/config?return_url=/product/detail/31899765 HTTP/1.1" 404 20930 "-" "Mozilla/5.0 (compatible; Googlebot/2.1; +http://www.google.com/bot.html)"
69.167.171.25 - - [09/May/2025:17:35:10 -0400] "POST /wp-cron.php?doing_wp_cron=1746826510.1751089096069335937500 HTTP/1.1" 200 1 "-" "WordPress/6.8.1; https://soundframestudios.net"
51.222.253.1 - - [09/May/2025:17:35:10 -0400] "GET / HTTP/2.0" 200 32098 "-" "Mozilla/5.0 (compatible; AhrefsBot/7.0; +http://ahrefs.com/robot/)"
66.249.73.102 - - [09/May/2025:17:35:44 -0400] "GET /safe_search/config?return_url=%2Fproduct%2Fdetail%2F90858651 HTTP/1.1" 404 20937 "-" "Mozilla/5.0 (Linux; Android 6.0.1; Nexus 5X Build/MMB29P) AppleWebKit/537.36 (KHTML, like Gecko) Chrome/136.0.7103.59 Mobile Safari/537.36 (compatible; Googlebot/2.1; +http://www.google.com/bot.html)"
66.249.73.103 - - [09/May/2025:17:35:49 -0400] "GET /shopdetail/18678375 HTTP/1.1" 404 20911 "-" "Mozilla/5.0 (Linux; Android 6.0.1; Nexus 5X Build/MMB29P) AppleWebKit/537.36 (KHTML, like Gecko) Chrome/136.0.7103.59 Mobile Safari/537.36 (compatible; Googlebot/2.1; +http://www.google.com/bot.html)"
52.23.144.64 - - [09/May/2025:17:36:00 -0400] "POST /xmlrpc.php HTTP/1.1" 200 403 "-" "Mozilla/5.0 (Windows NT 10.0; Win64; x64; rv:64.0) Gecko/20100101 Firefox/64.0"
66.249.73.103 - - [09/May/2025:17:36:01 -0400] "GET /?_gl=1*rgknbr*_ga*MzY3MjE1MDcwLjE3MzcwOTUyMjA.*_ga_0VKVKKN4NV*MTczNzEwMjM4NC4yLjEuMTczNzEwMjQ1My42MC4wLjA.&_bd_prev_page=https://soundframestudios.net/detail.php?shopdetail/8927886 HTTP/1.1" 301 1 "-" "Mozilla/5.0 (Linux; Android 6.0.1; Nexus 5X Build/MMB29P) AppleWebKit/537.36 (KHTML, like Gecko) Chrome/136.0.7103.59 Mobile Safari/537.36 (compatible; Googlebot/2.1; +http://www.google.com/bot.html)"
66.249.73.102 - - [09/May/2025:17:36:01 -0400] "GET /?_gl=1%2Argknbr%2A_ga%2AMzY3MjE1MDcwLjE3MzcwOTUyMjA.%2A_ga_0VKVKKN4NV%2AMTczNzEwMjM4NC4yLjEuMTczNzEwMjQ1My42MC4wLjA.&_bd_prev_page=https%3A%2F%2Fsoundframestudios.net%2Fdetail.php%3Fshopdetail%2F8927886 HTTP/1.1" 200 32283 "-" "Mozilla/5.0 (Linux; Android 6.0.1; Nexus 5X Build/MMB29P) AppleWebKit/537.36 (KHTML, like Gecko) Chrome/136.0.7103.59 Mobile Safari/537.36 (compatible; Googlebot/2.1; +http://www.google.com/bot.html)"
66.249.73.96 - - [09/May/2025:17:36:05 -0400] "GET /wp-content/themes/betheme/js/plugins/waypoints.min.js?ver=27.5.8 HTTP/1.1" 200 2600 "https://soundframestudios.net/?_gl=1%2Argknbr%2A_ga%2AMzY3MjE1MDcwLjE3MzcwOTUyMjA.%2A_ga_0VKVKKN4NV%2AMTczNzEwMjM4NC4yLjEuMTczNzEwMjQ1My42MC4wLjA.&_bd_prev_page=https%3A%2F%2Fsoundframestudios.net%2Fdetail.php%3Fshopdetail%2F8927886" "Mozilla/5.0 (Linux; Android 6.0.1; Nexus 5X Build/MMB29P) AppleWebKit/537.36 (KHTML, like Gecko) Chrome/135.0.7049.114 Mobile Safari/537.36 (compatible; Googlebot/2.1; +http://www.google.com/bot.html)"
66.249.73.103 - - [09/May/2025:17:36:10 -0400] "GET /pcmypage?callback=product%2Fdetail%2F79530346 HTTP/1.1" 404 20926 "-" "Mozilla/5.0 (Linux; Android 6.0.1; Nexus 5X Build/MMB29P) AppleWebKit/537.36 (KHTML, like Gecko) Chrome/136.0.7103.59 Mobile Safari/537.36 (compatible; Googlebot/2.1; +http://www.google.com/bot.html)"
66.249.65.38 - - [09/May/2025:17:36:26 -0400] "GET /robots.txt HTTP/1.1" 200 139 "-" "Mozilla/5.0 (compatible; Googlebot/2.1; +http://www.google.com/bot.html)"
66.249.65.37 - - [09/May/2025:17:36:26 -0400] "GET / HTTP/1.1" 301 1 "-" "Mozilla/5.0 (Linux; Android 6.0.1; Nexus 5X Build/MMB29P) AppleWebKit/537.36 (KHTML, like Gecko) Chrome/136.0.7103.59 Mobile Safari/537.36 (compatible; Googlebot/2.1; +http://www.google.com/bot.html)"
66.249.73.102 - - [09/May/2025:17:36:27 -0400] "GET /product/edit/74838637 HTTP/1.1" 404 20899 "-" "Mozilla/5.0 (Linux; Android 6.0.1; Nexus 5X Build/MMB29P) AppleWebKit/537.36 (KHTML, like Gecko) Chrome/136.0.7103.59 Mobile Safari/537.36 (compatible; Googlebot/2.1; +http://www.google.com/bot.html)"
66.249.73.102 - - [09/May/2025:17:36:28 -0400] "GET / HTTP/1.1" 200 32098 "-" "Mozilla/5.0 (Linux; Android 6.0.1; Nexus 5X Build/MMB29P) AppleWebKit/537.36 (KHTML, like Gecko) Chrome/136.0.7103.59 Mobile Safari/537.36 (compatible; Googlebot/2.1; +http://www.google.com/bot.html)"
66.249.73.102 - - [09/May/2025:17:36:31 -0400] "GET /pcmypage?callback=/product/detail/38089687 HTTP/1.1" 404 20922 "-" "Mozilla/5.0 (Linux; Android 6.0.1; Nexus 5X Build/MMB29P) AppleWebKit/537.36 (KHTML, like Gecko) Chrome/136.0.7103.59 Mobile Safari/537.36 (compatible; Googlebot/2.1; +http://www.google.com/bot.html)"
66.249.73.102 - - [09/May/2025:17:36:40 -0400] "GET /?_gl=1*rgknbr*_ga*MzY3MjE1MDcwLjE3MzcwOTUyMjA.*_ga_0VKVKKN4NV*MTczNzEwMjM4NC4yLjEuMTczNzEwMjQ1My42MC4wLjA.&_bd_prev_page=https://soundframestudios.net/detail.php?shopdetail/19028208 HTTP/1.1" 301 1 "-" "Mozilla/5.0 (Linux; Android 6.0.1; Nexus 5X Build/MMB29P) AppleWebKit/537.36 (KHTML, like Gecko) Chrome/136.0.7103.59 Mobile Safari/537.36 (compatible; Googlebot/2.1; +http://www.google.com/bot.html)"
66.249.73.102 - - [09/May/2025:17:36:41 -0400] "GET /?_gl=1%2Argknbr%2A_ga%2AMzY3MjE1MDcwLjE3MzcwOTUyMjA.%2A_ga_0VKVKKN4NV%2AMTczNzEwMjM4NC4yLjEuMTczNzEwMjQ1My42MC4wLjA.&_bd_prev_page=https%3A%2F%2Fsoundframestudios.net%2Fdetail.php%3Fshopdetail%2F19028208 HTTP/1.1" 200 32283 "-" "Mozilla/5.0 (Linux; Android 6.0.1; Nexus 5X Build/MMB29P) AppleWebKit/537.36 (KHTML, like Gecko) Chrome/136.0.7103.59 Mobile Safari/537.36 (compatible; Googlebot/2.1; +http://www.google.com/bot.html)"
66.249.73.102 - - [09/May/2025:17:36:51 -0400] "GET /?_gl=1*rgknbr*_ga*MzY3MjE1MDcwLjE3MzcwOTUyMjA.*_ga_0VKVKKN4NV*MTczNzEwMjM4NC4yLjEuMTczNzEwMjQ1My42MC4wLjA.&_bd_prev_page=https://soundframestudios.net/detail.php?shopdetail/8794286 HTTP/1.1" 301 1 "-" "Mozilla/5.0 (Linux; Android 6.0.1; Nexus 5X Build/MMB29P) AppleWebKit/537.36 (KHTML, like Gecko) Chrome/136.0.7103.59 Mobile Safari/537.36 (compatible; Googlebot/2.1; +http://www.google.com/bot.html)"
66.249.73.102 - - [09/May/2025:17:36:51 -0400] "GET /?_gl=1%2Argknbr%2A_ga%2AMzY3MjE1MDcwLjE3MzcwOTUyMjA.%2A_ga_0VKVKKN4NV%2AMTczNzEwMjM4NC4yLjEuMTczNzEwMjQ1My42MC4wLjA.&_bd_prev_page=https%3A%2F%2Fsoundframestudios.net%2Fdetail.php%3Fshopdetail%2F8794286 HTTP/1.1" 200 32282 "-" "Mozilla/5.0 (Linux; Android 6.0.1; Nexus 5X Build/MMB29P) AppleWebKit/537.36 (KHTML, like Gecko) Chrome/136.0.7103.59 Mobile Safari/537.36 (compatible; Googlebot/2.1; +http://www.google.com/bot.html)"
66.249.73.96 - - [09/May/2025:17:37:01 -0400] "GET /?_gl=1*rgknbr*_ga*MzY3MjE1MDcwLjE3MzcwOTUyMjA.*_ga_0VKVKKN4NV*MTczNzEwMjM4NC4yLjEuMTczNzEwMjQ1My42MC4wLjA.&_bd_prev_page=https://soundframestudios.net/detail.php?shopdetail/18121019 HTTP/1.1" 301 1 "-" "Mozilla/5.0 (Linux; Android 6.0.1; Nexus 5X Build/MMB29P) AppleWebKit/537.36 (KHTML, like Gecko) Chrome/136.0.7103.59 Mobile Safari/537.36 (compatible; Googlebot/2.1; +http://www.google.com/bot.html)"
66.249.73.103 - - [09/May/2025:17:37:01 -0400] "GET /?_gl=1%2Argknbr%2A_ga%2AMzY3MjE1MDcwLjE3MzcwOTUyMjA.%2A_ga_0VKVKKN4NV%2AMTczNzEwMjM4NC4yLjEuMTczNzEwMjQ1My42MC4wLjA.&_bd_prev_page=https%3A%2F%2Fsoundframestudios.net%2Fdetail.php%3Fshopdetail%2F18121019 HTTP/1.1" 200 32283 "-" "Mozilla/5.0 (Linux; Android 6.0.1; Nexus 5X Build/MMB29P) AppleWebKit/537.36 (KHTML, like Gecko) Chrome/136.0.7103.59 Mobile Safari/537.36 (compatible; Googlebot/2.1; +http://www.google.com/bot.html)"
66.249.73.103 - - [09/May/2025:17:37:52 -0400] "GET /?_gl=1*rgknbr*_ga*MzY3MjE1MDcwLjE3MzcwOTUyMjA.*_ga_0VKVKKN4NV*MTczNzEwMjM4NC4yLjEuMTczNzEwMjQ1My42MC4wLjA.&_bd_prev_page=https://soundframestudios.net/detail.php?shopdetail/25715053 HTTP/1.1" 301 1 "-" "Mozilla/5.0 (Linux; Android 6.0.1; Nexus 5X Build/MMB29P) AppleWebKit/537.36 (KHTML, like Gecko) Chrome/136.0.7103.59 Mobile Safari/537.36 (compatible; Googlebot/2.1; +http://www.google.com/bot.html)"
66.249.73.102 - - [09/May/2025:17:37:52 -0400] "GET /?_gl=1%2Argknbr%2A_ga%2AMzY3MjE1MDcwLjE3MzcwOTUyMjA.%2A_ga_0VKVKKN4NV%2AMTczNzEwMjM4NC4yLjEuMTczNzEwMjQ1My42MC4wLjA.&_bd_prev_page=https%3A%2F%2Fsoundframestudios.net%2Fdetail.php%3Fshopdetail%2F25715053 HTTP/1.1" 200 32283 "-" "Mozilla/5.0 (Linux; Android 6.0.1; Nexus 5X Build/MMB29P) AppleWebKit/537.36 (KHTML, like Gecko) Chrome/136.0.7103.59 Mobile Safari/537.36 (compatible; Googlebot/2.1; +http://www.google.com/bot.html)"
66.249.73.103 - - [09/May/2025:17:38:42 -0400] "GET /?_gl=1*rgknbr*_ga*MzY3MjE1MDcwLjE3MzcwOTUyMjA.*_ga_0VKVKKN4NV*MTczNzEwMjM4NC4yLjEuMTczNzEwMjQ1My42MC4wLjA.&_bd_prev_page=https://soundframestudios.net/detail.php?shopdetail/19358775 HTTP/1.1" 301 1 "-" "Mozilla/5.0 (Linux; Android 6.0.1; Nexus 5X Build/MMB29P) AppleWebKit/537.36 (KHTML, like Gecko) Chrome/136.0.7103.59 Mobile Safari/537.36 (compatible; Googlebot/2.1; +http://www.google.com/bot.html)"
66.249.73.102 - - [09/May/2025:17:38:43 -0400] "GET /?_gl=1%2Argknbr%2A_ga%2AMzY3MjE1MDcwLjE3MzcwOTUyMjA.%2A_ga_0VKVKKN4NV%2AMTczNzEwMjM4NC4yLjEuMTczNzEwMjQ1My42MC4wLjA.&_bd_prev_page=https%3A%2F%2Fsoundframestudios.net%2Fdetail.php%3Fshopdetail%2F19358775 HTTP/1.1" 200 32284 "-" "Mozilla/5.0 (Linux; Android 6.0.1; Nexus 5X Build/MMB29P) AppleWebKit/537.36 (KHTML, like Gecko) Chrome/136.0.7103.59 Mobile Safari/537.36 (compatible; Googlebot/2.1; +http://www.google.com/bot.html)"
66.249.73.103 - - [09/May/2025:17:39:46 -0400] "GET /?_gl=1*rgknbr*_ga*MzY3MjE1MDcwLjE3MzcwOTUyMjA.*_ga_0VKVKKN4NV*MTczNzEwMjM4NC4yLjEuMTczNzEwMjQ1My42MC4wLjA.&_bd_prev_page=https://soundframestudios.net/detail.php?shopdetail/16497997 HTTP/1.1" 301 1 "-" "Mozilla/5.0 (Linux; Android 6.0.1; Nexus 5X Build/MMB29P) AppleWebKit/537.36 (KHTML, like Gecko) Chrome/136.0.7103.59 Mobile Safari/537.36 (compatible; Googlebot/2.1; +http://www.google.com/bot.html)"
66.249.73.96 - - [09/May/2025:17:39:46 -0400] "GET /?_gl=1%2Argknbr%2A_ga%2AMzY3MjE1MDcwLjE3MzcwOTUyMjA.%2A_ga_0VKVKKN4NV%2AMTczNzEwMjM4NC4yLjEuMTczNzEwMjQ1My42MC4wLjA.&_bd_prev_page=https%3A%2F%2Fsoundframestudios.net%2Fdetail.php%3Fshopdetail%2F16497997 HTTP/1.1" 200 32283 "-" "Mozilla/5.0 (Linux; Android 6.0.1; Nexus 5X Build/MMB29P) AppleWebKit/537.36 (KHTML, like Gecko) Chrome/136.0.7103.59 Mobile Safari/537.36 (compatible; Googlebot/2.1; +http://www.google.com/bot.html)"
66.249.73.103 - - [09/May/2025:17:39:50 -0400] "GET /wp-content/plugins/wp-carousel-pro/src/Admin/css/fontello.css?ver=4.1.2 HTTP/1.1" 200 1324 "https://soundframestudios.net/?_gl=1%2Argknbr%2A_ga%2AMzY3MjE1MDcwLjE3MzcwOTUyMjA.%2A_ga_0VKVKKN4NV%2AMTczNzEwMjM4NC4yLjEuMTczNzEwMjQ1My42MC4wLjA.&_bd_prev_page=https%3A%2F%2Fsoundframestudios.net%2Fdetail.php%3Fshopdetail%2F16497997" "Mozilla/5.0 (Linux; Android 6.0.1; Nexus 5X Build/MMB29P) AppleWebKit/537.36 (KHTML, like Gecko) Chrome/135.0.7049.114 Mobile Safari/537.36 (compatible; Googlebot/2.1; +http://www.google.com/bot.html)"
66.249.73.102 - - [09/May/2025:17:39:51 -0400] "GET /wp-content/themes/betheme/assets/animations/animations.min.css?ver=27.5.8 HTTP/1.1" 200 4612 "https://soundframestudios.net/?_gl=1%2Argknbr%2A_ga%2AMzY3MjE1MDcwLjE3MzcwOTUyMjA.%2A_ga_0VKVKKN4NV%2AMTczNzEwMjM4NC4yLjEuMTczNzEwMjQ1My42MC4wLjA.&_bd_prev_page=https%3A%2F%2Fsoundframestudios.net%2Fdetail.php%3Fshopdetail%2F16497997" "Mozilla/5.0 (Linux; Android 6.0.1; Nexus 5X Build/MMB29P) AppleWebKit/537.36 (KHTML, like Gecko) Chrome/135.0.7049.114 Mobile Safari/537.36 (compatible; Googlebot/2.1; +http://www.google.com/bot.html)"
66.249.73.102 - - [09/May/2025:17:39:51 -0400] "GET /wp-content/plugins/wp-carousel-pro/src/Frontend/css/jquery-bxslider.min.css?ver=4.1.2 HTTP/1.1" 200 704 "https://soundframestudios.net/?_gl=1%2Argknbr%2A_ga%2AMzY3MjE1MDcwLjE3MzcwOTUyMjA.%2A_ga_0VKVKKN4NV%2AMTczNzEwMjM4NC4yLjEuMTczNzEwMjQ1My42MC4wLjA.&_bd_prev_page=https%3A%2F%2Fsoundframestudios.net%2Fdetail.php%3Fshopdetail%2F16497997" "Mozilla/5.0 (Linux; Android 6.0.1; Nexus 5X Build/MMB29P) AppleWebKit/537.36 (KHTML, like Gecko) Chrome/135.0.7049.114 Mobile Safari/537.36 (compatible; Googlebot/2.1; +http://www.google.com/bot.html)"
66.249.73.102 - - [09/May/2025:17:39:52 -0400] "GET /wp-content/plugins/wp-carousel-pro/src/Frontend/css/animate.min.css?ver=4.1.2 HTTP/1.1" 200 1309 "https://soundframestudios.net/?_gl=1%2Argknbr%2A_ga%2AMzY3MjE1MDcwLjE3MzcwOTUyMjA.%2A_ga_0VKVKKN4NV%2AMTczNzEwMjM4NC4yLjEuMTczNzEwMjQ1My42MC4wLjA.&_bd_prev_page=https%3A%2F%2Fsoundframestudios.net%2Fdetail.php%3Fshopdetail%2F16497997" "Mozilla/5.0 (Linux; Android 6.0.1; Nexus 5X Build/MMB29P) AppleWebKit/537.36 (KHTML, like Gecko) Chrome/135.0.7049.114 Mobile Safari/537.36 (compatible; Googlebot/2.1; +http://www.google.com/bot.html)"
66.249.73.102 - - [09/May/2025:17:39:52 -0400] "GET /wp-includes/js/jquery/jquery.min.js?ver=3.7.1 HTTP/1.1" 200 29769 "https://soundframestudios.net/?_gl=1%2Argknbr%2A_ga%2AMzY3MjE1MDcwLjE3MzcwOTUyMjA.%2A_ga_0VKVKKN4NV%2AMTczNzEwMjM4NC4yLjEuMTczNzEwMjQ1My42MC4wLjA.&_bd_prev_page=https%3A%2F%2Fsoundframestudios.net%2Fdetail.php%3Fshopdetail%2F16497997" "Mozilla/5.0 (Linux; Android 6.0.1; Nexus 5X Build/MMB29P) AppleWebKit/537.36 (KHTML, like Gecko) Chrome/135.0.7049.114 Mobile Safari/537.36 (compatible; Googlebot/2.1; +http://www.google.com/bot.html)"
66.249.73.103 - - [09/May/2025:17:39:53 -0400] "GET /wp-includes/js/dist/i18n.min.js?ver=5e580eb46a90c2b997e6 HTTP/1.1" 200 3540 "https://soundframestudios.net/?_gl=1%2Argknbr%2A_ga%2AMzY3MjE1MDcwLjE3MzcwOTUyMjA.%2A_ga_0VKVKKN4NV%2AMTczNzEwMjM4NC4yLjEuMTczNzEwMjQ1My42MC4wLjA.&_bd_prev_page=https%3A%2F%2Fsoundframestudios.net%2Fdetail.php%3Fshopdetail%2F16497997" "Mozilla/5.0 (Linux; Android 6.0.1; Nexus 5X Build/MMB29P) AppleWebKit/537.36 (KHTML, like Gecko) Chrome/135.0.7049.114 Mobile Safari/537.36 (compatible; Googlebot/2.1; +http://www.google.com/bot.html)"
66.249.73.103 - - [09/May/2025:17:39:54 -0400] "GET /wp-content/plugins/wp-carousel-pro/src/Frontend/css/jquery.fancybox.min.css?ver=4.1.2 HTTP/1.1" 200 2904 "https://soundframestudios.net/?_gl=1%2Argknbr%2A_ga%2AMzY3MjE1MDcwLjE3MzcwOTUyMjA.%2A_ga_0VKVKKN4NV%2AMTczNzEwMjM4NC4yLjEuMTczNzEwMjQ1My42MC4wLjA.&_bd_prev_page=https%3A%2F%2Fsoundframestudios.net%2Fdetail.php%3Fshopdetail%2F16497997" "Mozilla/5.0 (Linux; Android 6.0.1; Nexus 5X Build/MMB29P) AppleWebKit/537.36 (KHTML, like Gecko) Chrome/135.0.7049.114 Mobile Safari/537.36 (compatible; Googlebot/2.1; +http://www.google.com/bot.html)"
66.249.73.102 - - [09/May/2025:17:39:54 -0400] "GET /wp-content/plugins/wp-carousel-pro/src/Frontend/css/wp-carousel-pro-public.min.css?ver=4.1.2 HTTP/1.1" 200 6373 "https://soundframestudios.net/?_gl=1%2Argknbr%2A_ga%2AMzY3MjE1MDcwLjE3MzcwOTUyMjA.%2A_ga_0VKVKKN4NV%2AMTczNzEwMjM4NC4yLjEuMTczNzEwMjQ1My42MC4wLjA.&_bd_prev_page=https%3A%2F%2Fsoundframestudios.net%2Fdetail.php%3Fshopdetail%2F16497997" "Mozilla/5.0 (Linux; Android 6.0.1; Nexus 5X Build/MMB29P) AppleWebKit/537.36 (KHTML, like Gecko) Chrome/135.0.7049.114 Mobile Safari/537.36 (compatible; Googlebot/2.1; +http://www.google.com/bot.html)"
66.249.73.102 - - [09/May/2025:17:39:55 -0400] "GET /shopdetail/29991519 HTTP/1.1" 404 20910 "-" "Mozilla/5.0 (Linux; Android 6.0.1; Nexus 5X Build/MMB29P) AppleWebKit/537.36 (KHTML, like Gecko) Chrome/136.0.7103.59 Mobile Safari/537.36 (compatible; Googlebot/2.1; +http://www.google.com/bot.html)"
66.249.73.102 - - [09/May/2025:17:39:56 -0400] "GET /wp-includes/js/dist/hooks.min.js?ver=4d63a3d491d11ffd8ac6 HTTP/1.1" 200 1573 "https://soundframestudios.net/?_gl=1%2Argknbr%2A_ga%2AMzY3MjE1MDcwLjE3MzcwOTUyMjA.%2A_ga_0VKVKKN4NV%2AMTczNzEwMjM4NC4yLjEuMTczNzEwMjQ1My42MC4wLjA.&_bd_prev_page=https%3A%2F%2Fsoundframestudios.net%2Fdetail.php%3Fshopdetail%2F16497997" "Mozilla/5.0 (Linux; Android 6.0.1; Nexus 5X Build/MMB29P) AppleWebKit/537.36 (KHTML, like Gecko) Chrome/135.0.7049.114 Mobile Safari/537.36 (compatible; Googlebot/2.1; +http://www.google.com/bot.html)"
66.249.73.102 - - [09/May/2025:17:39:57 -0400] "GET /wp-content/themes/betheme/css/responsive.css?ver=27.5.8 HTTP/1.1" 200 11326 "https://soundframestudios.net/?_gl=1%2Argknbr%2A_ga%2AMzY3MjE1MDcwLjE3MzcwOTUyMjA.%2A_ga_0VKVKKN4NV%2AMTczNzEwMjM4NC4yLjEuMTczNzEwMjQ1My42MC4wLjA.&_bd_prev_page=https%3A%2F%2Fsoundframestudios.net%2Fdetail.php%3Fshopdetail%2F16497997" "Mozilla/5.0 (Linux; Android 6.0.1; Nexus 5X Build/MMB29P) AppleWebKit/537.36 (KHTML, like Gecko) Chrome/135.0.7049.114 Mobile Safari/537.36 (compatible; Googlebot/2.1; +http://www.google.com/bot.html)"
66.249.73.102 - - [09/May/2025:17:39:57 -0400] "GET /wp-content/plugins/contact-form-7/includes/swv/js/index.js?ver=5.9.8 HTTP/1.1" 200 3226 "https://soundframestudios.net/?_gl=1%2Argknbr%2A_ga%2AMzY3MjE1MDcwLjE3MzcwOTUyMjA.%2A_ga_0VKVKKN4NV%2AMTczNzEwMjM4NC4yLjEuMTczNzEwMjQ1My42MC4wLjA.&_bd_prev_page=https%3A%2F%2Fsoundframestudios.net%2Fdetail.php%3Fshopdetail%2F16497997" "Mozilla/5.0 (Linux; Android 6.0.1; Nexus 5X Build/MMB29P) AppleWebKit/537.36 (KHTML, like Gecko) Chrome/135.0.7049.114 Mobile Safari/537.36 (compatible; Googlebot/2.1; +http://www.google.com/bot.html)"
66.249.73.102 - - [09/May/2025:17:39:58 -0400] "GET /wp-includes/js/jquery/ui/core.min.js?ver=1.13.3 HTTP/1.1" 200 6820 "https://soundframestudios.net/?_gl=1%2Argknbr%2A_ga%2AMzY3MjE1MDcwLjE3MzcwOTUyMjA.%2A_ga_0VKVKKN4NV%2AMTczNzEwMjM4NC4yLjEuMTczNzEwMjQ1My42MC4wLjA.&_bd_prev_page=https%3A%2F%2Fsoundframestudios.net%2Fdetail.php%3Fshopdetail%2F16497997" "Mozilla/5.0 (Linux; Android 6.0.1; Nexus 5X Build/MMB29P) AppleWebKit/537.36 (KHTML, like Gecko) Chrome/135.0.7049.114 Mobile Safari/537.36 (compatible; Googlebot/2.1; +http://www.google.com/bot.html)"
66.249.73.102 - - [09/May/2025:17:39:59 -0400] "GET /wp-content/themes/betheme/js/plugins/visible.min.js?ver=27.5.8 HTTP/1.1" 200 332 "https://soundframestudios.net/?_gl=1%2Argknbr%2A_ga%2AMzY3MjE1MDcwLjE3MzcwOTUyMjA.%2A_ga_0VKVKKN4NV%2AMTczNzEwMjM4NC4yLjEuMTczNzEwMjQ1My42MC4wLjA.&_bd_prev_page=https%3A%2F%2Fsoundframestudios.net%2Fdetail.php%3Fshopdetail%2F16497997" "Mozilla/5.0 (Linux; Android 6.0.1; Nexus 5X Build/MMB29P) AppleWebKit/537.36 (KHTML, like Gecko) Chrome/135.0.7049.114 Mobile Safari/537.36 (compatible; Googlebot/2.1; +http://www.google.com/bot.html)"
66.249.73.102 - - [09/May/2025:17:39:59 -0400] "GET /wp-content/plugins/wp-carousel-pro/src/Frontend/js/jquery-bxslider.min.js?ver=4.1.2 HTTP/1.1" 200 6866 "https://soundframestudios.net/?_gl=1%2Argknbr%2A_ga%2AMzY3MjE1MDcwLjE3MzcwOTUyMjA.%2A_ga_0VKVKKN4NV%2AMTczNzEwMjM4NC4yLjEuMTczNzEwMjQ1My42MC4wLjA.&_bd_prev_page=https%3A%2F%2Fsoundframestudios.net%2Fdetail.php%3Fshopdetail%2F16497997" "Mozilla/5.0 (Linux; Android 6.0.1; Nexus 5X Build/MMB29P) AppleWebKit/537.36 (KHTML, like Gecko) Chrome/135.0.7049.114 Mobile Safari/537.36 (compatible; Googlebot/2.1; +http://www.google.com/bot.html)"
66.249.73.102 - - [09/May/2025:17:40:00 -0400] "GET /wp-content/plugins/wp-carousel-pro/src/Frontend/css/spinner.svg HTTP/1.1" 200 383 "https://soundframestudios.net/?_gl=1%2Argknbr%2A_ga%2AMzY3MjE1MDcwLjE3MzcwOTUyMjA.%2A_ga_0VKVKKN4NV%2AMTczNzEwMjM4NC4yLjEuMTczNzEwMjQ1My42MC4wLjA.&_bd_prev_page=https%3A%2F%2Fsoundframestudios.net%2Fdetail.php%3Fshopdetail%2F16497997" "Mozilla/5.0 (Linux; Android 6.0.1; Nexus 5X Build/MMB29P) AppleWebKit/537.36 (KHTML, like Gecko) Chrome/135.0.7049.114 Mobile Safari/537.36 (compatible; Googlebot/2.1; +http://www.google.com/bot.html)"
66.249.73.102 - - [09/May/2025:17:40:00 -0400] "GET /wp-content/themes/betheme/js/parallax/translate3d.js?ver=27.5.8 HTTP/1.1" 200 1264 "https://soundframestudios.net/?_gl=1%2Argknbr%2A_ga%2AMzY3MjE1MDcwLjE3MzcwOTUyMjA.%2A_ga_0VKVKKN4NV%2AMTczNzEwMjM4NC4yLjEuMTczNzEwMjQ1My42MC4wLjA.&_bd_prev_page=https%3A%2F%2Fsoundframestudios.net%2Fdetail.php%3Fshopdetail%2F16497997" "Mozilla/5.0 (Linux; Android 6.0.1; Nexus 5X Build/MMB29P) AppleWebKit/537.36 (KHTML, like Gecko) Chrome/135.0.7049.114 Mobile Safari/537.36 (compatible; Googlebot/2.1; +http://www.google.com/bot.html)"
66.249.73.102 - - [09/May/2025:17:40:01 -0400] "GET /wp-content/themes/betheme/js/plugins/magnificpopup.min.js?ver=27.5.8 HTTP/1.1" 200 7044 "https://soundframestudios.net/?_gl=1%2Argknbr%2A_ga%2AMzY3MjE1MDcwLjE3MzcwOTUyMjA.%2A_ga_0VKVKKN4NV%2AMTczNzEwMjM4NC4yLjEuMTczNzEwMjQ1My42MC4wLjA.&_bd_prev_page=https%3A%2F%2Fsoundframestudios.net%2Fdetail.php%3Fshopdetail%2F16497997" "Mozilla/5.0 (Linux; Android 6.0.1; Nexus 5X Build/MMB29P) AppleWebKit/537.36 (KHTML, like Gecko) Chrome/135.0.7049.114 Mobile Safari/537.36 (compatible; Googlebot/2.1; +http://www.google.com/bot.html)"
66.249.73.102 - - [09/May/2025:17:40:02 -0400] "GET /wp-content/plugins/wp-carousel-pro/src/Frontend/js/fjGallery.min.js?ver=4.1.2 HTTP/1.1" 200 5235 "https://soundframestudios.net/?_gl=1%2Argknbr%2A_ga%2AMzY3MjE1MDcwLjE3MzcwOTUyMjA.%2A_ga_0VKVKKN4NV%2AMTczNzEwMjM4NC4yLjEuMTczNzEwMjQ1My42MC4wLjA.&_bd_prev_page=https%3A%2F%2Fsoundframestudios.net%2Fdetail.php%3Fshopdetail%2F16497997" "Mozilla/5.0 (Linux; Android 6.0.1; Nexus 5X Build/MMB29P) AppleWebKit/537.36 (KHTML, like Gecko) Chrome/135.0.7049.114 Mobile Safari/537.36 (compatible; Googlebot/2.1; +http://www.google.com/bot.html)"
66.249.73.102 - - [09/May/2025:17:40:03 -0400] "GET /wp-content/plugins/revslider/public/js/libs/tptools.js?ver=6.7.17 HTTP/1.1" 200 71665 "https://soundframestudios.net/?_gl=1%2Argknbr%2A_ga%2AMzY3MjE1MDcwLjE3MzcwOTUyMjA.%2A_ga_0VKVKKN4NV%2AMTczNzEwMjM4NC4yLjEuMTczNzEwMjQ1My42MC4wLjA.&_bd_prev_page=https%3A%2F%2Fsoundframestudios.net%2Fdetail.php%3Fshopdetail%2F16497997" "Mozilla/5.0 (Linux; Android 6.0.1; Nexus 5X Build/MMB29P) AppleWebKit/537.36 (KHTML, like Gecko) Chrome/135.0.7049.114 Mobile Safari/537.36 (compatible; Googlebot/2.1; +http://www.google.com/bot.html)"
66.249.73.102 - - [09/May/2025:17:40:03 -0400] "GET /wp-content/plugins/wp-carousel-pro/src/Frontend/js/wp-carousel-pro-public.min.js?ver=4.1.2 HTTP/1.1" 200 7901 "https://soundframestudios.net/?_gl=1%2Argknbr%2A_ga%2AMzY3MjE1MDcwLjE3MzcwOTUyMjA.%2A_ga_0VKVKKN4NV%2AMTczNzEwMjM4NC4yLjEuMTczNzEwMjQ1My42MC4wLjA.&_bd_prev_page=https%3A%2F%2Fsoundframestudios.net%2Fdetail.php%3Fshopdetail%2F16497997" "Mozilla/5.0 (Linux; Android 6.0.1; Nexus 5X Build/MMB29P) AppleWebKit/537.36 (KHTML, like Gecko) Chrome/135.0.7049.114 Mobile Safari/537.36 (compatible; Googlebot/2.1; +http://www.google.com/bot.html)"
66.249.73.102 - - [09/May/2025:17:40:04 -0400] "GET /wp-content/themes/betheme/assets/animations/animations.min.js?ver=27.5.8 HTTP/1.1" 200 554 "https://soundframestudios.net/?_gl=1%2Argknbr%2A_ga%2AMzY3MjE1MDcwLjE3MzcwOTUyMjA.%2A_ga_0VKVKKN4NV%2AMTczNzEwMjM4NC4yLjEuMTczNzEwMjQ1My42MC4wLjA.&_bd_prev_page=https%3A%2F%2Fsoundframestudios.net%2Fdetail.php%3Fshopdetail%2F16497997" "Mozilla/5.0 (Linux; Android 6.0.1; Nexus 5X Build/MMB29P) AppleWebKit/537.36 (KHTML, like Gecko) Chrome/135.0.7049.114 Mobile Safari/537.36 (compatible; Googlebot/2.1; +http://www.google.com/bot.html)"
66.249.73.102 - - [09/May/2025:17:40:04 -0400] "GET /?_gl=1*rgknbr*_ga*MzY3MjE1MDcwLjE3MzcwOTUyMjA.*_ga_0VKVKKN4NV*MTczNzEwMjM4NC4yLjEuMTczNzEwMjQ1My42MC4wLjA.&_bd_prev_page=https://soundframestudios.net/detail.php?shopdetail/10650408 HTTP/1.1" 301 1 "-" "Mozilla/5.0 (Linux; Android 6.0.1; Nexus 5X Build/MMB29P) AppleWebKit/537.36 (KHTML, like Gecko) Chrome/136.0.7103.59 Mobile Safari/537.36 (compatible; Googlebot/2.1; +http://www.google.com/bot.html)"
66.249.73.102 - - [09/May/2025:17:40:06 -0400] "GET /wp-content/plugins/wp-carousel-pro/src/Frontend/js/preloader.min.js?ver=4.1.2 HTTP/1.1" 200 174 "https://soundframestudios.net/?_gl=1%2Argknbr%2A_ga%2AMzY3MjE1MDcwLjE3MzcwOTUyMjA.%2A_ga_0VKVKKN4NV%2AMTczNzEwMjM4NC4yLjEuMTczNzEwMjQ1My42MC4wLjA.&_bd_prev_page=https%3A%2F%2Fsoundframestudios.net%2Fdetail.php%3Fshopdetail%2F16497997" "Mozilla/5.0 (Linux; Android 6.0.1; Nexus 5X Build/MMB29P) AppleWebKit/537.36 (KHTML, like Gecko) Chrome/135.0.7049.114 Mobile Safari/537.36 (compatible; Googlebot/2.1; +http://www.google.com/bot.html)"
66.249.73.102 - - [09/May/2025:17:40:06 -0400] "GET /?_gl=1%2Argknbr%2A_ga%2AMzY3MjE1MDcwLjE3MzcwOTUyMjA.%2A_ga_0VKVKKN4NV%2AMTczNzEwMjM4NC4yLjEuMTczNzEwMjQ1My42MC4wLjA.&_bd_prev_page=https%3A%2F%2Fsoundframestudios.net%2Fdetail.php%3Fshopdetail%2F10650408 HTTP/1.1" 200 32282 "-" "Mozilla/5.0 (Linux; Android 6.0.1; Nexus 5X Build/MMB29P) AppleWebKit/537.36 (KHTML, like Gecko) Chrome/136.0.7103.59 Mobile Safari/537.36 (compatible; Googlebot/2.1; +http://www.google.com/bot.html)"
66.249.73.102 - - [09/May/2025:17:40:07 -0400] "GET /wp-content/themes/betheme/js/scripts.js?ver=27.5.8 HTTP/1.1" 200 29541 "https://soundframestudios.net/?_gl=1%2Argknbr%2A_ga%2AMzY3MjE1MDcwLjE3MzcwOTUyMjA.%2A_ga_0VKVKKN4NV%2AMTczNzEwMjM4NC4yLjEuMTczNzEwMjQ1My42MC4wLjA.&_bd_prev_page=https%3A%2F%2Fsoundframestudios.net%2Fdetail.php%3Fshopdetail%2F16497997" "Mozilla/5.0 (Linux; Android 6.0.1; Nexus 5X Build/MMB29P) AppleWebKit/537.36 (KHTML, like Gecko) Chrome/135.0.7049.114 Mobile Safari/537.36 (compatible; Googlebot/2.1; +http://www.google.com/bot.html)"
66.249.73.102 - - [09/May/2025:17:40:08 -0400] "GET /wp-content/plugins/wp-carousel-pro/src/Frontend/js/fancybox.min.js?ver=4.1.2 HTTP/1.1" 200 21029 "https://soundframestudios.net/?_gl=1%2Argknbr%2A_ga%2AMzY3MjE1MDcwLjE3MzcwOTUyMjA.%2A_ga_0VKVKKN4NV%2AMTczNzEwMjM4NC4yLjEuMTczNzEwMjQ1My42MC4wLjA.&_bd_prev_page=https%3A%2F%2Fsoundframestudios.net%2Fdetail.php%3Fshopdetail%2F16497997" "Mozilla/5.0 (Linux; Android 6.0.1; Nexus 5X Build/MMB29P) AppleWebKit/537.36 (KHTML, like Gecko) Chrome/135.0.7049.114 Mobile Safari/537.36 (compatible; Googlebot/2.1; +http://www.google.com/bot.html)"
66.249.73.102 - - [09/May/2025:17:40:14 -0400] "GET /?_gl=1*rgknbr*_ga*MzY3MjE1MDcwLjE3MzcwOTUyMjA.*_ga_0VKVKKN4NV*MTczNzEwMjM4NC4yLjEuMTczNzEwMjQ1My42MC4wLjA.&_bd_prev_page=https://soundframestudios.net/detail.php?shopdetail/29311208 HTTP/1.1" 301 1 "-" "Mozilla/5.0 (Linux; Android 6.0.1; Nexus 5X Build/MMB29P) AppleWebKit/537.36 (KHTML, like Gecko) Chrome/136.0.7103.59 Mobile Safari/537.36 (compatible; Googlebot/2.1; +http://www.google.com/bot.html)"
66.249.73.102 - - [09/May/2025:17:40:15 -0400] "GET /?_gl=1*rgknbr*_ga*MzY3MjE1MDcwLjE3MzcwOTUyMjA.*_ga_0VKVKKN4NV*MTczNzEwMjM4NC4yLjEuMTczNzEwMjQ1My42MC4wLjA.&_bd_prev_page=https://soundframestudios.net/detail.php?shopdetail/13322764 HTTP/1.1" 301 1 "-" "Mozilla/5.0 (Linux; Android 6.0.1; Nexus 5X Build/MMB29P) AppleWebKit/537.36 (KHTML, like Gecko) Chrome/136.0.7103.59 Mobile Safari/537.36 (compatible; Googlebot/2.1; +http://www.google.com/bot.html)"
66.249.77.34 - - [09/May/2025:17:40:16 -0400] "GET /?_gl=1%2Argknbr%2A_ga%2AMzY3MjE1MDcwLjE3MzcwOTUyMjA.%2A_ga_0VKVKKN4NV%2AMTczNzEwMjM4NC4yLjEuMTczNzEwMjQ1My42MC4wLjA.&_bd_prev_page=https%3A%2F%2Fsoundframestudios.net%2Fdetail.php%3Fshopdetail%2F29311208 HTTP/1.1" 200 32283 "-" "Mozilla/5.0 (Linux; Android 6.0.1; Nexus 5X Build/MMB29P) AppleWebKit/537.36 (KHTML, like Gecko) Chrome/136.0.7103.59 Mobile Safari/537.36 (compatible; Googlebot/2.1; +http://www.google.com/bot.html)"
66.249.73.102 - - [09/May/2025:17:40:16 -0400] "GET /?_gl=1%2Argknbr%2A_ga%2AMzY3MjE1MDcwLjE3MzcwOTUyMjA.%2A_ga_0VKVKKN4NV%2AMTczNzEwMjM4NC4yLjEuMTczNzEwMjQ1My42MC4wLjA.&_bd_prev_page=https%3A%2F%2Fsoundframestudios.net%2Fdetail.php%3Fshopdetail%2F13322764 HTTP/1.1" 200 32283 "-" "Mozilla/5.0 (Linux; Android 6.0.1; Nexus 5X Build/MMB29P) AppleWebKit/537.36 (KHTML, like Gecko) Chrome/136.0.7103.59 Mobile Safari/537.36 (compatible; Googlebot/2.1; +http://www.google.com/bot.html)"
66.249.73.102 - - [09/May/2025:17:40:35 -0400] "GET /?_gl=1*rgknbr*_ga*MzY3MjE1MDcwLjE3MzcwOTUyMjA.*_ga_0VKVKKN4NV*MTczNzEwMjM4NC4yLjEuMTczNzEwMjQ1My42MC4wLjA.&_bd_prev_page=https://soundframestudios.net/detail.php?shopdetail/20684353 HTTP/1.1" 301 1 "-" "Mozilla/5.0 (Linux; Android 6.0.1; Nexus 5X Build/MMB29P) AppleWebKit/537.36 (KHTML, like Gecko) Chrome/136.0.7103.59 Mobile Safari/537.36 (compatible; Googlebot/2.1; +http://www.google.com/bot.html)"
66.249.73.102 - - [09/May/2025:17:40:36 -0400] "GET /?_gl=1%2Argknbr%2A_ga%2AMzY3MjE1MDcwLjE3MzcwOTUyMjA.%2A_ga_0VKVKKN4NV%2AMTczNzEwMjM4NC4yLjEuMTczNzEwMjQ1My42MC4wLjA.&_bd_prev_page=https%3A%2F%2Fsoundframestudios.net%2Fdetail.php%3Fshopdetail%2F20684353 HTTP/1.1" 200 32283 "-" "Mozilla/5.0 (Linux; Android 6.0.1; Nexus 5X Build/MMB29P) AppleWebKit/537.36 (KHTML, like Gecko) Chrome/136.0.7103.59 Mobile Safari/537.36 (compatible; Googlebot/2.1; +http://www.google.com/bot.html)"
66.249.73.102 - - [09/May/2025:17:40:42 -0400] "GET /wp-content/uploads/betheme/css/post-484.css?ver=1744416000 HTTP/1.1" 200 584 "https://soundframestudios.net/?_gl=1%2Argknbr%2A_ga%2AMzY3MjE1MDcwLjE3MzcwOTUyMjA.%2A_ga_0VKVKKN4NV%2AMTczNzEwMjM4NC4yLjEuMTczNzEwMjQ1My42MC4wLjA.&_bd_prev_page=https%3A%2F%2Fsoundframestudios.net%2Fdetail.php%3Fshopdetail%2F13322764" "Mozilla/5.0 (Linux; Android 6.0.1; Nexus 5X Build/MMB29P) AppleWebKit/537.36 (KHTML, like Gecko) Chrome/135.0.7049.114 Mobile Safari/537.36 (compatible; Googlebot/2.1; +http://www.google.com/bot.html)"
66.249.73.102 - - [09/May/2025:17:41:25 -0400] "GET /?_gl=1*rgknbr*_ga*MzY3MjE1MDcwLjE3MzcwOTUyMjA.*_ga_0VKVKKN4NV*MTczNzEwMjM4NC4yLjEuMTczNzEwMjQ1My42MC4wLjA.&_bd_prev_page=https://soundframestudios.net/detail.php?shopdetail/16415986 HTTP/1.1" 301 1 "-" "Mozilla/5.0 (Linux; Android 6.0.1; Nexus 5X Build/MMB29P) AppleWebKit/537.36 (KHTML, like Gecko) Chrome/136.0.7103.59 Mobile Safari/537.36 (compatible; Googlebot/2.1; +http://www.google.com/bot.html)"
66.249.73.96 - - [09/May/2025:17:41:26 -0400] "GET /?_gl=1%2Argknbr%2A_ga%2AMzY3MjE1MDcwLjE3MzcwOTUyMjA.%2A_ga_0VKVKKN4NV%2AMTczNzEwMjM4NC4yLjEuMTczNzEwMjQ1My42MC4wLjA.&_bd_prev_page=https%3A%2F%2Fsoundframestudios.net%2Fdetail.php%3Fshopdetail%2F16415986 HTTP/1.1" 200 32283 "-" "Mozilla/5.0 (Linux; Android 6.0.1; Nexus 5X Build/MMB29P) AppleWebKit/537.36 (KHTML, like Gecko) Chrome/136.0.7103.59 Mobile Safari/537.36 (compatible; Googlebot/2.1; +http://www.google.com/bot.html)"
66.249.73.96 - - [09/May/2025:17:41:27 -0400] "GET /?_gl=1*rgknbr*_ga*MzY3MjE1MDcwLjE3MzcwOTUyMjA.*_ga_0VKVKKN4NV*MTczNzEwMjM4NC4yLjEuMTczNzEwMjQ1My42MC4wLjA.&_bd_prev_page=https://soundframestudios.net/detail.php?shopdetail/3698742 HTTP/1.1" 301 1 "-" "Mozilla/5.0 (Linux; Android 6.0.1; Nexus 5X Build/MMB29P) AppleWebKit/537.36 (KHTML, like Gecko) Chrome/136.0.7103.59 Mobile Safari/537.36 (compatible; Googlebot/2.1; +http://www.google.com/bot.html)"
66.249.73.103 - - [09/May/2025:17:41:27 -0400] "GET /?_gl=1%2Argknbr%2A_ga%2AMzY3MjE1MDcwLjE3MzcwOTUyMjA.%2A_ga_0VKVKKN4NV%2AMTczNzEwMjM4NC4yLjEuMTczNzEwMjQ1My42MC4wLjA.&_bd_prev_page=https%3A%2F%2Fsoundframestudios.net%2Fdetail.php%3Fshopdetail%2F3698742 HTTP/1.1" 200 32282 "-" "Mozilla/5.0 (Linux; Android 6.0.1; Nexus 5X Build/MMB29P) AppleWebKit/537.36 (KHTML, like Gecko) Chrome/136.0.7103.59 Mobile Safari/537.36 (compatible; Googlebot/2.1; +http://www.google.com/bot.html)"
66.249.73.96 - - [09/May/2025:17:41:28 -0400] "GET /wp-includes/js/dist/i18n.min.js?ver=5e580eb46a90c2b997e6 HTTP/1.1" 200 3540 "https://soundframestudios.net/?_gl=1%2Argknbr%2A_ga%2AMzY3MjE1MDcwLjE3MzcwOTUyMjA.%2A_ga_0VKVKKN4NV%2AMTczNzEwMjM4NC4yLjEuMTczNzEwMjQ1My42MC4wLjA.&_bd_prev_page=https%3A%2F%2Fsoundframestudios.net%2Fdetail.php%3Fshopdetail%2F16415986" "Mozilla/5.0 (Linux; Android 6.0.1; Nexus 5X Build/MMB29P) AppleWebKit/537.36 (KHTML, like Gecko) Chrome/135.0.7049.114 Mobile Safari/537.36 (compatible; Googlebot/2.1; +http://www.google.com/bot.html)"
66.249.73.102 - - [09/May/2025:17:41:51 -0400] "GET /?_gl=1*rgknbr*_ga*MzY3MjE1MDcwLjE3MzcwOTUyMjA.*_ga_0VKVKKN4NV*MTczNzEwMjM4NC4yLjEuMTczNzEwMjQ1My42MC4wLjA.&_bd_prev_page=https://soundframestudios.net/detail.php?shopdetail/17219808 HTTP/1.1" 301 1 "-" "Mozilla/5.0 (Linux; Android 6.0.1; Nexus 5X Build/MMB29P) AppleWebKit/537.36 (KHTML, like Gecko) Chrome/136.0.7103.59 Mobile Safari/537.36 (compatible; Googlebot/2.1; +http://www.google.com/bot.html)"
66.249.73.103 - - [09/May/2025:17:41:52 -0400] "GET /?_gl=1%2Argknbr%2A_ga%2AMzY3MjE1MDcwLjE3MzcwOTUyMjA.%2A_ga_0VKVKKN4NV%2AMTczNzEwMjM4NC4yLjEuMTczNzEwMjQ1My42MC4wLjA.&_bd_prev_page=https%3A%2F%2Fsoundframestudios.net%2Fdetail.php%3Fshopdetail%2F17219808 HTTP/1.1" 200 32290 "-" "Mozilla/5.0 (Linux; Android 6.0.1; Nexus 5X Build/MMB29P) AppleWebKit/537.36 (KHTML, like Gecko) Chrome/136.0.7103.59 Mobile Safari/537.36 (compatible; Googlebot/2.1; +http://www.google.com/bot.html)"
66.249.73.96 - - [09/May/2025:17:42:36 -0400] "GET /?_gl=1*rgknbr*_ga*MzY3MjE1MDcwLjE3MzcwOTUyMjA.*_ga_0VKVKKN4NV*MTczNzEwMjM4NC4yLjEuMTczNzEwMjQ1My42MC4wLjA.&_bd_prev_page=https://soundframestudios.net/detail.php?shopdetail/19150008 HTTP/1.1" 301 1 "-" "Mozilla/5.0 (Linux; Android 6.0.1; Nexus 5X Build/MMB29P) AppleWebKit/537.36 (KHTML, like Gecko) Chrome/136.0.7103.59 Mobile Safari/537.36 (compatible; Googlebot/2.1; +http://www.google.com/bot.html)"
66.249.73.102 - - [09/May/2025:17:42:37 -0400] "GET /?_gl=1%2Argknbr%2A_ga%2AMzY3MjE1MDcwLjE3MzcwOTUyMjA.%2A_ga_0VKVKKN4NV%2AMTczNzEwMjM4NC4yLjEuMTczNzEwMjQ1My42MC4wLjA.&_bd_prev_page=https%3A%2F%2Fsoundframestudios.net%2Fdetail.php%3Fshopdetail%2F19150008 HTTP/1.1" 200 32292 "-" "Mozilla/5.0 (Linux; Android 6.0.1; Nexus 5X Build/MMB29P) AppleWebKit/537.36 (KHTML, like Gecko) Chrome/136.0.7103.59 Mobile Safari/537.36 (compatible; Googlebot/2.1; +http://www.google.com/bot.html)"
66.249.73.102 - - [09/May/2025:17:43:27 -0400] "GET /?_gl=1*rgknbr*_ga*MzY3MjE1MDcwLjE3MzcwOTUyMjA.*_ga_0VKVKKN4NV*MTczNzEwMjM4NC4yLjEuMTczNzEwMjQ1My42MC4wLjA.&_bd_prev_page=https://soundframestudios.net/detail.php?shopdetail/24636919 HTTP/1.1" 301 1 "-" "Mozilla/5.0 (Linux; Android 6.0.1; Nexus 5X Build/MMB29P) AppleWebKit/537.36 (KHTML, like Gecko) Chrome/136.0.7103.59 Mobile Safari/537.36 (compatible; Googlebot/2.1; +http://www.google.com/bot.html)"
66.249.73.96 - - [09/May/2025:17:43:28 -0400] "GET /?_gl=1%2Argknbr%2A_ga%2AMzY3MjE1MDcwLjE3MzcwOTUyMjA.%2A_ga_0VKVKKN4NV%2AMTczNzEwMjM4NC4yLjEuMTczNzEwMjQ1My42MC4wLjA.&_bd_prev_page=https%3A%2F%2Fsoundframestudios.net%2Fdetail.php%3Fshopdetail%2F24636919 HTTP/1.1" 200 32282 "-" "Mozilla/5.0 (Linux; Android 6.0.1; Nexus 5X Build/MMB29P) AppleWebKit/537.36 (KHTML, like Gecko) Chrome/136.0.7103.59 Mobile Safari/537.36 (compatible; Googlebot/2.1; +http://www.google.com/bot.html)"
43.153.76.247 - - [09/May/2025:17:43:59 -0400] "GET / HTTP/1.1" 200 186420 "http://soundframestudios.net" "Mozilla/5.0 (iPhone; CPU iPhone OS 13_2_3 like Mac OS X) AppleWebKit/605.1.15 (KHTML, like Gecko) Version/13.0.3 Mobile/15E148 Safari/604.1"
66.249.73.96 - - [09/May/2025:17:44:18 -0400] "GET /?_gl=1*rgknbr*_ga*MzY3MjE1MDcwLjE3MzcwOTUyMjA.*_ga_0VKVKKN4NV*MTczNzEwMjM4NC4yLjEuMTczNzEwMjQ1My42MC4wLjA.&_bd_prev_page=https://soundframestudios.net/detail.php?shopdetail/18924431 HTTP/1.1" 301 1 "-" "Mozilla/5.0 (Linux; Android 6.0.1; Nexus 5X Build/MMB29P) AppleWebKit/537.36 (KHTML, like Gecko) Chrome/136.0.7103.59 Mobile Safari/537.36 (compatible; Googlebot/2.1; +http://www.google.com/bot.html)"
66.249.73.103 - - [09/May/2025:17:44:19 -0400] "GET /?_gl=1%2Argknbr%2A_ga%2AMzY3MjE1MDcwLjE3MzcwOTUyMjA.%2A_ga_0VKVKKN4NV%2AMTczNzEwMjM4NC4yLjEuMTczNzEwMjQ1My42MC4wLjA.&_bd_prev_page=https%3A%2F%2Fsoundframestudios.net%2Fdetail.php%3Fshopdetail%2F18924431 HTTP/1.1" 200 32284 "-" "Mozilla/5.0 (Linux; Android 6.0.1; Nexus 5X Build/MMB29P) AppleWebKit/537.36 (KHTML, like Gecko) Chrome/136.0.7103.59 Mobile Safari/537.36 (compatible; Googlebot/2.1; +http://www.google.com/bot.html)"
66.249.73.102 - - [09/May/2025:17:44:23 -0400] "GET /?_gl=1*rgknbr*_ga*MzY3MjE1MDcwLjE3MzcwOTUyMjA.*_ga_0VKVKKN4NV*MTczNzEwMjM4NC4yLjEuMTczNzEwMjQ1My42MC4wLjA.&_bd_prev_page=https://soundframestudios.net/detail.php?shopdetail/14439908 HTTP/1.1" 301 1 "-" "Mozilla/5.0 (Linux; Android 6.0.1; Nexus 5X Build/MMB29P) AppleWebKit/537.36 (KHTML, like Gecko) Chrome/136.0.7103.59 Mobile Safari/537.36 (compatible; Googlebot/2.1; +http://www.google.com/bot.html)"
66.249.73.102 - - [09/May/2025:17:44:23 -0400] "GET /?_gl=1%2Argknbr%2A_ga%2AMzY3MjE1MDcwLjE3MzcwOTUyMjA.%2A_ga_0VKVKKN4NV%2AMTczNzEwMjM4NC4yLjEuMTczNzEwMjQ1My42MC4wLjA.&_bd_prev_page=https%3A%2F%2Fsoundframestudios.net%2Fdetail.php%3Fshopdetail%2F14439908 HTTP/1.1" 200 32283 "-" "Mozilla/5.0 (Linux; Android 6.0.1; Nexus 5X Build/MMB29P) AppleWebKit/537.36 (KHTML, like Gecko) Chrome/136.0.7103.59 Mobile Safari/537.36 (compatible; Googlebot/2.1; +http://www.google.com/bot.html)"
66.249.73.96 - - [09/May/2025:17:45:19 -0400] "GET /?_gl=1*rgknbr*_ga*MzY3MjE1MDcwLjE3MzcwOTUyMjA.*_ga_0VKVKKN4NV*MTczNzEwMjM4NC4yLjEuMTczNzEwMjQ1My42MC4wLjA.&_bd_prev_page=https://soundframestudios.net/detail.php?shopdetail/16653431 HTTP/1.1" 301 1 "-" "Mozilla/5.0 (Linux; Android 6.0.1; Nexus 5X Build/MMB29P) AppleWebKit/537.36 (KHTML, like Gecko) Chrome/136.0.7103.59 Mobile Safari/537.36 (compatible; Googlebot/2.1; +http://www.google.com/bot.html)"
66.249.73.103 - - [09/May/2025:17:45:20 -0400] "GET /?_gl=1%2Argknbr%2A_ga%2AMzY3MjE1MDcwLjE3MzcwOTUyMjA.%2A_ga_0VKVKKN4NV%2AMTczNzEwMjM4NC4yLjEuMTczNzEwMjQ1My42MC4wLjA.&_bd_prev_page=https%3A%2F%2Fsoundframestudios.net%2Fdetail.php%3Fshopdetail%2F16653431 HTTP/1.1" 200 32283 "-" "Mozilla/5.0 (Linux; Android 6.0.1; Nexus 5X Build/MMB29P) AppleWebKit/537.36 (KHTML, like Gecko) Chrome/136.0.7103.59 Mobile Safari/537.36 (compatible; Googlebot/2.1; +http://www.google.com/bot.html)"
