66.249.64.227 - - [30/Apr/2025:02:02:38 -0400] "GET /zhHant/product/surugaya/54162247?campaign_uid=f64d716db5e979ed2f947dbaf4296895b951ae7f HTTP/1.1" 404 20955 "-" "Mozilla/5.0 (Linux; Android 6.0.1; Nexus 5X Build/MMB29P) AppleWebKit/537.36 (KHTML, like Gecko) Chrome/135.0.7049.95 Mobile Safari/537.36 (compatible; GoogleOther)"
199.241.224.222 - - [30/Apr/2025:02:07:43 -0400] "POST /wp-comments-post.php HTTP/1.1" 302 - "-" "Mozilla/5.0 (Windows NT 10.0; Win64; x64) AppleWebKit/537.36 (KHTML, like Gecko) Chrome/120.0.0.0 Safari/537.36"
199.241.224.222 - - [30/Apr/2025:02:07:44 -0400] "POST /wp-comments-post.php HTTP/1.1" 429 2586 "-" "Mozilla/5.0 (Windows NT 10.0; Win64; x64) AppleWebKit/537.36 (KHTML, like Gecko) Chrome/120.0.0.0 Safari/537.36"
69.167.171.25 - - [30/Apr/2025:02:16:53 -0400] "POST /wp-cron.php?doing_wp_cron=1745993813.0532031059265136718750 HTTP/1.1" 200 1 "-" "WordPress/6.8; https://soundframestudios.net"
66.249.64.226 - - [30/Apr/2025:02:16:52 -0400] "GET /safe_search/config?return_url=/product/detail/46355834 HTTP/1.1" 404 20929 "-" "Mozilla/5.0 (Linux; Android 6.0.1; Nexus 5X Build/MMB29P) AppleWebKit/537.36 (KHTML, like Gecko) Chrome/135.0.7049.95 Mobile Safari/537.36 (compatible; Googlebot/2.1; +http://www.google.com/bot.html)"
66.249.64.228 - - [30/Apr/2025:02:31:06 -0400] "GET /?_gl=1*rgknbr*_ga*MzY3MjE1MDcwLjE3MzcwOTUyMjA.*_ga_0VKVKKN4NV*MTczNzEwMjM4NC4yLjEuMTczNzEwMjQ1My42MC4wLjA.&_bd_prev_page=https://soundframestudios.net/detail.php?shopdetail/8224486 HTTP/1.1" 301 1 "-" "Mozilla/5.0 (Linux; Android 6.0.1; Nexus 5X Build/MMB29P) AppleWebKit/537.36 (KHTML, like Gecko) Chrome/135.0.7049.114 Mobile Safari/537.36 (compatible; Googlebot/2.1; +http://www.google.com/bot.html)"
66.249.64.228 - - [30/Apr/2025:02:31:07 -0400] "GET /?_gl=1%2Argknbr%2A_ga%2AMzY3MjE1MDcwLjE3MzcwOTUyMjA.%2A_ga_0VKVKKN4NV%2AMTczNzEwMjM4NC4yLjEuMTczNzEwMjQ1My42MC4wLjA.&_bd_prev_page=https%3A%2F%2Fsoundframestudios.net%2Fdetail.php%3Fshopdetail%2F8224486 HTTP/1.1" 200 32287 "-" "Mozilla/5.0 (Linux; Android 6.0.1; Nexus 5X Build/MMB29P) AppleWebKit/537.36 (KHTML, like Gecko) Chrome/135.0.7049.114 Mobile Safari/537.36 (compatible; Googlebot/2.1; +http://www.google.com/bot.html)"
115.77.173.131 - - [30/Apr/2025:02:40:06 -0400] "POST /wp-comments-post.php HTTP/1.1" 302 - "-" "Mozilla/5.0 (Windows NT 10.0; Win64; x64) AppleWebKit/537.36 (KHTML, like Gecko) Chrome/120.0.0.0 Safari/537.36"
115.77.173.131 - - [30/Apr/2025:02:40:08 -0400] "POST /wp-comments-post.php HTTP/1.1" 429 2586 "-" "Mozilla/5.0 (Windows NT 10.0; Win64; x64) AppleWebKit/537.36 (KHTML, like Gecko) Chrome/120.0.0.0 Safari/537.36"
167.94.146.58 - - [30/Apr/2025:02:43:20 -0400] "GET /favicon.ico HTTP/1.1" 401 53 "http://webdisk.soundframestudios.net/favicon.ico" "Mozilla/5.0 (compatible; CensysInspect/1.1; +https://about.censys.io/)"
66.249.64.228 - - [30/Apr/2025:02:45:06 -0400] "GET /?_gl=1*rgknbr*_ga*MzY3MjE1MDcwLjE3MzcwOTUyMjA.*_ga_0VKVKKN4NV*MTczNzEwMjM4NC4yLjEuMTczNzEwMjQ1My42MC4wLjA.&_bd_prev_page=https://soundframestudios.net/detail.php?shopdetail/8584164 HTTP/1.1" 301 1 "-" "Mozilla/5.0 (Linux; Android 6.0.1; Nexus 5X Build/MMB29P) AppleWebKit/537.36 (KHTML, like Gecko) Chrome/135.0.7049.114 Mobile Safari/537.36 (compatible; Googlebot/2.1; +http://www.google.com/bot.html)"
66.249.64.226 - - [30/Apr/2025:02:45:06 -0400] "GET /?_gl=1%2Argknbr%2A_ga%2AMzY3MjE1MDcwLjE3MzcwOTUyMjA.%2A_ga_0VKVKKN4NV%2AMTczNzEwMjM4NC4yLjEuMTczNzEwMjQ1My42MC4wLjA.&_bd_prev_page=https%3A%2F%2Fsoundframestudios.net%2Fdetail.php%3Fshopdetail%2F8584164 HTTP/1.1" 200 32287 "-" "Mozilla/5.0 (Linux; Android 6.0.1; Nexus 5X Build/MMB29P) AppleWebKit/537.36 (KHTML, like Gecko) Chrome/135.0.7049.114 Mobile Safari/537.36 (compatible; Googlebot/2.1; +http://www.google.com/bot.html)"
66.249.64.227 - - [30/Apr/2025:02:48:06 -0400] "GET /?_gl=1*rgknbr*_ga*MzY3MjE1MDcwLjE3MzcwOTUyMjA.*_ga_0VKVKKN4NV*MTczNzEwMjM4NC4yLjEuMTczNzEwMjQ1My42MC4wLjA.&_bd_prev_page=https://soundframestudios.net/detail.php?shopdetail/18040153 HTTP/1.1" 301 1 "-" "Mozilla/5.0 (Linux; Android 6.0.1; Nexus 5X Build/MMB29P) AppleWebKit/537.36 (KHTML, like Gecko) Chrome/135.0.7049.114 Mobile Safari/537.36 (compatible; Googlebot/2.1; +http://www.google.com/bot.html)"
66.249.64.227 - - [30/Apr/2025:02:48:07 -0400] "GET /?_gl=1%2Argknbr%2A_ga%2AMzY3MjE1MDcwLjE3MzcwOTUyMjA.%2A_ga_0VKVKKN4NV%2AMTczNzEwMjM4NC4yLjEuMTczNzEwMjQ1My42MC4wLjA.&_bd_prev_page=https%3A%2F%2Fsoundframestudios.net%2Fdetail.php%3Fshopdetail%2F18040153 HTTP/1.1" 200 32287 "-" "Mozilla/5.0 (Linux; Android 6.0.1; Nexus 5X Build/MMB29P) AppleWebKit/537.36 (KHTML, like Gecko) Chrome/135.0.7049.114 Mobile Safari/537.36 (compatible; Googlebot/2.1; +http://www.google.com/bot.html)"
66.249.64.227 - - [30/Apr/2025:02:51:52 -0400] "GET /?_gl=1*rgknbr*_ga*MzY3MjE1MDcwLjE3MzcwOTUyMjA.*_ga_0VKVKKN4NV*MTczNzEwMjM4NC4yLjEuMTczNzEwMjQ1My42MC4wLjA.&_bd_prev_page=https://soundframestudios.net/detail.php?shopdetail/30331620 HTTP/1.1" 301 1 "-" "Mozilla/5.0 (Linux; Android 6.0.1; Nexus 5X Build/MMB29P) AppleWebKit/537.36 (KHTML, like Gecko) Chrome/135.0.7049.95 Mobile Safari/537.36 (compatible; Googlebot/2.1; +http://www.google.com/bot.html)"
66.249.64.227 - - [30/Apr/2025:02:51:53 -0400] "GET /?_gl=1%2Argknbr%2A_ga%2AMzY3MjE1MDcwLjE3MzcwOTUyMjA.%2A_ga_0VKVKKN4NV%2AMTczNzEwMjM4NC4yLjEuMTczNzEwMjQ1My42MC4wLjA.&_bd_prev_page=https%3A%2F%2Fsoundframestudios.net%2Fdetail.php%3Fshopdetail%2F30331620 HTTP/1.1" 200 32287 "-" "Mozilla/5.0 (Linux; Android 6.0.1; Nexus 5X Build/MMB29P) AppleWebKit/537.36 (KHTML, like Gecko) Chrome/135.0.7049.95 Mobile Safari/537.36 (compatible; Googlebot/2.1; +http://www.google.com/bot.html)"
66.249.64.228 - - [30/Apr/2025:02:53:00 -0400] "GET /zhHant/product/surugaya/92857639?campaign_uid=f64d716db5e979ed2f947dbaf4296895b951ae7f HTTP/1.1" 404 20955 "-" "Mozilla/5.0 (Linux; Android 6.0.1; Nexus 5X Build/MMB29P) AppleWebKit/537.36 (KHTML, like Gecko) Chrome/135.0.7049.95 Mobile Safari/537.36 (compatible; GoogleOther)"
94.130.50.78 - - [30/Apr/2025:02:54:27 -0400] "POST /xmlrpc.php HTTP/1.1" 200 403 "-" "Mozilla/5.0 (Linux; Android 10; SM-A102U) AppleWebKit/537.36 (KHTML, like Gecko) Chrome/91.0.4472.114 Mobile Safari/537.36"
217.182.139.156 - - [30/Apr/2025:02:54:28 -0400] "POST /xmlrpc.php HTTP/1.1" 200 403 "-" "Mozilla/5.0 (Windows NT 10.0; Win64; x64) AppleWebKit/537.36 (KHTML, like Gecko) Chrome/88.0.4324.104 Safari/537.36"
54.36.142.130 - - [30/Apr/2025:02:54:28 -0400] "POST /xmlrpc.php HTTP/1.1" 200 403 "-" "Mozilla/5.0 (Windows NT 10.0; Win64; x64) AppleWebKit/537.36 (KHTML, like Gecko) Chrome/88.0.4324.190 Safari/537.36"
94.46.178.8 - - [30/Apr/2025:02:54:33 -0400] "POST /xmlrpc.php HTTP/1.1" 200 403 "-" "Mozilla/5.0 (Windows; U; Windows NT 5.1; en-US; rv:1.7.10) Gecko/20050716 Firefox/1.0.6"
94.130.50.78 - - [30/Apr/2025:02:54:34 -0400] "POST /xmlrpc.php HTTP/1.1" 200 403 "-" "Mozilla/5.0 (Windows NT 10.0; Win64; x64; rv:84.0) Gecko/20100101 Firefox/84.0"
138.68.89.161 - - [30/Apr/2025:02:54:41 -0400] "POST /xmlrpc.php HTTP/1.1" 200 403 "-" "Mozilla/5.0 (Windows NT 10.0; Win64; x64) AppleWebKit/537.36 (KHTML, like Gecko) Chrome/87.0.4280.88 Safari/537.36"
5.78.78.176 - - [30/Apr/2025:02:54:41 -0400] "POST /xmlrpc.php HTTP/1.1" 200 403 "-" "Mozilla/5.0 (Linux; Android 10; SM-G960U) AppleWebKit/537.36 (KHTML, like Gecko) Chrome/91.0.4472.114 Mobile Safari/537.36"
199.168.188.194 - - [30/Apr/2025:02:54:44 -0400] "POST /xmlrpc.php HTTP/1.1" 200 403 "-" "Mozilla/5.0 (Windows NT 10.0; Win64; x64) AppleWebKit/537.36 (KHTML, like Gecko) Chrome/90.0.4430.93 Safari/537.36"
45.32.240.193 - - [30/Apr/2025:02:54:47 -0400] "POST /xmlrpc.php HTTP/1.1" 200 403 "-" "Mozilla/5.0 (Windows NT 10.0; Win64; x64) AppleWebKit/537.36 (KHTML, like Gecko) Chrome/65.0.3325.181 Safari/537.36"
154.221.21.206 - - [30/Apr/2025:02:54:58 -0400] "POST /xmlrpc.php HTTP/1.1" 200 403 "-" "Mozilla/5.0 (iPhone; CPU iPhone OS 14_6 like Mac OS X) AppleWebKit/605.1.15 (KHTML, like Gecko) CriOS/91.0.4472.80 Mobile/15E148 Safari/604.1"
8.211.36.6 - - [30/Apr/2025:02:55:00 -0400] "POST /xmlrpc.php HTTP/1.1" 200 403 "-" "Mozilla/5.0 (Windows NT 10.0; Win64; x64) AppleWebKit/537.36 (KHTML, like Gecko) Chrome/63.0.3239.132 Safari/537.36"
66.249.64.226 - - [30/Apr/2025:03:02:51 -0400] "GET /?_gl=1*rgknbr*_ga*MzY3MjE1MDcwLjE3MzcwOTUyMjA.*_ga_0VKVKKN4NV*MTczNzEwMjM4NC4yLjEuMTczNzEwMjQ1My42MC4wLjA.&_bd_prev_page=https://soundframestudios.net/detail.php?shopdetail/29703808 HTTP/1.1" 301 1 "-" "Mozilla/5.0 (Linux; Android 6.0.1; Nexus 5X Build/MMB29P) AppleWebKit/537.36 (KHTML, like Gecko) Chrome/135.0.7049.95 Mobile Safari/537.36 (compatible; Googlebot/2.1; +http://www.google.com/bot.html)"
66.249.64.226 - - [30/Apr/2025:03:02:52 -0400] "GET /?_gl=1%2Argknbr%2A_ga%2AMzY3MjE1MDcwLjE3MzcwOTUyMjA.%2A_ga_0VKVKKN4NV%2AMTczNzEwMjM4NC4yLjEuMTczNzEwMjQ1My42MC4wLjA.&_bd_prev_page=https%3A%2F%2Fsoundframestudios.net%2Fdetail.php%3Fshopdetail%2F29703808 HTTP/1.1" 200 32285 "-" "Mozilla/5.0 (Linux; Android 6.0.1; Nexus 5X Build/MMB29P) AppleWebKit/537.36 (KHTML, like Gecko) Chrome/135.0.7049.95 Mobile Safari/537.36 (compatible; Googlebot/2.1; +http://www.google.com/bot.html)"
66.249.64.227 - - [30/Apr/2025:03:07:06 -0400] "GET /shopdetail/29944386 HTTP/1.1" 404 20908 "-" "Mozilla/5.0 (Linux; Android 6.0.1; Nexus 5X Build/MMB29P) AppleWebKit/537.36 (KHTML, like Gecko) Chrome/135.0.7049.114 Mobile Safari/537.36 (compatible; Googlebot/2.1; +http://www.google.com/bot.html)"
66.249.64.227 - - [30/Apr/2025:03:07:53 -0400] "GET /pcmypage?callback=product/detail/24093073 HTTP/1.1" 404 20921 "-" "Mozilla/5.0 (Linux; Android 6.0.1; Nexus 5X Build/MMB29P) AppleWebKit/537.36 (KHTML, like Gecko) Chrome/135.0.7049.95 Mobile Safari/537.36 (compatible; Googlebot/2.1; +http://www.google.com/bot.html)"
66.249.64.227 - - [30/Apr/2025:03:09:06 -0400] "GET /?_gl=1*rgknbr*_ga*MzY3MjE1MDcwLjE3MzcwOTUyMjA.*_ga_0VKVKKN4NV*MTczNzEwMjM4NC4yLjEuMTczNzEwMjQ1My42MC4wLjA.&_bd_prev_page=https://soundframestudios.net/detail.php?shopdetail/14224353 HTTP/1.1" 301 1 "-" "Mozilla/5.0 (Linux; Android 6.0.1; Nexus 5X Build/MMB29P) AppleWebKit/537.36 (KHTML, like Gecko) Chrome/135.0.7049.114 Mobile Safari/537.36 (compatible; Googlebot/2.1; +http://www.google.com/bot.html)"
66.249.64.227 - - [30/Apr/2025:03:09:06 -0400] "GET /?_gl=1%2Argknbr%2A_ga%2AMzY3MjE1MDcwLjE3MzcwOTUyMjA.%2A_ga_0VKVKKN4NV%2AMTczNzEwMjM4NC4yLjEuMTczNzEwMjQ1My42MC4wLjA.&_bd_prev_page=https%3A%2F%2Fsoundframestudios.net%2Fdetail.php%3Fshopdetail%2F14224353 HTTP/1.1" 200 32288 "-" "Mozilla/5.0 (Linux; Android 6.0.1; Nexus 5X Build/MMB29P) AppleWebKit/537.36 (KHTML, like Gecko) Chrome/135.0.7049.114 Mobile Safari/537.36 (compatible; Googlebot/2.1; +http://www.google.com/bot.html)"
156.59.198.135 - - [30/Apr/2025:03:10:58 -0400] "GET /wp-content/uploads/2025/01/8-2.png HTTP/2.0" 200 1240688 "-" "Mozilla/5.0 (Linux; Android 5.0) AppleWebKit/537.36 (KHTML, like Gecko) Mobile Safari/537.36 (compatible; Bytespider; spider-feedback@bytedance.com)"
149.102.230.133 - - [30/Apr/2025:03:12:38 -0400] "GET / HTTP/1.1" 401 36 "-" "Mozilla/5.0 (Windows NT 10.0; Win64; x64) AppleWebKit/537.36 (KHTML, like Gecko) Chrome/78.0.3904.108 Safari/537.36"
149.102.230.133 - - [30/Apr/2025:03:12:38 -0400] "GET //wp-includes/wlwmanifest.xml HTTP/1.1" 401 36 "-" "Mozilla/5.0 (Windows NT 10.0; Win64; x64) AppleWebKit/537.36 (KHTML, like Gecko) Chrome/78.0.3904.108 Safari/537.36"
149.102.230.133 - - [30/Apr/2025:03:12:39 -0400] "GET //xmlrpc.php?rsd HTTP/1.1" 401 36 "-" "Mozilla/5.0 (Windows NT 10.0; Win64; x64) AppleWebKit/537.36 (KHTML, like Gecko) Chrome/78.0.3904.108 Safari/537.36"
149.102.230.133 - - [30/Apr/2025:03:12:39 -0400] "GET / HTTP/1.1" 401 36 "-" "Mozilla/5.0 (Windows NT 10.0; Win64; x64) AppleWebKit/537.36 (KHTML, like Gecko) Chrome/78.0.3904.108 Safari/537.36"
149.102.230.133 - - [30/Apr/2025:03:12:39 -0400] "GET //blog/wp-includes/wlwmanifest.xml HTTP/1.1" 401 36 "-" "Mozilla/5.0 (Windows NT 10.0; Win64; x64) AppleWebKit/537.36 (KHTML, like Gecko) Chrome/78.0.3904.108 Safari/537.36"
149.102.230.133 - - [30/Apr/2025:03:12:39 -0400] "GET //web/wp-includes/wlwmanifest.xml HTTP/1.1" 401 36 "-" "Mozilla/5.0 (Windows NT 10.0; Win64; x64) AppleWebKit/537.36 (KHTML, like Gecko) Chrome/78.0.3904.108 Safari/537.36"
149.102.230.133 - - [30/Apr/2025:03:12:39 -0400] "GET //wordpress/wp-includes/wlwmanifest.xml HTTP/1.1" 401 36 "-" "Mozilla/5.0 (Windows NT 10.0; Win64; x64) AppleWebKit/537.36 (KHTML, like Gecko) Chrome/78.0.3904.108 Safari/537.36"
149.102.230.133 - - [30/Apr/2025:03:12:39 -0400] "GET //website/wp-includes/wlwmanifest.xml HTTP/1.1" 401 36 "-" "Mozilla/5.0 (Windows NT 10.0; Win64; x64) AppleWebKit/537.36 (KHTML, like Gecko) Chrome/78.0.3904.108 Safari/537.36"
149.102.230.133 - - [30/Apr/2025:03:12:40 -0400] "GET //wp/wp-includes/wlwmanifest.xml HTTP/1.1" 401 36 "-" "Mozilla/5.0 (Windows NT 10.0; Win64; x64) AppleWebKit/537.36 (KHTML, like Gecko) Chrome/78.0.3904.108 Safari/537.36"
149.102.230.133 - - [30/Apr/2025:03:12:40 -0400] "GET //news/wp-includes/wlwmanifest.xml HTTP/1.1" 401 36 "-" "Mozilla/5.0 (Windows NT 10.0; Win64; x64) AppleWebKit/537.36 (KHTML, like Gecko) Chrome/78.0.3904.108 Safari/537.36"
149.102.230.133 - - [30/Apr/2025:03:12:40 -0400] "GET //2018/wp-includes/wlwmanifest.xml HTTP/1.1" 401 36 "-" "Mozilla/5.0 (Windows NT 10.0; Win64; x64) AppleWebKit/537.36 (KHTML, like Gecko) Chrome/78.0.3904.108 Safari/537.36"
149.102.230.133 - - [30/Apr/2025:03:12:40 -0400] "GET //2019/wp-includes/wlwmanifest.xml HTTP/1.1" 401 36 "-" "Mozilla/5.0 (Windows NT 10.0; Win64; x64) AppleWebKit/537.36 (KHTML, like Gecko) Chrome/78.0.3904.108 Safari/537.36"
149.102.230.133 - - [30/Apr/2025:03:12:40 -0400] "GET //shop/wp-includes/wlwmanifest.xml HTTP/1.1" 401 36 "-" "Mozilla/5.0 (Windows NT 10.0; Win64; x64) AppleWebKit/537.36 (KHTML, like Gecko) Chrome/78.0.3904.108 Safari/537.36"
149.102.230.133 - - [30/Apr/2025:03:12:40 -0400] "GET //wp1/wp-includes/wlwmanifest.xml HTTP/1.1" 401 36 "-" "Mozilla/5.0 (Windows NT 10.0; Win64; x64) AppleWebKit/537.36 (KHTML, like Gecko) Chrome/78.0.3904.108 Safari/537.36"
149.102.230.133 - - [30/Apr/2025:03:12:41 -0400] "GET //test/wp-includes/wlwmanifest.xml HTTP/1.1" 401 36 "-" "Mozilla/5.0 (Windows NT 10.0; Win64; x64) AppleWebKit/537.36 (KHTML, like Gecko) Chrome/78.0.3904.108 Safari/537.36"
149.102.230.133 - - [30/Apr/2025:03:12:41 -0400] "GET //media/wp-includes/wlwmanifest.xml HTTP/1.1" 401 36 "-" "Mozilla/5.0 (Windows NT 10.0; Win64; x64) AppleWebKit/537.36 (KHTML, like Gecko) Chrome/78.0.3904.108 Safari/537.36"
149.102.230.133 - - [30/Apr/2025:03:12:41 -0400] "GET //wp2/wp-includes/wlwmanifest.xml HTTP/1.1" 401 36 "-" "Mozilla/5.0 (Windows NT 10.0; Win64; x64) AppleWebKit/537.36 (KHTML, like Gecko) Chrome/78.0.3904.108 Safari/537.36"
149.102.230.133 - - [30/Apr/2025:03:12:41 -0400] "GET //site/wp-includes/wlwmanifest.xml HTTP/1.1" 401 36 "-" "Mozilla/5.0 (Windows NT 10.0; Win64; x64) AppleWebKit/537.36 (KHTML, like Gecko) Chrome/78.0.3904.108 Safari/537.36"
149.102.230.133 - - [30/Apr/2025:03:12:41 -0400] "GET //cms/wp-includes/wlwmanifest.xml HTTP/1.1" 401 36 "-" "Mozilla/5.0 (Windows NT 10.0; Win64; x64) AppleWebKit/537.36 (KHTML, like Gecko) Chrome/78.0.3904.108 Safari/537.36"
149.102.230.133 - - [30/Apr/2025:03:12:41 -0400] "GET //sito/wp-includes/wlwmanifest.xml HTTP/1.1" 401 36 "-" "Mozilla/5.0 (Windows NT 10.0; Win64; x64) AppleWebKit/537.36 (KHTML, like Gecko) Chrome/78.0.3904.108 Safari/537.36"
69.167.171.25 - - [30/Apr/2025:03:13:06 -0400] "POST /wp-cron.php?doing_wp_cron=1745997186.7590119838714599609375 HTTP/1.1" 200 1 "-" "WordPress/6.8; https://soundframestudios.net"
66.249.64.226 - - [30/Apr/2025:03:13:06 -0400] "GET /?_gl=1*rgknbr*_ga*MzY3MjE1MDcwLjE3MzcwOTUyMjA.*_ga_0VKVKKN4NV*MTczNzEwMjM4NC4yLjEuMTczNzEwMjQ1My42MC4wLjA.&_bd_prev_page=https://soundframestudios.net/detail.php?shopdetail/24657020 HTTP/1.1" 301 1 "-" "Mozilla/5.0 (Linux; Android 6.0.1; Nexus 5X Build/MMB29P) AppleWebKit/537.36 (KHTML, like Gecko) Chrome/135.0.7049.114 Mobile Safari/537.36 (compatible; Googlebot/2.1; +http://www.google.com/bot.html)"
66.249.64.227 - - [30/Apr/2025:03:13:07 -0400] "GET /?_gl=1%2Argknbr%2A_ga%2AMzY3MjE1MDcwLjE3MzcwOTUyMjA.%2A_ga_0VKVKKN4NV%2AMTczNzEwMjM4NC4yLjEuMTczNzEwMjQ1My42MC4wLjA.&_bd_prev_page=https%3A%2F%2Fsoundframestudios.net%2Fdetail.php%3Fshopdetail%2F24657020 HTTP/1.1" 200 32288 "-" "Mozilla/5.0 (Linux; Android 6.0.1; Nexus 5X Build/MMB29P) AppleWebKit/537.36 (KHTML, like Gecko) Chrome/135.0.7049.114 Mobile Safari/537.36 (compatible; Googlebot/2.1; +http://www.google.com/bot.html)"
66.249.64.226 - - [30/Apr/2025:03:15:06 -0400] "GET /?_gl=1*rgknbr*_ga*MzY3MjE1MDcwLjE3MzcwOTUyMjA.*_ga_0VKVKKN4NV*MTczNzEwMjM4NC4yLjEuMTczNzEwMjQ1My42MC4wLjA.&_bd_prev_page=https://soundframestudios.net/detail.php?shopdetail/5388764 HTTP/1.1" 301 1 "-" "Mozilla/5.0 (Linux; Android 6.0.1; Nexus 5X Build/MMB29P) AppleWebKit/537.36 (KHTML, like Gecko) Chrome/135.0.7049.114 Mobile Safari/537.36 (compatible; Googlebot/2.1; +http://www.google.com/bot.html)"
66.249.64.228 - - [30/Apr/2025:03:15:06 -0400] "GET /?_gl=1%2Argknbr%2A_ga%2AMzY3MjE1MDcwLjE3MzcwOTUyMjA.%2A_ga_0VKVKKN4NV%2AMTczNzEwMjM4NC4yLjEuMTczNzEwMjQ1My42MC4wLjA.&_bd_prev_page=https%3A%2F%2Fsoundframestudios.net%2Fdetail.php%3Fshopdetail%2F5388764 HTTP/1.1" 200 32287 "-" "Mozilla/5.0 (Linux; Android 6.0.1; Nexus 5X Build/MMB29P) AppleWebKit/537.36 (KHTML, like Gecko) Chrome/135.0.7049.114 Mobile Safari/537.36 (compatible; Googlebot/2.1; +http://www.google.com/bot.html)"
66.249.64.228 - - [30/Apr/2025:03:31:06 -0400] "GET /?_gl=1*rgknbr*_ga*MzY3MjE1MDcwLjE3MzcwOTUyMjA.*_ga_0VKVKKN4NV*MTczNzEwMjM4NC4yLjEuMTczNzEwMjQ1My42MC4wLjA.&_bd_prev_page=https://soundframestudios.net/detail.php?shopdetail/6707753 HTTP/1.1" 301 1 "-" "Mozilla/5.0 (Linux; Android 6.0.1; Nexus 5X Build/MMB29P) AppleWebKit/537.36 (KHTML, like Gecko) Chrome/135.0.7049.114 Mobile Safari/537.36 (compatible; Googlebot/2.1; +http://www.google.com/bot.html)"
66.249.64.226 - - [30/Apr/2025:03:31:07 -0400] "GET /?_gl=1%2Argknbr%2A_ga%2AMzY3MjE1MDcwLjE3MzcwOTUyMjA.%2A_ga_0VKVKKN4NV%2AMTczNzEwMjM4NC4yLjEuMTczNzEwMjQ1My42MC4wLjA.&_bd_prev_page=https%3A%2F%2Fsoundframestudios.net%2Fdetail.php%3Fshopdetail%2F6707753 HTTP/1.1" 200 32287 "-" "Mozilla/5.0 (Linux; Android 6.0.1; Nexus 5X Build/MMB29P) AppleWebKit/537.36 (KHTML, like Gecko) Chrome/135.0.7049.114 Mobile Safari/537.36 (compatible; Googlebot/2.1; +http://www.google.com/bot.html)"
66.249.64.227 - - [30/Apr/2025:03:36:06 -0400] "GET /?_gl=1*rgknbr*_ga*MzY3MjE1MDcwLjE3MzcwOTUyMjA.*_ga_0VKVKKN4NV*MTczNzEwMjM4NC4yLjEuMTczNzEwMjQ1My42MC4wLjA.&_bd_prev_page=https://soundframestudios.net/detail.php?shopdetail/26728020 HTTP/1.1" 301 1 "-" "Mozilla/5.0 (Linux; Android 6.0.1; Nexus 5X Build/MMB29P) AppleWebKit/537.36 (KHTML, like Gecko) Chrome/135.0.7049.114 Mobile Safari/537.36 (compatible; Googlebot/2.1; +http://www.google.com/bot.html)"
66.249.64.227 - - [30/Apr/2025:03:36:06 -0400] "GET /?_gl=1%2Argknbr%2A_ga%2AMzY3MjE1MDcwLjE3MzcwOTUyMjA.%2A_ga_0VKVKKN4NV%2AMTczNzEwMjM4NC4yLjEuMTczNzEwMjQ1My42MC4wLjA.&_bd_prev_page=https%3A%2F%2Fsoundframestudios.net%2Fdetail.php%3Fshopdetail%2F26728020 HTTP/1.1" 200 32288 "-" "Mozilla/5.0 (Linux; Android 6.0.1; Nexus 5X Build/MMB29P) AppleWebKit/537.36 (KHTML, like Gecko) Chrome/135.0.7049.114 Mobile Safari/537.36 (compatible; Googlebot/2.1; +http://www.google.com/bot.html)"
66.249.64.226 - - [30/Apr/2025:03:38:06 -0400] "GET /?_gl=1*rgknbr*_ga*MzY3MjE1MDcwLjE3MzcwOTUyMjA.*_ga_0VKVKKN4NV*MTczNzEwMjM4NC4yLjEuMTczNzEwMjQ1My42MC4wLjA.&_bd_prev_page=https://soundframestudios.net/detail.php?shopdetail/17954475 HTTP/1.1" 301 1 "-" "Mozilla/5.0 (Linux; Android 6.0.1; Nexus 5X Build/MMB29P) AppleWebKit/537.36 (KHTML, like Gecko) Chrome/135.0.7049.114 Mobile Safari/537.36 (compatible; Googlebot/2.1; +http://www.google.com/bot.html)"
66.249.64.227 - - [30/Apr/2025:03:38:06 -0400] "GET /?_gl=1%2Argknbr%2A_ga%2AMzY3MjE1MDcwLjE3MzcwOTUyMjA.%2A_ga_0VKVKKN4NV%2AMTczNzEwMjM4NC4yLjEuMTczNzEwMjQ1My42MC4wLjA.&_bd_prev_page=https%3A%2F%2Fsoundframestudios.net%2Fdetail.php%3Fshopdetail%2F17954475 HTTP/1.1" 200 32288 "-" "Mozilla/5.0 (Linux; Android 6.0.1; Nexus 5X Build/MMB29P) AppleWebKit/537.36 (KHTML, like Gecko) Chrome/135.0.7049.114 Mobile Safari/537.36 (compatible; Googlebot/2.1; +http://www.google.com/bot.html)"
66.249.64.226 - - [30/Apr/2025:03:39:06 -0400] "GET /?_gl=1*rgknbr*_ga*MzY3MjE1MDcwLjE3MzcwOTUyMjA.*_ga_0VKVKKN4NV*MTczNzEwMjM4NC4yLjEuMTczNzEwMjQ1My42MC4wLjA.&_bd_prev_page=https://soundframestudios.net/detail.php?shopdetail/28701520 HTTP/1.1" 301 1 "-" "Mozilla/5.0 (Linux; Android 6.0.1; Nexus 5X Build/MMB29P) AppleWebKit/537.36 (KHTML, like Gecko) Chrome/135.0.7049.114 Mobile Safari/537.36 (compatible; Googlebot/2.1; +http://www.google.com/bot.html)"
66.249.64.227 - - [30/Apr/2025:03:39:06 -0400] "GET /?_gl=1%2Argknbr%2A_ga%2AMzY3MjE1MDcwLjE3MzcwOTUyMjA.%2A_ga_0VKVKKN4NV%2AMTczNzEwMjM4NC4yLjEuMTczNzEwMjQ1My42MC4wLjA.&_bd_prev_page=https%3A%2F%2Fsoundframestudios.net%2Fdetail.php%3Fshopdetail%2F28701520 HTTP/1.1" 200 32288 "-" "Mozilla/5.0 (Linux; Android 6.0.1; Nexus 5X Build/MMB29P) AppleWebKit/537.36 (KHTML, like Gecko) Chrome/135.0.7049.114 Mobile Safari/537.36 (compatible; Googlebot/2.1; +http://www.google.com/bot.html)"
66.249.64.227 - - [30/Apr/2025:03:45:06 -0400] "GET /?_gl=1*rgknbr*_ga*MzY3MjE1MDcwLjE3MzcwOTUyMjA.*_ga_0VKVKKN4NV*MTczNzEwMjM4NC4yLjEuMTczNzEwMjQ1My42MC4wLjA.&_bd_prev_page=https://soundframestudios.net/detail.php?shopdetail/4896497 HTTP/1.1" 301 1 "-" "Mozilla/5.0 (Linux; Android 6.0.1; Nexus 5X Build/MMB29P) AppleWebKit/537.36 (KHTML, like Gecko) Chrome/135.0.7049.114 Mobile Safari/537.36 (compatible; Googlebot/2.1; +http://www.google.com/bot.html)"
66.249.64.227 - - [30/Apr/2025:03:45:07 -0400] "GET /?_gl=1%2Argknbr%2A_ga%2AMzY3MjE1MDcwLjE3MzcwOTUyMjA.%2A_ga_0VKVKKN4NV%2AMTczNzEwMjM4NC4yLjEuMTczNzEwMjQ1My42MC4wLjA.&_bd_prev_page=https%3A%2F%2Fsoundframestudios.net%2Fdetail.php%3Fshopdetail%2F4896497 HTTP/1.1" 200 32287 "-" "Mozilla/5.0 (Linux; Android 6.0.1; Nexus 5X Build/MMB29P) AppleWebKit/537.36 (KHTML, like Gecko) Chrome/135.0.7049.114 Mobile Safari/537.36 (compatible; Googlebot/2.1; +http://www.google.com/bot.html)"
66.249.64.227 - - [30/Apr/2025:03:47:06 -0400] "GET /?_gl=1*rgknbr*_ga*MzY3MjE1MDcwLjE3MzcwOTUyMjA.*_ga_0VKVKKN4NV*MTczNzEwMjM4NC4yLjEuMTczNzEwMjQ1My42MC4wLjA.&_bd_prev_page=https://soundframestudios.net/detail.php?shopdetail/19414864 HTTP/1.1" 301 1 "-" "Mozilla/5.0 (Linux; Android 6.0.1; Nexus 5X Build/MMB29P) AppleWebKit/537.36 (KHTML, like Gecko) Chrome/135.0.7049.114 Mobile Safari/537.36 (compatible; Googlebot/2.1; +http://www.google.com/bot.html)"
66.249.64.226 - - [30/Apr/2025:03:47:07 -0400] "GET /?_gl=1%2Argknbr%2A_ga%2AMzY3MjE1MDcwLjE3MzcwOTUyMjA.%2A_ga_0VKVKKN4NV%2AMTczNzEwMjM4NC4yLjEuMTczNzEwMjQ1My42MC4wLjA.&_bd_prev_page=https%3A%2F%2Fsoundframestudios.net%2Fdetail.php%3Fshopdetail%2F19414864 HTTP/1.1" 200 32288 "-" "Mozilla/5.0 (Linux; Android 6.0.1; Nexus 5X Build/MMB29P) AppleWebKit/537.36 (KHTML, like Gecko) Chrome/135.0.7049.114 Mobile Safari/537.36 (compatible; Googlebot/2.1; +http://www.google.com/bot.html)"
66.249.64.227 - - [30/Apr/2025:03:48:06 -0400] "GET /?_gl=1*rgknbr*_ga*MzY3MjE1MDcwLjE3MzcwOTUyMjA.*_ga_0VKVKKN4NV*MTczNzEwMjM4NC4yLjEuMTczNzEwMjQ1My42MC4wLjA.&_bd_prev_page=https://soundframestudios.net/detail.php?shopdetail/4787219 HTTP/1.1" 301 1 "-" "Mozilla/5.0 (Linux; Android 6.0.1; Nexus 5X Build/MMB29P) AppleWebKit/537.36 (KHTML, like Gecko) Chrome/135.0.7049.114 Mobile Safari/537.36 (compatible; Googlebot/2.1; +http://www.google.com/bot.html)"
66.249.64.228 - - [30/Apr/2025:03:48:07 -0400] "GET /?_gl=1%2Argknbr%2A_ga%2AMzY3MjE1MDcwLjE3MzcwOTUyMjA.%2A_ga_0VKVKKN4NV%2AMTczNzEwMjM4NC4yLjEuMTczNzEwMjQ1My42MC4wLjA.&_bd_prev_page=https%3A%2F%2Fsoundframestudios.net%2Fdetail.php%3Fshopdetail%2F4787219 HTTP/1.1" 200 32287 "-" "Mozilla/5.0 (Linux; Android 6.0.1; Nexus 5X Build/MMB29P) AppleWebKit/537.36 (KHTML, like Gecko) Chrome/135.0.7049.114 Mobile Safari/537.36 (compatible; Googlebot/2.1; +http://www.google.com/bot.html)"
66.249.64.228 - - [30/Apr/2025:03:53:55 -0400] "GET /?_gl=1*rgknbr*_ga*MzY3MjE1MDcwLjE3MzcwOTUyMjA.*_ga_0VKVKKN4NV*MTczNzEwMjM4NC4yLjEuMTczNzEwMjQ1My42MC4wLjA.&_bd_prev_page=https://soundframestudios.net/detail.php?shopdetail/11237519 HTTP/1.1" 301 1 "-" "Mozilla/5.0 (Linux; Android 6.0.1; Nexus 5X Build/MMB29P) AppleWebKit/537.36 (KHTML, like Gecko) Chrome/135.0.7049.95 Mobile Safari/537.36 (compatible; Googlebot/2.1; +http://www.google.com/bot.html)"
66.249.64.227 - - [30/Apr/2025:03:53:56 -0400] "GET /?_gl=1%2Argknbr%2A_ga%2AMzY3MjE1MDcwLjE3MzcwOTUyMjA.%2A_ga_0VKVKKN4NV%2AMTczNzEwMjM4NC4yLjEuMTczNzEwMjQ1My42MC4wLjA.&_bd_prev_page=https%3A%2F%2Fsoundframestudios.net%2Fdetail.php%3Fshopdetail%2F11237519 HTTP/1.1" 200 32287 "-" "Mozilla/5.0 (Linux; Android 6.0.1; Nexus 5X Build/MMB29P) AppleWebKit/537.36 (KHTML, like Gecko) Chrome/135.0.7049.95 Mobile Safari/537.36 (compatible; Googlebot/2.1; +http://www.google.com/bot.html)"
66.249.64.227 - - [30/Apr/2025:03:53:58 -0400] "GET /wp-includes/js/jquery/ui/core.min.js?ver=1.13.3 HTTP/1.1" 200 6820 "https://soundframestudios.net/?_gl=1%2Argknbr%2A_ga%2AMzY3MjE1MDcwLjE3MzcwOTUyMjA.%2A_ga_0VKVKKN4NV%2AMTczNzEwMjM4NC4yLjEuMTczNzEwMjQ1My42MC4wLjA.&_bd_prev_page=https%3A%2F%2Fsoundframestudios.net%2Fdetail.php%3Fshopdetail%2F11237519" "Mozilla/5.0 (Linux; Android 6.0.1; Nexus 5X Build/MMB29P) AppleWebKit/537.36 (KHTML, like Gecko) Chrome/134.0.6998.165 Mobile Safari/537.36 (compatible; Googlebot/2.1; +http://www.google.com/bot.html)"
66.249.64.226 - - [30/Apr/2025:03:53:59 -0400] "GET /wp-content/uploads/betheme/css/post-484.css?ver=1744416000 HTTP/1.1" 200 584 "https://soundframestudios.net/?_gl=1%2Argknbr%2A_ga%2AMzY3MjE1MDcwLjE3MzcwOTUyMjA.%2A_ga_0VKVKKN4NV%2AMTczNzEwMjM4NC4yLjEuMTczNzEwMjQ1My42MC4wLjA.&_bd_prev_page=https%3A%2F%2Fsoundframestudios.net%2Fdetail.php%3Fshopdetail%2F11237519" "Mozilla/5.0 (Linux; Android 6.0.1; Nexus 5X Build/MMB29P) AppleWebKit/537.36 (KHTML, like Gecko) Chrome/134.0.6998.165 Mobile Safari/537.36 (compatible; Googlebot/2.1; +http://www.google.com/bot.html)"
156.59.198.136 - - [30/Apr/2025:03:56:50 -0400] "GET /wp-content/uploads/2025/01/5-2.png HTTP/2.0" 200 1774718 "-" "Mozilla/5.0 (Linux; Android 5.0) AppleWebKit/537.36 (KHTML, like Gecko) Mobile Safari/537.36 (compatible; Bytespider; spider-feedback@bytedance.com)"
66.249.64.226 - - [30/Apr/2025:03:56:58 -0400] "GET /?_gl=1*rgknbr*_ga*MzY3MjE1MDcwLjE3MzcwOTUyMjA.*_ga_0VKVKKN4NV*MTczNzEwMjM4NC4yLjEuMTczNzEwMjQ1My42MC4wLjA.&_bd_prev_page=https://soundframestudios.net/detail.php?shopdetail/22449064 HTTP/1.1" 301 1 "-" "Mozilla/5.0 (Linux; Android 6.0.1; Nexus 5X Build/MMB29P) AppleWebKit/537.36 (KHTML, like Gecko) Chrome/135.0.7049.95 Mobile Safari/537.36 (compatible; Googlebot/2.1; +http://www.google.com/bot.html)"
66.249.64.226 - - [30/Apr/2025:03:56:59 -0400] "GET /?_gl=1%2Argknbr%2A_ga%2AMzY3MjE1MDcwLjE3MzcwOTUyMjA.%2A_ga_0VKVKKN4NV%2AMTczNzEwMjM4NC4yLjEuMTczNzEwMjQ1My42MC4wLjA.&_bd_prev_page=https%3A%2F%2Fsoundframestudios.net%2Fdetail.php%3Fshopdetail%2F22449064 HTTP/1.1" 200 32288 "-" "Mozilla/5.0 (Linux; Android 6.0.1; Nexus 5X Build/MMB29P) AppleWebKit/537.36 (KHTML, like Gecko) Chrome/135.0.7049.95 Mobile Safari/537.36 (compatible; Googlebot/2.1; +http://www.google.com/bot.html)"
66.249.64.226 - - [30/Apr/2025:03:57:59 -0400] "GET /?_gl=1*rgknbr*_ga*MzY3MjE1MDcwLjE3MzcwOTUyMjA.*_ga_0VKVKKN4NV*MTczNzEwMjM4NC4yLjEuMTczNzEwMjQ1My42MC4wLjA.&_bd_prev_page=https://soundframestudios.net/detail.php?shopdetail/17223220 HTTP/1.1" 301 1 "-" "Mozilla/5.0 (Linux; Android 6.0.1; Nexus 5X Build/MMB29P) AppleWebKit/537.36 (KHTML, like Gecko) Chrome/135.0.7049.95 Mobile Safari/537.36 (compatible; Googlebot/2.1; +http://www.google.com/bot.html)"
66.249.64.228 - - [30/Apr/2025:03:58:00 -0400] "GET /?_gl=1%2Argknbr%2A_ga%2AMzY3MjE1MDcwLjE3MzcwOTUyMjA.%2A_ga_0VKVKKN4NV%2AMTczNzEwMjM4NC4yLjEuMTczNzEwMjQ1My42MC4wLjA.&_bd_prev_page=https%3A%2F%2Fsoundframestudios.net%2Fdetail.php%3Fshopdetail%2F17223220 HTTP/1.1" 200 32287 "-" "Mozilla/5.0 (Linux; Android 6.0.1; Nexus 5X Build/MMB29P) AppleWebKit/537.36 (KHTML, like Gecko) Chrome/135.0.7049.95 Mobile Safari/537.36 (compatible; Googlebot/2.1; +http://www.google.com/bot.html)"
66.249.64.227 - - [30/Apr/2025:04:00:02 -0400] "GET /?_gl=1*rgknbr*_ga*MzY3MjE1MDcwLjE3MzcwOTUyMjA.*_ga_0VKVKKN4NV*MTczNzEwMjM4NC4yLjEuMTczNzEwMjQ1My42MC4wLjA.&_bd_prev_page=https://soundframestudios.net/detail.php?shopdetail/24181731 HTTP/1.1" 301 1 "-" "Mozilla/5.0 (Linux; Android 6.0.1; Nexus 5X Build/MMB29P) AppleWebKit/537.36 (KHTML, like Gecko) Chrome/135.0.7049.95 Mobile Safari/537.36 (compatible; Googlebot/2.1; +http://www.google.com/bot.html)"
66.249.64.226 - - [30/Apr/2025:04:00:03 -0400] "GET /?_gl=1%2Argknbr%2A_ga%2AMzY3MjE1MDcwLjE3MzcwOTUyMjA.%2A_ga_0VKVKKN4NV%2AMTczNzEwMjM4NC4yLjEuMTczNzEwMjQ1My42MC4wLjA.&_bd_prev_page=https%3A%2F%2Fsoundframestudios.net%2Fdetail.php%3Fshopdetail%2F24181731 HTTP/1.1" 200 32286 "-" "Mozilla/5.0 (Linux; Android 6.0.1; Nexus 5X Build/MMB29P) AppleWebKit/537.36 (KHTML, like Gecko) Chrome/135.0.7049.95 Mobile Safari/537.36 (compatible; Googlebot/2.1; +http://www.google.com/bot.html)"
69.167.171.25 - - [30/Apr/2025:04:09:49 -0400] "POST /wp-cron.php?doing_wp_cron=1746000589.1689860820770263671875 HTTP/1.1" 200 1 "-" "WordPress/6.8; https://soundframestudios.net"
157.55.39.201 - - [30/Apr/2025:04:09:48 -0400] "GET /shopdetail/9459075 HTTP/2.0" 301 1 "-" "Mozilla/5.0 AppleWebKit/537.36 (KHTML, like Gecko; compatible; bingbot/2.0; +http://www.bing.com/bingbot.htm) Chrome/116.0.1938.76 Safari/537.36"
40.77.167.28 - - [30/Apr/2025:04:15:15 -0400] "GET /shopdetail/26147575 HTTP/2.0" 301 1 "-" "Mozilla/5.0 AppleWebKit/537.36 (KHTML, like Gecko; compatible; bingbot/2.0; +http://www.bing.com/bingbot.htm) Chrome/116.0.1938.76 Safari/537.36"
199.45.155.85 - - [30/Apr/2025:04:30:13 -0400] "GET / HTTP/1.1" 401 53 "-" "Mozilla/5.0 (compatible; CensysInspect/1.1; +https://about.censys.io/)"
199.45.155.85 - - [30/Apr/2025:04:30:32 -0400] "GET /favicon.ico HTTP/1.1" 401 53 "-" "Mozilla/5.0 (compatible; CensysInspect/1.1; +https://about.censys.io/)"
66.249.64.228 - - [30/Apr/2025:04:34:25 -0400] "GET /?_gl=1*rgknbr*_ga*MzY3MjE1MDcwLjE3MzcwOTUyMjA.*_ga_0VKVKKN4NV*MTczNzEwMjM4NC4yLjEuMTczNzEwMjQ1My42MC4wLjA.&_bd_prev_page=https://soundframestudios.net/detail.php?shopdetail/11561286 HTTP/1.1" 301 1 "-" "Mozilla/5.0 (Linux; Android 6.0.1; Nexus 5X Build/MMB29P) AppleWebKit/537.36 (KHTML, like Gecko) Chrome/135.0.7049.114 Mobile Safari/537.36 (compatible; Googlebot/2.1; +http://www.google.com/bot.html)"
66.249.64.227 - - [30/Apr/2025:04:34:25 -0400] "GET /?_gl=1%2Argknbr%2A_ga%2AMzY3MjE1MDcwLjE3MzcwOTUyMjA.%2A_ga_0VKVKKN4NV%2AMTczNzEwMjM4NC4yLjEuMTczNzEwMjQ1My42MC4wLjA.&_bd_prev_page=https%3A%2F%2Fsoundframestudios.net%2Fdetail.php%3Fshopdetail%2F11561286 HTTP/1.1" 200 32287 "-" "Mozilla/5.0 (Linux; Android 6.0.1; Nexus 5X Build/MMB29P) AppleWebKit/537.36 (KHTML, like Gecko) Chrome/135.0.7049.114 Mobile Safari/537.36 (compatible; Googlebot/2.1; +http://www.google.com/bot.html)"
66.249.64.227 - - [30/Apr/2025:04:43:55 -0400] "GET /?_gl=1*rgknbr*_ga*MzY3MjE1MDcwLjE3MzcwOTUyMjA.*_ga_0VKVKKN4NV*MTczNzEwMjM4NC4yLjEuMTczNzEwMjQ1My42MC4wLjA.&_bd_prev_page=https://soundframestudios.net/detail.php?shopdetail/1821120 HTTP/1.1" 301 1 "-" "Mozilla/5.0 (Linux; Android 6.0.1; Nexus 5X Build/MMB29P) AppleWebKit/537.36 (KHTML, like Gecko) Chrome/135.0.7049.95 Mobile Safari/537.36 (compatible; Googlebot/2.1; +http://www.google.com/bot.html)"
66.249.64.227 - - [30/Apr/2025:04:43:55 -0400] "GET /?_gl=1%2Argknbr%2A_ga%2AMzY3MjE1MDcwLjE3MzcwOTUyMjA.%2A_ga_0VKVKKN4NV%2AMTczNzEwMjM4NC4yLjEuMTczNzEwMjQ1My42MC4wLjA.&_bd_prev_page=https%3A%2F%2Fsoundframestudios.net%2Fdetail.php%3Fshopdetail%2F1821120 HTTP/1.1" 200 32286 "-" "Mozilla/5.0 (Linux; Android 6.0.1; Nexus 5X Build/MMB29P) AppleWebKit/537.36 (KHTML, like Gecko) Chrome/135.0.7049.95 Mobile Safari/537.36 (compatible; Googlebot/2.1; +http://www.google.com/bot.html)"
205.210.31.29 - - [30/Apr/2025:04:45:46 -0400] "GET /wp-login.php HTTP/1.1" 200 6123 "-" "Expanse, a Palo Alto Networks company, searches across the global IPv4 space multiple times per day to identify customers' presences on the Internet. If you would like to be excluded from our scans, please send IP addresses/domains to: scaninfo@paloaltonetworks.com"
207.46.13.160 - - [30/Apr/2025:04:48:08 -0400] "GET /shopdetail/29842886 HTTP/2.0" 404 20908 "-" "Mozilla/5.0 AppleWebKit/537.36 (KHTML, like Gecko; compatible; bingbot/2.0; +http://www.bing.com/bingbot.htm) Chrome/116.0.1938.76 Safari/537.36"
156.59.198.135 - - [30/Apr/2025:04:49:59 -0400] "GET /wp-content/uploads/2025/01/2.png HTTP/2.0" 200 1563411 "-" "Mozilla/5.0 (Linux; Android 5.0) AppleWebKit/537.36 (KHTML, like Gecko) Mobile Safari/537.36 (compatible; Bytespider; spider-feedback@bytedance.com)"
180.75.136.77 - - [30/Apr/2025:05:02:00 -0400] "POST /wp-comments-post.php HTTP/1.1" 302 - "-" "Mozilla/5.0 (Windows NT 10.0; Win64; x64) AppleWebKit/537.36 (KHTML, like Gecko) Chrome/120.0.0.0 Safari/537.36"
180.75.136.77 - - [30/Apr/2025:05:02:10 -0400] "POST /wp-comments-post.php HTTP/1.1" 429 2586 "-" "Mozilla/5.0 (Windows NT 10.0; Win64; x64) AppleWebKit/537.36 (KHTML, like Gecko) Chrome/120.0.0.0 Safari/537.36"
66.249.64.227 - - [30/Apr/2025:05:03:52 -0400] "GET /shopdetail/height=323/img/x/product/details/20241003/sd1_8cd2dc09d8e8cc71f05fc392406c1f67651e65af.jpg HTTP/1.1" 404 20961 "-" "Googlebot-Image/1.0"
66.249.64.228 - - [30/Apr/2025:05:05:18 -0400] "GET /?_gl=1*rgknbr*_ga*MzY3MjE1MDcwLjE3MzcwOTUyMjA.*_ga_0VKVKKN4NV*MTczNzEwMjM4NC4yLjEuMTczNzEwMjQ1My42MC4wLjA.&_bd_prev_page=https://soundframestudios.net/detail.php?shopdetail/15163097 HTTP/1.1" 301 1 "-" "Mozilla/5.0 (Linux; Android 6.0.1; Nexus 5X Build/MMB29P) AppleWebKit/537.36 (KHTML, like Gecko) Chrome/135.0.7049.114 Mobile Safari/537.36 (compatible; Googlebot/2.1; +http://www.google.com/bot.html)"
66.249.64.228 - - [30/Apr/2025:05:05:18 -0400] "GET /?_gl=1%2Argknbr%2A_ga%2AMzY3MjE1MDcwLjE3MzcwOTUyMjA.%2A_ga_0VKVKKN4NV%2AMTczNzEwMjM4NC4yLjEuMTczNzEwMjQ1My42MC4wLjA.&_bd_prev_page=https%3A%2F%2Fsoundframestudios.net%2Fdetail.php%3Fshopdetail%2F15163097 HTTP/1.1" 200 32286 "-" "Mozilla/5.0 (Linux; Android 6.0.1; Nexus 5X Build/MMB29P) AppleWebKit/537.36 (KHTML, like Gecko) Chrome/135.0.7049.114 Mobile Safari/537.36 (compatible; Googlebot/2.1; +http://www.google.com/bot.html)"
66.249.64.226 - - [30/Apr/2025:05:05:52 -0400] "GET /pcmypage HTTP/1.1" 404 20900 "-" "Mozilla/5.0 (Linux; Android 6.0.1; Nexus 5X Build/MMB29P) AppleWebKit/537.36 (KHTML, like Gecko) Chrome/135.0.7049.95 Mobile Safari/537.36 (compatible; Googlebot/2.1; +http://www.google.com/bot.html)"
66.249.64.227 - - [30/Apr/2025:05:07:53 -0400] "GET /pcmypage?callback=product/detail/60177069 HTTP/1.1" 404 20921 "-" "Mozilla/5.0 (Linux; Android 6.0.1; Nexus 5X Build/MMB29P) AppleWebKit/537.36 (KHTML, like Gecko) Chrome/135.0.7049.95 Mobile Safari/537.36 (compatible; Googlebot/2.1; +http://www.google.com/bot.html)"
207.46.13.107 - - [30/Apr/2025:05:08:35 -0400] "GET /shopdetail/22684520 HTTP/2.0" 301 1 "-" "Mozilla/5.0 AppleWebKit/537.36 (KHTML, like Gecko; compatible; bingbot/2.0; +http://www.bing.com/bingbot.htm) Chrome/116.0.1938.76 Safari/537.36"
69.167.171.25 - - [30/Apr/2025:05:12:53 -0400] "POST /wp-cron.php?doing_wp_cron=1746004373.6856729984283447265625 HTTP/1.1" 200 1 "-" "WordPress/6.8; https://soundframestudios.net"
66.249.64.226 - - [30/Apr/2025:05:12:53 -0400] "GET /pcmypage?callback=/product/detail/86746998 HTTP/1.1" 404 20920 "-" "Mozilla/5.0 (Linux; Android 6.0.1; Nexus 5X Build/MMB29P) AppleWebKit/537.36 (KHTML, like Gecko) Chrome/135.0.7049.95 Mobile Safari/537.36 (compatible; Googlebot/2.1; +http://www.google.com/bot.html)"
199.168.188.194 - - [30/Apr/2025:05:18:06 -0400] "POST /xmlrpc.php HTTP/1.1" 200 403 "-" "Mozilla/5.0 (Linux; Android 10; SM-A205U) AppleWebKit/537.36 (KHTML, like Gecko) Chrome/91.0.4472.114 Mobile Safari/537.36"
46.32.255.222 - - [30/Apr/2025:05:18:09 -0400] "POST /xmlrpc.php HTTP/1.1" 200 403 "-" "Mozilla/5.0 (Windows NT 6.1; WOW64; rv:18.0) Gecko/20100101 Firefox/18.0"
103.176.179.70 - - [30/Apr/2025:05:18:27 -0400] "POST /xmlrpc.php HTTP/1.1" 200 403 "-" "Mozilla/5.0 (Windows NT 5.1; rv:36.0) Gecko/20100101 Firefox/36.0"
31.220.93.206 - - [30/Apr/2025:05:18:28 -0400] "POST /xmlrpc.php HTTP/1.1" 200 403 "-" "Mozilla/5.0 (Windows NT 10.0; Win64; x64) AppleWebKit/537.36 (KHTML, like Gecko) Chrome/87.0.4280.141 Safari/537.36"
142.93.15.2 - - [30/Apr/2025:05:18:32 -0400] "POST /xmlrpc.php HTTP/1.1" 200 403 "-" "Mozilla/5.0 (Linux; Android 10; SM-A205U) AppleWebKit/537.36 (KHTML, like Gecko) Chrome/91.0.4472.114 Mobile Safari/537.36"
51.68.11.203 - - [30/Apr/2025:05:18:36 -0400] "POST /xmlrpc.php HTTP/1.1" 200 403 "-" "Mozilla/5.0 (Linux; Android 10; SM-N960U) AppleWebKit/537.36 (KHTML, like Gecko) Chrome/91.0.4472.114 Mobile Safari/537.36"
154.209.172.130 - - [30/Apr/2025:05:18:40 -0400] "POST /xmlrpc.php HTTP/1.1" 200 403 "-" "Mozilla/5.0 (Windows; U; Windows NT 5.1; en-US; rv:1.7.5) Gecko/20041107 Firefox/1.0"
203.124.44.146 - - [30/Apr/2025:05:18:41 -0400] "POST /xmlrpc.php HTTP/1.1" 200 403 "-" "Mozilla/5.0 (Windows NT 10.0; Win64; x64) AppleWebKit/537.36 (KHTML, like Gecko) Chrome/67.0.3396.99 Safari/537.36"
94.130.50.78 - - [30/Apr/2025:05:18:50 -0400] "POST /xmlrpc.php HTTP/1.1" 200 403 "-" "Mozilla/5.0 (Windows NT 10.0; Win64; x64; rv:65.0) Gecko/20100101 Firefox/65.0"
94.130.50.78 - - [30/Apr/2025:05:18:51 -0400] "POST /xmlrpc.php HTTP/1.1" 200 403 "-" "Mozilla/5.0 (Windows NT 10.0; Win64; x64) AppleWebKit/537.36 (KHTML, like Gecko) Chrome/69.0.3497.100 Safari/537.36"
13.80.27.129 - - [30/Apr/2025:05:18:51 -0400] "POST /xmlrpc.php HTTP/1.1" 200 403 "-" "Mozilla/5.0 (Windows NT 10.0; Win64; x64) AppleWebKit/537.36 (KHTML, like Gecko) Chrome/60.0.3112.113 Safari/537.36"
65.0.217.137 - - [30/Apr/2025:05:19:01 -0400] "POST /xmlrpc.php HTTP/1.1" 200 403 "-" "Mozilla/5.0 (Windows NT 5.1) AppleWebKit/537.36 (KHTML, like Gecko) Chrome/46.0.2490.71 Safari/537.36"