20.171.207.223 - - [26/Apr/2025:08:56:40 -0400] "GET /?a=bj&f=%2Fhome%2Fsoundframestudio%2Fsmith.soundframestudios.net%2Fwp-content%2Fplugins%2Frevslider%2Fpublic%2Fassets%2Fsvg%2Fav%2Fic_snooze_24px.svg HTTP/2.0" 200 32832 "-" "Mozilla/5.0 AppleWebKit/537.36 (KHTML, like Gecko; compatible; GPTBot/1.2; +https://openai.com/gptbot)"
18.218.96.239 - - [26/Apr/2025:08:56:40 -0400] "GET /187769734.html?a=bj&f=%2Fhome%2Fsoundframestudio%2Fsmith.soundframestudios.net%2Fxmlrpc.php HTTP/2.0" 200 22316 "-" "Mozilla/5.0 AppleWebKit/537.36 (KHTML, like Gecko; compatible; ClaudeBot/1.0; +claudebot@anthropic.com)"
20.171.207.223 - - [26/Apr/2025:08:56:41 -0400] "GET /?a=bj&f=%2Fhome%2Fsoundframestudio%2Fsmith.soundframestudios.net%2Fwp-content%2Fplugins%2Frevslider%2Fpublic%2Fassets%2Fsvg%2Fdevice%2Fic_dvr_24px.svg HTTP/2.0" 200 32655 "-" "Mozilla/5.0 AppleWebKit/537.36 (KHTML, like Gecko; compatible; GPTBot/1.2; +https://openai.com/gptbot)"
18.218.96.239 - - [26/Apr/2025:08:56:41 -0400] "GET /861207030.html?a=bj&f=%2Fhome%2Fsoundframestudio%2Fsmith.soundframestudios.net%2Fxmlrpc.php HTTP/2.0" 200 22317 "-" "Mozilla/5.0 AppleWebKit/537.36 (KHTML, like Gecko; compatible; ClaudeBot/1.0; +claudebot@anthropic.com)"
20.171.207.223 - - [26/Apr/2025:08:56:42 -0400] "GET /?a=bj&f=%2Fhome%2Fsoundframestudio%2Fsmith.soundframestudios.net%2Fwp-content%2Fplugins%2Frevslider%2Fpublic%2Fassets%2Fsvg%2Faction%2Fic_gif_24px.svg HTTP/2.0" 200 32650 "-" "Mozilla/5.0 AppleWebKit/537.36 (KHTML, like Gecko; compatible; GPTBot/1.2; +https://openai.com/gptbot)"
18.218.96.239 - - [26/Apr/2025:08:56:42 -0400] "GET /372264462.html?a=bj&f=%2Fhome%2Fsoundframestudio%2Fsmith.soundframestudios.net%2Fjs.tar HTTP/2.0" 200 481844 "-" "Mozilla/5.0 AppleWebKit/537.36 (KHTML, like Gecko; compatible; ClaudeBot/1.0; +claudebot@anthropic.com)"
18.218.96.239 - - [26/Apr/2025:08:56:43 -0400] "GET /822484606.html?a=bj&f=%2Fhome%2Fsoundframestudio%2Fsmith.soundframestudios.net%2Fwp-cron.php HTTP/2.0" 200 23019 "-" "Mozilla/5.0 AppleWebKit/537.36 (KHTML, like Gecko; compatible; ClaudeBot/1.0; +claudebot@anthropic.com)"
20.171.207.223 - - [26/Apr/2025:08:56:43 -0400] "GET /?a=bj&f=%2Fhome%2Fsoundframestudio%2Fsmith.soundframestudios.net%2Fwp-content%2Fplugins%2Frevslider%2Fpublic%2Fassets%2Fsvg%2Fav%2Fic_radio_24px.svg HTTP/2.0" 200 32810 "-" "Mozilla/5.0 AppleWebKit/537.36 (KHTML, like Gecko; compatible; GPTBot/1.2; +https://openai.com/gptbot)"
18.218.96.239 - - [26/Apr/2025:08:56:44 -0400] "GET /295885510.html?a=bj&f=%2Fhome%2Fsoundframestudio%2Fsmith.soundframestudios.net%2Fxmlrpc.php HTTP/2.0" 200 22316 "-" "Mozilla/5.0 AppleWebKit/537.36 (KHTML, like Gecko; compatible; ClaudeBot/1.0; +claudebot@anthropic.com)"
20.171.207.223 - - [26/Apr/2025:08:56:44 -0400] "GET /?a=bj&f=%2Fhome%2Fsoundframestudio%2Fsmith.soundframestudios.net%2Fwp-content%2Fplugins%2Frevslider%2Fpublic%2Fassets%2Fsvg%2Fmaps%2Fic_hotel_24px.svg HTTP/2.0" 200 32623 "-" "Mozilla/5.0 AppleWebKit/537.36 (KHTML, like Gecko; compatible; GPTBot/1.2; +https://openai.com/gptbot)"
18.218.96.239 - - [26/Apr/2025:08:56:45 -0400] "GET /201685582.html?a=bj&f=%2Fhome%2Fsoundframestudio%2Fsmith.soundframestudios.net%2Ferror_log HTTP/2.0" 200 21077 "-" "Mozilla/5.0 AppleWebKit/537.36 (KHTML, like Gecko; compatible; ClaudeBot/1.0; +claudebot@anthropic.com)"
20.171.207.223 - - [26/Apr/2025:08:56:46 -0400] "GET /?a=bj&f=%2Fhome%2Fsoundframestudio%2Fsmith.soundframestudios.net%2Fwp-content%2Fplugins%2Frevslider%2Fpublic%2Fassets%2Fsvg%2Fimage%2Fic_tune_24px.svg HTTP/2.0" 200 32634 "-" "Mozilla/5.0 AppleWebKit/537.36 (KHTML, like Gecko; compatible; GPTBot/1.2; +https://openai.com/gptbot)"
18.218.96.239 - - [26/Apr/2025:08:56:46 -0400] "GET /811347014.html?a=bj&f=%2Fhome%2Fsoundframestudio%2Fsmith.soundframestudios.net%2Fjs.tar HTTP/2.0" 200 481844 "-" "Mozilla/5.0 AppleWebKit/537.36 (KHTML, like Gecko; compatible; ClaudeBot/1.0; +claudebot@anthropic.com)"
20.171.207.223 - - [26/Apr/2025:08:56:47 -0400] "GET /?a=bj&f=%2Fhome%2Fsoundframestudio%2Fsmith.soundframestudios.net%2Fwp-content%2Fplugins%2Frevslider%2Fpublic%2Fassets%2Fsvg%2Fav%2Fic_airplay_24px.svg HTTP/2.0" 200 32625 "-" "Mozilla/5.0 AppleWebKit/537.36 (KHTML, like Gecko; compatible; GPTBot/1.2; +https://openai.com/gptbot)"
18.218.96.239 - - [26/Apr/2025:08:56:47 -0400] "GET /292971982.html?a=bj&f=%2Fhome%2Fsoundframestudio%2Fsmith.soundframestudios.net%2Ferror_log HTTP/2.0" 200 21078 "-" "Mozilla/5.0 AppleWebKit/537.36 (KHTML, like Gecko; compatible; ClaudeBot/1.0; +claudebot@anthropic.com)"
20.171.207.223 - - [26/Apr/2025:08:56:48 -0400] "GET /?a=bj&f=%2Fhome%2Fsoundframestudio%2Fsmith.soundframestudios.net%2Fwp-content%2Fplugins%2Fpagelayer%2Fjs%2Fbase-64.js HTTP/2.0" 200 34724 "-" "Mozilla/5.0 AppleWebKit/537.36 (KHTML, like Gecko; compatible; GPTBot/1.2; +https://openai.com/gptbot)"
18.218.96.239 - - [26/Apr/2025:08:56:48 -0400] "GET /686982910.html?a=bj&f=%2Fhome%2Fsoundframestudio%2Fsmith.soundframestudios.net%2Ferror_log HTTP/2.0" 200 21078 "-" "Mozilla/5.0 AppleWebKit/537.36 (KHTML, like Gecko; compatible; ClaudeBot/1.0; +claudebot@anthropic.com)"
20.171.207.223 - - [26/Apr/2025:08:56:49 -0400] "GET /?a=bj&f=%2Fhome%2Fsoundframestudio%2Fsmith.soundframestudios.net%2Fwp-includes%2Fjs%2Fthickbox%2FmacFFBgHack.png HTTP/2.0" 200 32588 "-" "Mozilla/5.0 AppleWebKit/537.36 (KHTML, like Gecko; compatible; GPTBot/1.2; +https://openai.com/gptbot)"
18.218.96.239 - - [26/Apr/2025:08:56:49 -0400] "GET /786076606.html?a=bj&f=%2Fhome%2Fsoundframestudio%2Fsmith.soundframestudios.net%2Ferror_log HTTP/2.0" 200 21078 "-" "Mozilla/5.0 AppleWebKit/537.36 (KHTML, like Gecko; compatible; ClaudeBot/1.0; +claudebot@anthropic.com)"
20.171.207.223 - - [26/Apr/2025:08:56:50 -0400] "GET /wp-includes/js/admin-bar.min.js HTTP/2.0" 200 1223 "-" "Mozilla/5.0 AppleWebKit/537.36 (KHTML, like Gecko; compatible; GPTBot/1.2; +https://openai.com/gptbot)"
18.218.96.239 - - [26/Apr/2025:08:56:50 -0400] "GET /89500102.html?a=bj&f=%2Fhome%2Fsoundframestudio%2Fsmith.soundframestudios.net%2Fjs.tar HTTP/2.0" 200 481841 "-" "Mozilla/5.0 AppleWebKit/537.36 (KHTML, like Gecko; compatible; ClaudeBot/1.0; +claudebot@anthropic.com)"
20.171.207.223 - - [26/Apr/2025:08:56:51 -0400] "GET /wp-content/themes/betheme/muffin-options/svg/placeholders/clients.svg HTTP/2.0" 200 163 "-" "Mozilla/5.0 AppleWebKit/537.36 (KHTML, like Gecko; compatible; GPTBot/1.2; +https://openai.com/gptbot)"
18.218.96.239 - - [26/Apr/2025:08:56:51 -0400] "GET /827032054.html?a=bj&f=%2Fhome%2Fsoundframestudio%2Fsmith.soundframestudios.net%2Fjs.tar HTTP/2.0" 200 481844 "-" "Mozilla/5.0 AppleWebKit/537.36 (KHTML, like Gecko; compatible; ClaudeBot/1.0; +claudebot@anthropic.com)"
20.171.207.223 - - [26/Apr/2025:08:56:53 -0400] "GET /wp-content/uploads/betheme/css/post-52.css?ver=1745672201 HTTP/2.0" 200 648 "-" "Mozilla/5.0 AppleWebKit/537.36 (KHTML, like Gecko; compatible; GPTBot/1.2; +https://openai.com/gptbot)"
18.218.96.239 - - [26/Apr/2025:08:56:52 -0400] "GET /7543622.html?a=bj&f=%2Fhome%2Fsoundframestudio%2Fsmith.soundframestudios.net%2Fwp-mail.php HTTP/2.0" 200 23802 "-" "Mozilla/5.0 AppleWebKit/537.36 (KHTML, like Gecko; compatible; ClaudeBot/1.0; +claudebot@anthropic.com)"
18.218.96.239 - - [26/Apr/2025:08:56:53 -0400] "GET /884118910.html?a=bj&f=%2Fhome%2Fsoundframestudio%2Fsmith.soundframestudios.net%2Fxmlrpc.php HTTP/2.0" 200 22316 "-" "Mozilla/5.0 AppleWebKit/537.36 (KHTML, like Gecko; compatible; ClaudeBot/1.0; +claudebot@anthropic.com)"
20.171.207.223 - - [26/Apr/2025:08:56:54 -0400] "GET /?a=bj&f=%2Fhome%2Fsoundframestudio%2Fsmith.soundframestudios.net%2Fwp-content%2Fuploads%2F2025%2F02%2FPete-Smith-Headshot.jpg HTTP/2.0" 200 102949 "-" "Mozilla/5.0 AppleWebKit/537.36 (KHTML, like Gecko; compatible; GPTBot/1.2; +https://openai.com/gptbot)"
18.218.96.239 - - [26/Apr/2025:08:56:54 -0400] "GET /475295846.html?a=bj&f=%2Fhome%2Fsoundframestudio%2Fsmith.soundframestudios.net%2Fjs.tar HTTP/2.0" 200 481845 "-" "Mozilla/5.0 AppleWebKit/537.36 (KHTML, like Gecko; compatible; ClaudeBot/1.0; +claudebot@anthropic.com)"
20.171.207.223 - - [26/Apr/2025:08:56:55 -0400] "GET /wp-includes/rest-api/search/class-wp-rest-post-search-handler.php HTTP/2.0" 500 1 "-" "Mozilla/5.0 AppleWebKit/537.36 (KHTML, like Gecko; compatible; GPTBot/1.2; +https://openai.com/gptbot)"
18.218.96.239 - - [26/Apr/2025:08:56:55 -0400] "GET /625673910.html?a=bj&f=%2Fhome%2Fsoundframestudio%2Fsmith.soundframestudios.net%2Ferror_log HTTP/2.0" 200 21078 "-" "Mozilla/5.0 AppleWebKit/537.36 (KHTML, like Gecko; compatible; ClaudeBot/1.0; +claudebot@anthropic.com)"
20.171.207.223 - - [26/Apr/2025:08:56:56 -0400] "GET /?a=bj&f=%2Fhome%2Fsoundframestudio%2Fsmith.soundframestudios.net%2Fwp-admin%2Fimages%2Fprivacy.svg HTTP/2.0" 200 32887 "-" "Mozilla/5.0 AppleWebKit/537.36 (KHTML, like Gecko; compatible; GPTBot/1.2; +https://openai.com/gptbot)"
18.218.96.239 - - [26/Apr/2025:08:56:56 -0400] "GET /744192606.html?a=bj&f=%2Fhome%2Fsoundframestudio%2Fsmith.soundframestudios.net%2Ferror_log HTTP/2.0" 200 21078 "-" "Mozilla/5.0 AppleWebKit/537.36 (KHTML, like Gecko; compatible; ClaudeBot/1.0; +claudebot@anthropic.com)"
18.218.96.239 - - [26/Apr/2025:08:56:57 -0400] "GET /561091446.html?a=bj&f=%2Fhome%2Fsoundframestudio%2Fsmith.soundframestudios.net%2Ferror_log HTTP/2.0" 200 21078 "-" "Mozilla/5.0 AppleWebKit/537.36 (KHTML, like Gecko; compatible; ClaudeBot/1.0; +claudebot@anthropic.com)"
18.218.96.239 - - [26/Apr/2025:08:56:58 -0400] "GET /267277110.html?a=bj&f=%2Fhome%2Fsoundframestudio%2Fsmith.soundframestudios.net%2Ferror_log HTTP/2.0" 200 21078 "-" "Mozilla/5.0 AppleWebKit/537.36 (KHTML, like Gecko; compatible; ClaudeBot/1.0; +claudebot@anthropic.com)"
18.218.96.239 - - [26/Apr/2025:08:56:59 -0400] "GET /wp-admin/network/profile.php?a=bj&f=%2Fhome%2Fsoundframestudio%2Fmail%2F.ryan%40soundframestudios_net%2F.Trash%2Fdovecot.index.log HTTP/2.0" 200 783 "-" "Mozilla/5.0 AppleWebKit/537.36 (KHTML, like Gecko; compatible; ClaudeBot/1.0; +claudebot@anthropic.com)"
20.171.207.223 - - [26/Apr/2025:08:56:59 -0400] "GET /?a=bj&f=%2Fhome%2Fsoundframestudio%2Fsmith.soundframestudios.net%2Fwp-includes%2Fblocks%2Frss%2Fblock.json HTTP/2.0" 200 32761 "-" "Mozilla/5.0 AppleWebKit/537.36 (KHTML, like Gecko; compatible; GPTBot/1.2; +https://openai.com/gptbot)"
18.218.96.239 - - [26/Apr/2025:08:57:00 -0400] "GET /556917254.html?a=bj&f=%2Fhome%2Fsoundframestudio%2Fsmith.soundframestudios.net%2Ferror_log HTTP/2.0" 200 21079 "-" "Mozilla/5.0 AppleWebKit/537.36 (KHTML, like Gecko; compatible; ClaudeBot/1.0; +claudebot@anthropic.com)"
66.249.64.130 - - [26/Apr/2025:08:57:01 -0400] "GET /robots.txt HTTP/1.1" 200 109 "-" "Mozilla/5.0 (compatible; Googlebot/2.1; +http://www.google.com/bot.html)"
66.249.64.130 - - [26/Apr/2025:08:57:01 -0400] "GET /product/edit/YLMD69655791 HTTP/1.1" 200 18259 "-" "Mozilla/5.0 (Linux; Android 6.0.1; Nexus 5X Build/MMB29P) AppleWebKit/537.36 (KHTML, like Gecko) Chrome/135.0.7049.114 Mobile Safari/537.36 (compatible; Googlebot/2.1; +http://www.google.com/bot.html)"
18.218.96.239 - - [26/Apr/2025:08:57:01 -0400] "GET /314612246.html?a=bj&f=%2Fhome%2Fsoundframestudio%2Fsmith.soundframestudios.net%2Fxmlrpc.php HTTP/2.0" 200 22315 "-" "Mozilla/5.0 AppleWebKit/537.36 (KHTML, like Gecko; compatible; ClaudeBot/1.0; +claudebot@anthropic.com)"
20.171.207.223 - - [26/Apr/2025:08:57:02 -0400] "GET /wp-content/themes/betheme/muffin-options/svg/placeholders/clients_slider.svg HTTP/2.0" 200 240 "-" "Mozilla/5.0 AppleWebKit/537.36 (KHTML, like Gecko; compatible; GPTBot/1.2; +https://openai.com/gptbot)"
18.218.96.239 - - [26/Apr/2025:08:57:02 -0400] "GET /114301350.html?a=bj&f=%2Fhome%2Fsoundframestudio%2Fsmith.soundframestudios.net%2Fxmlrpc.php HTTP/2.0" 200 22316 "-" "Mozilla/5.0 AppleWebKit/537.36 (KHTML, like Gecko; compatible; ClaudeBot/1.0; +claudebot@anthropic.com)"
18.218.96.239 - - [26/Apr/2025:08:57:03 -0400] "GET /717636670.html?a=bj&f=%2Fhome%2Fsoundframestudio%2Fsmith.soundframestudios.net%2Fxmlrpc.php HTTP/2.0" 200 22315 "-" "Mozilla/5.0 AppleWebKit/537.36 (KHTML, like Gecko; compatible; ClaudeBot/1.0; +claudebot@anthropic.com)"
18.218.96.239 - - [26/Apr/2025:08:57:04 -0400] "GET /47221830.html?a=bj&f=%2Fhome%2Fsoundframestudio%2Fsmith.soundframestudios.net%2Ferror_log HTTP/2.0" 200 21077 "-" "Mozilla/5.0 AppleWebKit/537.36 (KHTML, like Gecko; compatible; ClaudeBot/1.0; +claudebot@anthropic.com)"
20.171.207.223 - - [26/Apr/2025:08:57:05 -0400] "GET /wp-content/themes/betheme/muffin-options/svg/placeholders/portfolio_slider.svg HTTP/2.0" 200 243 "-" "Mozilla/5.0 AppleWebKit/537.36 (KHTML, like Gecko; compatible; GPTBot/1.2; +https://openai.com/gptbot)"
18.218.96.239 - - [26/Apr/2025:08:57:05 -0400] "GET /394971214.html?a=bj&f=%2Fhome%2Fsoundframestudio%2Fsmith.soundframestudios.net%2Fjs.tar HTTP/2.0" 200 481845 "-" "Mozilla/5.0 AppleWebKit/537.36 (KHTML, like Gecko; compatible; ClaudeBot/1.0; +claudebot@anthropic.com)"
18.218.96.239 - - [26/Apr/2025:08:57:06 -0400] "GET /390102014.html?a=bj&f=%2Fhome%2Fsoundframestudio%2Fsmith.soundframestudios.net%2Fxmlrpc.php HTTP/2.0" 200 22312 "-" "Mozilla/5.0 AppleWebKit/537.36 (KHTML, like Gecko; compatible; ClaudeBot/1.0; +claudebot@anthropic.com)"
18.218.96.239 - - [26/Apr/2025:08:57:07 -0400] "GET /872134758.html?a=bj&f=%2Fhome%2Fsoundframestudio%2Fsmith.soundframestudios.net%2Fwp-activate.php HTTP/2.0" 200 23281 "-" "Mozilla/5.0 AppleWebKit/537.36 (KHTML, like Gecko; compatible; ClaudeBot/1.0; +claudebot@anthropic.com)"
20.171.207.223 - - [26/Apr/2025:08:57:08 -0400] "GET /wp-content/themes/betheme/muffin-options/svg/placeholders/sidebar_widget.svg HTTP/2.0" 200 200 "-" "Mozilla/5.0 AppleWebKit/537.36 (KHTML, like Gecko; compatible; GPTBot/1.2; +https://openai.com/gptbot)"
18.218.96.239 - - [26/Apr/2025:08:57:08 -0400] "GET /396767046.html?a=bj&f=%2Fhome%2Fsoundframestudio%2Fsmith.soundframestudios.net%2Ferror_log HTTP/2.0" 200 21078 "-" "Mozilla/5.0 AppleWebKit/537.36 (KHTML, like Gecko; compatible; ClaudeBot/1.0; +claudebot@anthropic.com)"
18.218.96.239 - - [26/Apr/2025:08:57:09 -0400] "GET /146873486.html?a=bj&f=%2Fhome%2Fsoundframestudio%2Fsmith.soundframestudios.net%2Fwp-config-sample.php HTTP/2.0" 200 22196 "-" "Mozilla/5.0 AppleWebKit/537.36 (KHTML, like Gecko; compatible; ClaudeBot/1.0; +claudebot@anthropic.com)"
20.171.207.223 - - [26/Apr/2025:08:57:10 -0400] "GET /wp-content/themes/betheme/muffin-options/svg/placeholders/portfolio_grid.svg HTTP/2.0" 200 165 "-" "Mozilla/5.0 AppleWebKit/537.36 (KHTML, like Gecko; compatible; GPTBot/1.2; +https://openai.com/gptbot)"
18.218.96.239 - - [26/Apr/2025:08:57:10 -0400] "GET /268539254.html?a=bj&f=%2Fhome%2Fsoundframestudio%2Fsmith.soundframestudios.net%2Ferror_log HTTP/2.0" 200 21079 "-" "Mozilla/5.0 AppleWebKit/537.36 (KHTML, like Gecko; compatible; ClaudeBot/1.0; +claudebot@anthropic.com)"
18.218.96.239 - - [26/Apr/2025:08:57:11 -0400] "GET /841010358.html?a=bj&f=%2Fhome%2Fsoundframestudio%2Fsmith.soundframestudios.net%2Fxmlrpc.php HTTP/2.0" 200 22317 "-" "Mozilla/5.0 AppleWebKit/537.36 (KHTML, like Gecko; compatible; ClaudeBot/1.0; +claudebot@anthropic.com)"
20.171.207.223 - - [26/Apr/2025:08:57:12 -0400] "GET /wp-content/themes/betheme/muffin-options/svg/placeholders/featured-image.svg HTTP/2.0" 200 5113 "-" "Mozilla/5.0 AppleWebKit/537.36 (KHTML, like Gecko; compatible; GPTBot/1.2; +https://openai.com/gptbot)"
18.218.96.239 - - [26/Apr/2025:08:57:12 -0400] "GET /391405894.html?a=bj&f=%2Fhome%2Fsoundframestudio%2Fsmith.soundframestudios.net%2Fwp-blog-header.php HTTP/2.0" 200 21143 "-" "Mozilla/5.0 AppleWebKit/537.36 (KHTML, like Gecko; compatible; ClaudeBot/1.0; +claudebot@anthropic.com)"
18.218.96.239 - - [26/Apr/2025:08:57:13 -0400] "GET /693529542.html?a=bj&f=%2Fhome%2Fsoundframestudio%2Fsmith.soundframestudios.net%2Fjs.tar HTTP/2.0" 200 481845 "-" "Mozilla/5.0 AppleWebKit/537.36 (KHTML, like Gecko; compatible; ClaudeBot/1.0; +claudebot@anthropic.com)"
20.171.207.223 - - [26/Apr/2025:08:57:14 -0400] "GET /212035222.html HTTP/2.0" 200 27195 "-" "Mozilla/5.0 AppleWebKit/537.36 (KHTML, like Gecko; compatible; GPTBot/1.2; +https://openai.com/gptbot)"
18.218.96.239 - - [26/Apr/2025:08:57:14 -0400] "GET /714392214.html?a=bj&f=%2Fhome%2Fsoundframestudio%2Fsmith.soundframestudios.net%2Fjs.tar HTTP/2.0" 200 481844 "-" "Mozilla/5.0 AppleWebKit/537.36 (KHTML, like Gecko; compatible; ClaudeBot/1.0; +claudebot@anthropic.com)"
18.218.96.239 - - [26/Apr/2025:08:57:15 -0400] "GET /611932406.html?a=bj&f=%2Fhome%2Fsoundframestudio%2Fsmith.soundframestudios.net%2Fjs.tar HTTP/2.0" 200 481844 "-" "Mozilla/5.0 AppleWebKit/537.36 (KHTML, like Gecko; compatible; ClaudeBot/1.0; +claudebot@anthropic.com)"
20.171.207.223 - - [26/Apr/2025:08:57:16 -0400] "GET /744484462.html HTTP/2.0" 200 27196 "-" "Mozilla/5.0 AppleWebKit/537.36 (KHTML, like Gecko; compatible; GPTBot/1.2; +https://openai.com/gptbot)"
18.218.96.239 - - [26/Apr/2025:08:57:16 -0400] "GET /198007190.html?a=bj&f=%2Fhome%2Fsoundframestudio%2Fsmith.soundframestudios.net%2Fwp-blog-header.php HTTP/2.0" 200 21144 "-" "Mozilla/5.0 AppleWebKit/537.36 (KHTML, like Gecko; compatible; ClaudeBot/1.0; +claudebot@anthropic.com)"
20.171.207.223 - - [26/Apr/2025:08:57:17 -0400] "GET /333696846.html HTTP/2.0" 200 27196 "-" "Mozilla/5.0 AppleWebKit/537.36 (KHTML, like Gecko; compatible; GPTBot/1.2; +https://openai.com/gptbot)"
18.218.96.239 - - [26/Apr/2025:08:57:17 -0400] "GET /284819254.html?a=bj&f=%2Fhome%2Fsoundframestudio%2Fsmith.soundframestudios.net%2Fjs.tar HTTP/2.0" 200 481845 "-" "Mozilla/5.0 AppleWebKit/537.36 (KHTML, like Gecko; compatible; ClaudeBot/1.0; +claudebot@anthropic.com)"
18.218.96.239 - - [26/Apr/2025:08:57:18 -0400] "GET /295061446.html?a=bj&f=%2Fhome%2Fsoundframestudio%2Fsmith.soundframestudios.net%2Ferror_log HTTP/2.0" 200 21078 "-" "Mozilla/5.0 AppleWebKit/537.36 (KHTML, like Gecko; compatible; ClaudeBot/1.0; +claudebot@anthropic.com)"
20.171.207.223 - - [26/Apr/2025:08:57:18 -0400] "GET /795115558.html HTTP/2.0" 200 27195 "-" "Mozilla/5.0 AppleWebKit/537.36 (KHTML, like Gecko; compatible; GPTBot/1.2; +https://openai.com/gptbot)"
18.218.96.239 - - [26/Apr/2025:08:57:19 -0400] "GET /845287558.html?a=bj&f=%2Fhome%2Fsoundframestudio%2Fsmith.soundframestudios.net%2Fwp-blog-header.php HTTP/2.0" 200 21143 "-" "Mozilla/5.0 AppleWebKit/537.36 (KHTML, like Gecko; compatible; ClaudeBot/1.0; +claudebot@anthropic.com)"
20.171.207.223 - - [26/Apr/2025:08:57:20 -0400] "GET /400088758.html HTTP/2.0" 200 27196 "-" "Mozilla/5.0 AppleWebKit/537.36 (KHTML, like Gecko; compatible; GPTBot/1.2; +https://openai.com/gptbot)"
18.218.96.239 - - [26/Apr/2025:08:57:20 -0400] "GET /359644502.html?a=bj&f=%2Fhome%2Fsoundframestudio%2Fsmith.soundframestudios.net%2Fxmlrpc.php HTTP/2.0" 200 22315 "-" "Mozilla/5.0 AppleWebKit/537.36 (KHTML, like Gecko; compatible; ClaudeBot/1.0; +claudebot@anthropic.com)"
66.249.64.129 - - [26/Apr/2025:08:57:21 -0400] "GET /product/edit/OUF54173519 HTTP/1.1" 200 17539 "-" "Mozilla/5.0 (Linux; Android 6.0.1; Nexus 5X Build/MMB29P) AppleWebKit/537.36 (KHTML, like Gecko) Chrome/135.0.7049.114 Mobile Safari/537.36 (compatible; Googlebot/2.1; +http://www.google.com/bot.html)"
20.171.207.223 - - [26/Apr/2025:08:57:21 -0400] "GET /648882382.html HTTP/2.0" 200 27196 "-" "Mozilla/5.0 AppleWebKit/537.36 (KHTML, like Gecko; compatible; GPTBot/1.2; +https://openai.com/gptbot)"
18.218.96.239 - - [26/Apr/2025:08:57:21 -0400] "GET /616599734.html?a=bj&f=%2Fhome%2Fsoundframestudio%2Fsmith.soundframestudios.net%2Ferror_log HTTP/2.0" 200 21079 "-" "Mozilla/5.0 AppleWebKit/537.36 (KHTML, like Gecko; compatible; ClaudeBot/1.0; +claudebot@anthropic.com)"
20.171.207.223 - - [26/Apr/2025:08:57:22 -0400] "GET /122262566.html HTTP/2.0" 200 27195 "-" "Mozilla/5.0 AppleWebKit/537.36 (KHTML, like Gecko; compatible; GPTBot/1.2; +https://openai.com/gptbot)"
18.218.96.239 - - [26/Apr/2025:08:57:22 -0400] "GET /796849230.html?a=bj&f=%2Fhome%2Fsoundframestudio%2Fsmith.soundframestudios.net%2Fjs.tar HTTP/2.0" 200 481845 "-" "Mozilla/5.0 AppleWebKit/537.36 (KHTML, like Gecko; compatible; ClaudeBot/1.0; +claudebot@anthropic.com)"
20.171.207.223 - - [26/Apr/2025:08:57:23 -0400] "GET /472666774.html HTTP/2.0" 200 27196 "-" "Mozilla/5.0 AppleWebKit/537.36 (KHTML, like Gecko; compatible; GPTBot/1.2; +https://openai.com/gptbot)"
18.218.96.239 - - [26/Apr/2025:08:57:23 -0400] "GET /wp-admin/network.php?a=bj&f=%2Fhome%2Fsoundframestudio%2Fmail%2F.spam%2Fdovecot.index.cache HTTP/2.0" 200 991 "-" "Mozilla/5.0 AppleWebKit/537.36 (KHTML, like Gecko; compatible; ClaudeBot/1.0; +claudebot@anthropic.com)"
18.218.96.239 - - [26/Apr/2025:08:57:24 -0400] "GET /20656718.html?a=bj&f=%2Fhome%2Fsoundframestudio%2Fsmith.soundframestudios.net%2Ferror_log HTTP/2.0" 200 21078 "-" "Mozilla/5.0 AppleWebKit/537.36 (KHTML, like Gecko; compatible; ClaudeBot/1.0; +claudebot@anthropic.com)"
20.171.207.223 - - [26/Apr/2025:08:57:24 -0400] "GET /555288958.html HTTP/2.0" 200 27195 "-" "Mozilla/5.0 AppleWebKit/537.36 (KHTML, like Gecko; compatible; GPTBot/1.2; +https://openai.com/gptbot)"
18.218.96.239 - - [26/Apr/2025:08:57:25 -0400] "GET /816490014.html?a=bj&f=%2Fhome%2Fsoundframestudio%2Fsmith.soundframestudios.net%2Fxmlrpc.php HTTP/2.0" 200 22315 "-" "Mozilla/5.0 AppleWebKit/537.36 (KHTML, like Gecko; compatible; ClaudeBot/1.0; +claudebot@anthropic.com)"
20.171.207.223 - - [26/Apr/2025:08:57:25 -0400] "GET /542554446.html HTTP/2.0" 200 27196 "-" "Mozilla/5.0 AppleWebKit/537.36 (KHTML, like Gecko; compatible; GPTBot/1.2; +https://openai.com/gptbot)"
18.218.96.239 - - [26/Apr/2025:08:57:26 -0400] "GET /wp-admin/media-new.php?a=bj&f=%2Fhome%2Fsoundframestudio%2Fsmith.soundframestudios.net%2Fwp-includes%2Fcapabilities.php HTTP/2.0" 200 7501 "-" "Mozilla/5.0 AppleWebKit/537.36 (KHTML, like Gecko; compatible; ClaudeBot/1.0; +claudebot@anthropic.com)"
18.218.96.239 - - [26/Apr/2025:08:57:27 -0400] "GET /427303590.html?a=bj&f=%2Fhome%2Fsoundframestudio%2Fsmith.soundframestudios.net%2Fjs.tar HTTP/2.0" 200 481844 "-" "Mozilla/5.0 AppleWebKit/537.36 (KHTML, like Gecko; compatible; ClaudeBot/1.0; +claudebot@anthropic.com)"
18.218.96.239 - - [26/Apr/2025:08:57:28 -0400] "GET /299723742.html?a=bj&f=%2Fhome%2Fsoundframestudio%2Fsmith.soundframestudios.net%2Fxmlrpc.php HTTP/2.0" 200 22315 "-" "Mozilla/5.0 AppleWebKit/537.36 (KHTML, like Gecko; compatible; ClaudeBot/1.0; +claudebot@anthropic.com)"
18.218.96.239 - - [26/Apr/2025:08:57:29 -0400] "GET /94722134.html?a=bj&f=%2Fhome%2Fsoundframestudio%2Fsmith.soundframestudios.net%2Ferror_log HTTP/2.0" 200 21078 "-" "Mozilla/5.0 AppleWebKit/537.36 (KHTML, like Gecko; compatible; ClaudeBot/1.0; +claudebot@anthropic.com)"
18.218.96.239 - - [26/Apr/2025:08:57:30 -0400] "GET /137057830.html?a=bj&f=%2Fhome%2Fsoundframestudio%2Fsmith.soundframestudios.net%2Ferror_log HTTP/2.0" 200 21078 "-" "Mozilla/5.0 AppleWebKit/537.36 (KHTML, like Gecko; compatible; ClaudeBot/1.0; +claudebot@anthropic.com)"
18.218.96.239 - - [26/Apr/2025:08:57:31 -0400] "GET /wp-admin/media-new.php?a=bj&f=%2Fhome%2Fsoundframestudio%2Fsmith.soundframestudios.net%2Fwp-includes%2Fformatting.php HTTP/2.0" 200 55848 "-" "Mozilla/5.0 AppleWebKit/537.36 (KHTML, like Gecko; compatible; ClaudeBot/1.0; +claudebot@anthropic.com)"
18.218.96.239 - - [26/Apr/2025:08:57:32 -0400] "GET /889487166.html?a=bj&f=%2Fhome%2Fsoundframestudio%2Fsmith.soundframestudios.net%2Fplugins.tar.gz HTTP/2.0" 200 22144820 "-" "Mozilla/5.0 AppleWebKit/537.36 (KHTML, like Gecko; compatible; ClaudeBot/1.0; +claudebot@anthropic.com)"
18.218.96.239 - - [26/Apr/2025:08:57:34 -0400] "GET /590987742.html?a=bj&f=%2Fhome%2Fsoundframestudio%2Fsmith.soundframestudios.net%2Ferror_log HTTP/2.0" 200 21077 "-" "Mozilla/5.0 AppleWebKit/537.36 (KHTML, like Gecko; compatible; ClaudeBot/1.0; +claudebot@anthropic.com)"
18.218.96.239 - - [26/Apr/2025:08:57:35 -0400] "GET /546865686.html?a=bj&f=%2Fhome%2Fsoundframestudio%2Fsmith.soundframestudios.net%2Ferror_log HTTP/2.0" 200 21079 "-" "Mozilla/5.0 AppleWebKit/537.36 (KHTML, like Gecko; compatible; ClaudeBot/1.0; +claudebot@anthropic.com)"
18.218.96.239 - - [26/Apr/2025:08:57:36 -0400] "GET /210622710.html?a=bj&f=%2Fhome%2Fsoundframestudio%2Fsmith.soundframestudios.net%2Fxmlrpc.php HTTP/2.0" 200 22317 "-" "Mozilla/5.0 AppleWebKit/537.36 (KHTML, like Gecko; compatible; ClaudeBot/1.0; +claudebot@anthropic.com)"
20.171.207.223 - - [26/Apr/2025:08:57:27 -0400] "GET /wp-content.zip HTTP/2.0" 200 199671026 "-" "Mozilla/5.0 AppleWebKit/537.36 (KHTML, like Gecko; compatible; GPTBot/1.2; +https://openai.com/gptbot)"
20.171.207.223 - - [26/Apr/2025:08:57:37 -0400] "GET /744484462.html?a=bj&f=%2Fhome%2Fsoundframestudio%2Fsmith.soundframestudios.net%2Frobots.txt.tar HTTP/2.0" 200 21222 "-" "Mozilla/5.0 AppleWebKit/537.36 (KHTML, like Gecko; compatible; GPTBot/1.2; +https://openai.com/gptbot)"
18.218.96.239 - - [26/Apr/2025:08:57:37 -0400] "GET /426390430.html?a=bj&f=%2Fhome%2Fsoundframestudio%2Fsmith.soundframestudios.net%2Ferror_log HTTP/2.0" 200 21078 "-" "Mozilla/5.0 AppleWebKit/537.36 (KHTML, like Gecko; compatible; ClaudeBot/1.0; +claudebot@anthropic.com)"
18.218.96.239 - - [26/Apr/2025:08:57:38 -0400] "GET /771831014.html?a=bj&f=%2Fhome%2Fsoundframestudio%2Fsmith.soundframestudios.net%2Fxmlrpc.php HTTP/2.0" 200 22317 "-" "Mozilla/5.0 AppleWebKit/537.36 (KHTML, like Gecko; compatible; ClaudeBot/1.0; +claudebot@anthropic.com)"
18.218.96.239 - - [26/Apr/2025:08:57:39 -0400] "GET /403940606.html?a=bj&f=%2Fhome%2Fsoundframestudio%2Fsmith.soundframestudios.net%2Fxmlrpc.php HTTP/2.0" 200 22315 "-" "Mozilla/5.0 AppleWebKit/537.36 (KHTML, like Gecko; compatible; ClaudeBot/1.0; +claudebot@anthropic.com)"
20.171.207.223 - - [26/Apr/2025:08:57:38 -0400] "GET /333696846.html?a=bj&f=%2Fhome%2Fsoundframestudio%2Fsmith.soundframestudios.net%2Fthemes.tar.gz HTTP/2.0" 200 22606739 "-" "Mozilla/5.0 AppleWebKit/537.36 (KHTML, like Gecko; compatible; GPTBot/1.2; +https://openai.com/gptbot)"
20.171.207.223 - - [26/Apr/2025:08:57:40 -0400] "GET /795115558.html?a=bj&f=%2Fhome%2Fsoundframestudio%2Fsmith.soundframestudios.net%2Fbackuply.tar HTTP/2.0" 200 21924 "-" "Mozilla/5.0 AppleWebKit/537.36 (KHTML, like Gecko; compatible; GPTBot/1.2; +https://openai.com/gptbot)"
18.218.96.239 - - [26/Apr/2025:08:57:40 -0400] "GET /123701422.html?a=bj&f=%2Fhome%2Fsoundframestudio%2Fsmith.soundframestudios.net%2Fxmlrpc.php HTTP/2.0" 200 22316 "-" "Mozilla/5.0 AppleWebKit/537.36 (KHTML, like Gecko; compatible; ClaudeBot/1.0; +claudebot@anthropic.com)"
18.218.96.239 - - [26/Apr/2025:08:57:41 -0400] "GET /472362190.html?a=bj&f=%2Fhome%2Fsoundframestudio%2Fsmith.soundframestudios.net%2Fwp-links-opml.php HTTP/2.0" 200 22009 "-" "Mozilla/5.0 AppleWebKit/537.36 (KHTML, like Gecko; compatible; ClaudeBot/1.0; +claudebot@anthropic.com)"
20.171.207.223 - - [26/Apr/2025:08:57:42 -0400] "GET /400088758.html?a=bj&f=%2Fhome%2Fsoundframestudio%2Fsmith.soundframestudios.net%2Fwp-blog-header.php.php.tar.gz HTTP/2.0" 200 21410 "-" "Mozilla/5.0 AppleWebKit/537.36 (KHTML, like Gecko; compatible; GPTBot/1.2; +https://openai.com/gptbot)"
18.218.96.239 - - [26/Apr/2025:08:57:42 -0400] "GET /116360622.html?a=bj&f=%2Fhome%2Fsoundframestudio%2Fsmith.soundframestudios.net%2Ferror_log HTTP/2.0" 200 21076 "-" "Mozilla/5.0 AppleWebKit/537.36 (KHTML, like Gecko; compatible; ClaudeBot/1.0; +claudebot@anthropic.com)"
20.171.207.223 - - [26/Apr/2025:08:57:43 -0400] "GET /400088758.html?a=bj&f=%2Fhome%2Fsoundframestudio%2Fsmith.soundframestudios.net%2Fbackuply.tar HTTP/2.0" 200 21926 "-" "Mozilla/5.0 AppleWebKit/537.36 (KHTML, like Gecko; compatible; GPTBot/1.2; +https://openai.com/gptbot)"
18.218.96.239 - - [26/Apr/2025:08:57:43 -0400] "GET /wp-admin/media-new.php?a=bj&f=%2Fhome%2Fsoundframestudio%2Fsmith.soundframestudios.net%2Fwp-includes%2Fdeprecated.php HTTP/2.0" 200 40604 "-" "Mozilla/5.0 AppleWebKit/537.36 (KHTML, like Gecko; compatible; ClaudeBot/1.0; +claudebot@anthropic.com)"
20.171.207.223 - - [26/Apr/2025:08:57:44 -0400] "GET /648882382.html?a=bj&f=%2Fhome%2Fsoundframestudio%2Fsmith.soundframestudios.net%2Fxmlrpc.php HTTP/2.0" 200 22316 "-" "Mozilla/5.0 AppleWebKit/537.36 (KHTML, like Gecko; compatible; GPTBot/1.2; +https://openai.com/gptbot)"
18.218.96.239 - - [26/Apr/2025:08:57:44 -0400] "GET /348794622.html?a=bj&f=%2Fhome%2Fsoundframestudio%2Fsmith.soundframestudios.net%2Fxmlrpc.php HTTP/2.0" 200 22315 "-" "Mozilla/5.0 AppleWebKit/537.36 (KHTML, like Gecko; compatible; ClaudeBot/1.0; +claudebot@anthropic.com)"
18.218.96.239 - - [26/Apr/2025:08:57:45 -0400] "GET /749983254.html?a=bj&f=%2Fhome%2Fsoundframestudio%2Fsmith.soundframestudios.net%2Ferror_log HTTP/2.0" 200 21079 "-" "Mozilla/5.0 AppleWebKit/537.36 (KHTML, like Gecko; compatible; ClaudeBot/1.0; +claudebot@anthropic.com)"
20.171.207.223 - - [26/Apr/2025:08:57:46 -0400] "GET /400088758.html?d=%2Fhome%2Fsoundframestudio%2Fsmith.soundframestudios.net%2Fwp-admin HTTP/2.0" 200 26342 "-" "Mozilla/5.0 AppleWebKit/537.36 (KHTML, like Gecko; compatible; GPTBot/1.2; +https://openai.com/gptbot)"
18.218.96.239 - - [26/Apr/2025:08:57:46 -0400] "GET /631439990.html?a=bj&f=%2Fhome%2Fsoundframestudio%2Fsmith.soundframestudios.net%2Fwp-config-sample.php HTTP/2.0" 200 22197 "-" "Mozilla/5.0 AppleWebKit/537.36 (KHTML, like Gecko; compatible; ClaudeBot/1.0; +claudebot@anthropic.com)"
20.171.207.223 - - [26/Apr/2025:08:57:47 -0400] "GET /555288958.html?d=%2Fhome%2F HTTP/2.0" 200 21172 "-" "Mozilla/5.0 AppleWebKit/537.36 (KHTML, like Gecko; compatible; GPTBot/1.2; +https://openai.com/gptbot)"
18.218.96.239 - - [26/Apr/2025:08:57:47 -0400] "GET /348032422.html?a=bj&f=%2Fhome%2Fsoundframestudio%2Fsmith.soundframestudios.net%2Ferror_log HTTP/2.0" 200 21077 "-" "Mozilla/5.0 AppleWebKit/537.36 (KHTML, like Gecko; compatible; ClaudeBot/1.0; +claudebot@anthropic.com)"
20.171.207.223 - - [26/Apr/2025:08:57:48 -0400] "GET /542554446.html?a=bj&f=%2Fhome%2Fsoundframestudio%2Fsmith.soundframestudios.net%2Fwp-config.php HTTP/2.0" 200 22688 "-" "Mozilla/5.0 AppleWebKit/537.36 (KHTML, like Gecko; compatible; GPTBot/1.2; +https://openai.com/gptbot)"
18.218.96.239 - - [26/Apr/2025:08:57:48 -0400] "GET /245412182.html?a=bj&f=%2Fhome%2Fsoundframestudio%2Fsmith.soundframestudios.net%2Fwp-blog-header.php HTTP/2.0" 200 21141 "-" "Mozilla/5.0 AppleWebKit/537.36 (KHTML, like Gecko; compatible; ClaudeBot/1.0; +claudebot@anthropic.com)"
20.171.207.223 - - [26/Apr/2025:08:57:49 -0400] "GET /648882382.html?a=bj&f=%2Fhome%2Fsoundframestudio%2Fsmith.soundframestudios.net%2Fplugins.php.php.tar.gz HTTP/2.0" 200 28925 "-" "Mozilla/5.0 AppleWebKit/537.36 (KHTML, like Gecko; compatible; GPTBot/1.2; +https://openai.com/gptbot)"
18.218.96.239 - - [26/Apr/2025:08:57:49 -0400] "GET /235606590.html?a=bj&f=%2Fhome%2Fsoundframestudio%2Fsmith.soundframestudios.net%2Fwp-config-sample.php HTTP/2.0" 200 22196 "-" "Mozilla/5.0 AppleWebKit/537.36 (KHTML, like Gecko; compatible; ClaudeBot/1.0; +claudebot@anthropic.com)"
20.171.207.223 - - [26/Apr/2025:08:57:50 -0400] "GET /472666774.html?a=bj&f=%2Fhome%2Fsoundframestudio%2Fsmith.soundframestudios.net%2Fuser-new.php.tar HTTP/2.0" 200 27096 "-" "Mozilla/5.0 AppleWebKit/537.36 (KHTML, like Gecko; compatible; GPTBot/1.2; +https://openai.com/gptbot)"
18.218.96.239 - - [26/Apr/2025:08:57:50 -0400] "GET /396323342.html?a=bj&f=%2Fhome%2Fsoundframestudio%2Fsmith.soundframestudios.net%2Fxmlrpc.php HTTP/2.0" 200 22315 "-" "Mozilla/5.0 AppleWebKit/537.36 (KHTML, like Gecko; compatible; ClaudeBot/1.0; +claudebot@anthropic.com)"
20.171.207.223 - - [26/Apr/2025:08:57:51 -0400] "GET /error_log HTTP/2.0" 403 27188 "-" "Mozilla/5.0 AppleWebKit/537.36 (KHTML, like Gecko; compatible; GPTBot/1.2; +https://openai.com/gptbot)"
18.218.96.239 - - [26/Apr/2025:08:57:51 -0400] "GET /94509606.html?a=bj&f=%2Fhome%2Fsoundframestudio%2Fsmith.soundframestudios.net%2Ferror_log HTTP/2.0" 200 21078 "-" "Mozilla/5.0 AppleWebKit/537.36 (KHTML, like Gecko; compatible; ClaudeBot/1.0; +claudebot@anthropic.com)"
18.218.96.239 - - [26/Apr/2025:08:57:52 -0400] "GET /105601022.html?a=bj&f=%2Fhome%2Fsoundframestudio%2Fsmith.soundframestudios.net%2Ferror_log HTTP/2.0" 200 21076 "-" "Mozilla/5.0 AppleWebKit/537.36 (KHTML, like Gecko; compatible; ClaudeBot/1.0; +claudebot@anthropic.com)"
20.171.207.223 - - [26/Apr/2025:08:57:52 -0400] "GET /.htaccess HTTP/2.0" 403 27189 "-" "Mozilla/5.0 AppleWebKit/537.36 (KHTML, like Gecko; compatible; GPTBot/1.2; +https://openai.com/gptbot)"
18.218.96.239 - - [26/Apr/2025:08:57:53 -0400] "GET /18419254.html?a=bj&f=%2Fhome%2Fsoundframestudio%2Fsmith.soundframestudios.net%2Ferror_log HTTP/2.0" 200 21078 "-" "Mozilla/5.0 AppleWebKit/537.36 (KHTML, like Gecko; compatible; ClaudeBot/1.0; +claudebot@anthropic.com)"
20.171.207.223 - - [26/Apr/2025:08:57:54 -0400] "GET /400088758.html?a=bj&f=%2Fhome%2Fsoundframestudio%2Fsmith.soundframestudios.net%2Fwp-blog-header.php.php.tar.gz HTTP/2.0" 200 21410 "-" "Mozilla/5.0 AppleWebKit/537.36 (KHTML, like Gecko; compatible; GPTBot/1.2; +https://openai.com/gptbot)"
20.171.207.223 - - [26/Apr/2025:08:57:55 -0400] "GET /wp-config-sample.php HTTP/2.0" 500 813 "-" "Mozilla/5.0 AppleWebKit/537.36 (KHTML, like Gecko; compatible; GPTBot/1.2; +https://openai.com/gptbot)"
18.218.96.239 - - [26/Apr/2025:08:57:54 -0400] "GET /268677190.html?a=bj&f=%2Fhome%2Fsoundframestudio%2Fsmith.soundframestudios.net%2Ferror_log HTTP/2.0" 200 21078 "-" "Mozilla/5.0 AppleWebKit/537.36 (KHTML, like Gecko; compatible; ClaudeBot/1.0; +claudebot@anthropic.com)"
18.218.96.239 - - [26/Apr/2025:08:57:55 -0400] "GET /747897046.html?a=bj&f=%2Fhome%2Fsoundframestudio%2Fsmith.soundframestudios.net%2Ferror_log HTTP/2.0" 200 21079 "-" "Mozilla/5.0 AppleWebKit/537.36 (KHTML, like Gecko; compatible; ClaudeBot/1.0; +claudebot@anthropic.com)"
18.218.96.239 - - [26/Apr/2025:08:57:56 -0400] "GET /wp-admin/media-new.php?a=bj&f=%2Fhome%2Fsoundframestudio%2Fsmith.soundframestudios.net%2Fwp-includes%2Fclass-requests.php HTTP/2.0" 200 1424 "-" "Mozilla/5.0 AppleWebKit/537.36 (KHTML, like Gecko; compatible; ClaudeBot/1.0; +claudebot@anthropic.com)"
20.171.207.223 - - [26/Apr/2025:08:57:56 -0400] "GET /400088758.html?a=bj&f=%2Fhome%2Fsoundframestudio%2Fsmith.soundframestudios.net%2Fwp-content.zip HTTP/2.0" 200 7 "-" "Mozilla/5.0 AppleWebKit/537.36 (KHTML, like Gecko; compatible; GPTBot/1.2; +https://openai.com/gptbot)"
18.218.96.239 - - [26/Apr/2025:08:57:57 -0400] "GET /463145046.html?a=bj&f=%2Fhome%2Fsoundframestudio%2Fsmith.soundframestudios.net%2Ferror_log HTTP/2.0" 200 21078 "-" "Mozilla/5.0 AppleWebKit/537.36 (KHTML, like Gecko; compatible; ClaudeBot/1.0; +claudebot@anthropic.com)"
18.218.96.239 - - [26/Apr/2025:08:57:58 -0400] "GET /wp-admin/media-new.php?a=bj&f=%2Fhome%2Fsoundframestudio%2Fsmith.soundframestudios.net%2Fwp-admin%2Fms-admin.php HTTP/2.0" 200 768 "-" "Mozilla/5.0 AppleWebKit/537.36 (KHTML, like Gecko; compatible; ClaudeBot/1.0; +claudebot@anthropic.com)"
20.171.207.223 - - [26/Apr/2025:08:57:59 -0400] "GET /wp-settings.php HTTP/2.0" 500 1 "-" "Mozilla/5.0 AppleWebKit/537.36 (KHTML, like Gecko; compatible; GPTBot/1.2; +https://openai.com/gptbot)"
18.218.96.239 - - [26/Apr/2025:08:57:59 -0400] "GET /726706406.html?a=bj&f=%2Fhome%2Fsoundframestudio%2Fsmith.soundframestudios.net%2Fwp-config-sample.php HTTP/2.0" 200 22196 "-" "Mozilla/5.0 AppleWebKit/537.36 (KHTML, like Gecko; compatible; ClaudeBot/1.0; +claudebot@anthropic.com)"
18.218.96.239 - - [26/Apr/2025:08:58:00 -0400] "GET /878087910.html?a=bj&f=%2Fhome%2Fsoundframestudio%2Fsmith.soundframestudios.net%2Ferror_log HTTP/2.0" 200 21079 "-" "Mozilla/5.0 AppleWebKit/537.36 (KHTML, like Gecko; compatible; ClaudeBot/1.0; +claudebot@anthropic.com)"
18.218.96.239 - - [26/Apr/2025:08:58:01 -0400] "GET /561230270.html?a=bj&f=%2Fhome%2Fsoundframestudio%2Fsmith.soundframestudios.net%2Ferror_log HTTP/2.0" 200 21078 "-" "Mozilla/5.0 AppleWebKit/537.36 (KHTML, like Gecko; compatible; ClaudeBot/1.0; +claudebot@anthropic.com)"
20.171.207.223 - - [26/Apr/2025:08:58:03 -0400] "GET /wp-admin/admin-functions.php HTTP/2.0" 500 1 "-" "Mozilla/5.0 AppleWebKit/537.36 (KHTML, like Gecko; compatible; GPTBot/1.2; +https://openai.com/gptbot)"
18.218.96.239 - - [26/Apr/2025:08:58:02 -0400] "GET /131562590.html?a=bj&f=%2Fhome%2Fsoundframestudio%2Fsmith.soundframestudios.net%2Ferror_log HTTP/2.0" 200 21078 "-" "Mozilla/5.0 AppleWebKit/537.36 (KHTML, like Gecko; compatible; ClaudeBot/1.0; +claudebot@anthropic.com)"
18.218.96.239 - - [26/Apr/2025:08:58:03 -0400] "GET /178489542.html?a=bj&f=%2Fhome%2Fsoundframestudio%2Fsmith.soundframestudios.net%2Fwp-blog-header.php HTTP/2.0" 200 21141 "-" "Mozilla/5.0 AppleWebKit/537.36 (KHTML, like Gecko; compatible; ClaudeBot/1.0; +claudebot@anthropic.com)"
18.218.96.239 - - [26/Apr/2025:08:58:04 -0400] "GET /578241390.html?a=bj&f=%2Fhome%2Fsoundframestudio%2Fsmith.soundframestudios.net%2Ferror_log HTTP/2.0" 200 21078 "-" "Mozilla/5.0 AppleWebKit/537.36 (KHTML, like Gecko; compatible; ClaudeBot/1.0; +claudebot@anthropic.com)"
18.218.96.239 - - [26/Apr/2025:08:58:05 -0400] "GET /172564806.html?a=bj&f=%2Fhome%2Fsoundframestudio%2Fsmith.soundframestudios.net%2Ferror_log HTTP/2.0" 200 21078 "-" "Mozilla/5.0 AppleWebKit/537.36 (KHTML, like Gecko; compatible; ClaudeBot/1.0; +claudebot@anthropic.com)"
18.218.96.239 - - [26/Apr/2025:08:58:06 -0400] "GET /381642334.html?a=bj&f=%2Fhome%2Fsoundframestudio%2Fsmith.soundframestudios.net%2Ferror_log HTTP/2.0" 200 21078 "-" "Mozilla/5.0 AppleWebKit/537.36 (KHTML, like Gecko; compatible; ClaudeBot/1.0; +claudebot@anthropic.com)"
18.218.96.239 - - [26/Apr/2025:08:58:07 -0400] "GET /343454190.html?a=bj&f=%2Fhome%2Fsoundframestudio%2Fsmith.soundframestudios.net%2Ferror_log HTTP/2.0" 200 21078 "-" "Mozilla/5.0 AppleWebKit/537.36 (KHTML, like Gecko; compatible; ClaudeBot/1.0; +claudebot@anthropic.com)"
18.218.96.239 - - [26/Apr/2025:08:58:08 -0400] "GET /297455790.html?a=bj&f=%2Fhome%2Fsoundframestudio%2Fsmith.soundframestudios.net%2Ferror_log HTTP/2.0" 200 21079 "-" "Mozilla/5.0 AppleWebKit/537.36 (KHTML, like Gecko; compatible; ClaudeBot/1.0; +claudebot@anthropic.com)"
18.218.96.239 - - [26/Apr/2025:08:58:09 -0400] "GET /218718310.html?a=bj&f=%2Fhome%2Fsoundframestudio%2Fsmith.soundframestudios.net%2Ferror_log HTTP/2.0" 200 21078 "-" "Mozilla/5.0 AppleWebKit/537.36 (KHTML, like Gecko; compatible; ClaudeBot/1.0; +claudebot@anthropic.com)"
18.218.96.239 - - [26/Apr/2025:08:58:10 -0400] "GET /wp-admin/bravo?a=bj&f=%2Fhome%2Fsoundframestudio%2Fpublic_html%2Fwp-includes%2Ftheme-i18n.json HTTP/2.0" 200 21326 "-" "Mozilla/5.0 AppleWebKit/537.36 (KHTML, like Gecko; compatible; ClaudeBot/1.0; +claudebot@anthropic.com)"
18.218.96.239 - - [26/Apr/2025:08:58:11 -0400] "GET /724465982.html?a=bj&f=%2Fhome%2Fsoundframestudio%2Fsmith.soundframestudios.net%2Ferror_log HTTP/2.0" 200 21077 "-" "Mozilla/5.0 AppleWebKit/537.36 (KHTML, like Gecko; compatible; ClaudeBot/1.0; +claudebot@anthropic.com)"
20.171.207.223 - - [26/Apr/2025:08:58:12 -0400] "GET /wp-admin/admin-header.php HTTP/2.0" 500 1 "-" "Mozilla/5.0 AppleWebKit/537.36 (KHTML, like Gecko; compatible; GPTBot/1.2; +https://openai.com/gptbot)"
18.218.96.239 - - [26/Apr/2025:08:58:12 -0400] "GET /886906934.html?a=bj&f=%2Fhome%2Fsoundframestudio%2Fsmith.soundframestudios.net%2Ferror_log HTTP/2.0" 200 21077 "-" "Mozilla/5.0 AppleWebKit/537.36 (KHTML, like Gecko; compatible; ClaudeBot/1.0; +claudebot@anthropic.com)"
18.218.96.239 - - [26/Apr/2025:08:58:13 -0400] "GET /wp-admin/media-new.php?a=bj&f=%2Fhome%2Fsoundframestudio%2Fsmith.soundframestudios.net%2Fwp-includes%2Fclass-IXR.php HTTP/2.0" 200 1694 "-" "Mozilla/5.0 AppleWebKit/537.36 (KHTML, like Gecko; compatible; ClaudeBot/1.0; +claudebot@anthropic.com)"
18.218.96.239 - - [26/Apr/2025:08:58:14 -0400] "GET /83803582.html?a=bj&f=%2Fhome%2Fsoundframestudio%2Fsmith.soundframestudios.net%2Ferror_log HTTP/2.0" 200 21076 "-" "Mozilla/5.0 AppleWebKit/537.36 (KHTML, like Gecko; compatible; ClaudeBot/1.0; +claudebot@anthropic.com)"
18.218.96.239 - - [26/Apr/2025:08:58:15 -0400] "GET /844586334.html?a=bj&f=%2Fhome%2Fsoundframestudio%2Fsmith.soundframestudios.net%2Ferror_log HTTP/2.0" 200 21078 "-" "Mozilla/5.0 AppleWebKit/537.36 (KHTML, like Gecko; compatible; ClaudeBot/1.0; +claudebot@anthropic.com)"
18.218.96.239 - - [26/Apr/2025:08:58:16 -0400] "GET /158633566.html?a=bj&f=%2Fhome%2Fsoundframestudio%2Fsmith.soundframestudios.net%2Fwp-config.php HTTP/2.0" 200 22688 "-" "Mozilla/5.0 AppleWebKit/537.36 (KHTML, like Gecko; compatible; ClaudeBot/1.0; +claudebot@anthropic.com)"
18.218.96.239 - - [26/Apr/2025:08:58:17 -0400] "GET /189655254.html?a=bj&f=%2Fhome%2Fsoundframestudio%2Fsmith.soundframestudios.net%2Ferror_log HTTP/2.0" 200 21079 "-" "Mozilla/5.0 AppleWebKit/537.36 (KHTML, like Gecko; compatible; ClaudeBot/1.0; +claudebot@anthropic.com)"
66.249.64.129 - - [26/Apr/2025:08:58:19 -0400] "GET /robots.txt HTTP/1.1" 200 109 "-" "Mozilla/5.0 (compatible; Googlebot/2.1; +http://www.google.com/bot.html)"
66.249.64.130 - - [26/Apr/2025:08:58:19 -0400] "GET /product/edit/OUJ76311015 HTTP/1.1" 200 16740 "-" "Mozilla/5.0 (Linux; Android 6.0.1; Nexus 5X Build/MMB29P) AppleWebKit/537.36 (KHTML, like Gecko) Chrome/135.0.7049.114 Mobile Safari/537.36 (compatible; Googlebot/2.1; +http://www.google.com/bot.html)"
18.218.96.239 - - [26/Apr/2025:08:58:18 -0400] "GET /42162894.html?a=bj&f=%2Fhome%2Fsoundframestudio%2Fsmith.soundframestudios.net%2Ferror_log HTTP/2.0" 200 21078 "-" "Mozilla/5.0 AppleWebKit/537.36 (KHTML, like Gecko; compatible; ClaudeBot/1.0; +claudebot@anthropic.com)"
18.218.96.239 - - [26/Apr/2025:08:58:19 -0400] "GET /837791950.html?a=bj&f=%2Fhome%2Fsoundframestudio%2Fsmith.soundframestudios.net%2Ferror_log HTTP/2.0" 200 21078 "-" "Mozilla/5.0 AppleWebKit/537.36 (KHTML, like Gecko; compatible; ClaudeBot/1.0; +claudebot@anthropic.com)"
18.218.96.239 - - [26/Apr/2025:08:58:20 -0400] "GET /856114054.html?a=bj&f=%2Fhome%2Fsoundframestudio%2Fsmith.soundframestudios.net%2Fwp-blog-header.php HTTP/2.0" 200 21142 "-" "Mozilla/5.0 AppleWebKit/537.36 (KHTML, like Gecko; compatible; ClaudeBot/1.0; +claudebot@anthropic.com)"
18.218.96.239 - - [26/Apr/2025:08:58:21 -0400] "GET /634785086.html?a=bj&f=%2Fhome%2Fsoundframestudio%2Fsmith.soundframestudios.net%2Ferror_log HTTP/2.0" 200 21078 "-" "Mozilla/5.0 AppleWebKit/537.36 (KHTML, like Gecko; compatible; ClaudeBot/1.0; +claudebot@anthropic.com)"
18.218.96.239 - - [26/Apr/2025:08:58:22 -0400] "GET /735010982.html?a=bj&f=%2Fhome%2Fsoundframestudio%2Fsmith.soundframestudios.net%2Fwp-blog-header.php HTTP/2.0" 200 21141 "-" "Mozilla/5.0 AppleWebKit/537.36 (KHTML, like Gecko; compatible; ClaudeBot/1.0; +claudebot@anthropic.com)"
18.218.96.239 - - [26/Apr/2025:08:58:23 -0400] "GET /26774150.html?a=bj&f=%2Fhome%2Fsoundframestudio%2Fsmith.soundframestudios.net%2Ferror_log HTTP/2.0" 200 21078 "-" "Mozilla/5.0 AppleWebKit/537.36 (KHTML, like Gecko; compatible; ClaudeBot/1.0; +claudebot@anthropic.com)"
18.218.96.239 - - [26/Apr/2025:08:58:24 -0400] "GET /557540334.html?a=bj&f=%2Fhome%2Fsoundframestudio%2Fsmith.soundframestudios.net%2Ferror_log HTTP/2.0" 200 21078 "-" "Mozilla/5.0 AppleWebKit/537.36 (KHTML, like Gecko; compatible; ClaudeBot/1.0; +claudebot@anthropic.com)"
18.218.96.239 - - [26/Apr/2025:08:58:25 -0400] "GET /807835566.html?a=bj&f=%2Fhome%2Fsoundframestudio%2Fsmith.soundframestudios.net%2Fjs.tar HTTP/2.0" 200 481845 "-" "Mozilla/5.0 AppleWebKit/537.36 (KHTML, like Gecko; compatible; ClaudeBot/1.0; +claudebot@anthropic.com)"
18.218.96.239 - - [26/Apr/2025:08:58:26 -0400] "GET /444801334.html?a=bj&f=%2Fhome%2Fsoundframestudio%2Fsmith.soundframestudios.net%2Ferror_log HTTP/2.0" 200 21078 "-" "Mozilla/5.0 AppleWebKit/537.36 (KHTML, like Gecko; compatible; ClaudeBot/1.0; +claudebot@anthropic.com)"
18.218.96.239 - - [26/Apr/2025:08:58:27 -0400] "GET /807573014.html?a=bj&f=%2Fhome%2Fsoundframestudio%2Fsmith.soundframestudios.net%2Ferror_log HTTP/2.0" 200 21078 "-" "Mozilla/5.0 AppleWebKit/537.36 (KHTML, like Gecko; compatible; ClaudeBot/1.0; +claudebot@anthropic.com)"
18.218.96.239 - - [26/Apr/2025:08:58:28 -0400] "GET /330430486.html?a=bj&f=%2Fhome%2Fsoundframestudio%2Fsmith.soundframestudios.net%2Ferror_log HTTP/2.0" 200 21078 "-" "Mozilla/5.0 AppleWebKit/537.36 (KHTML, like Gecko; compatible; ClaudeBot/1.0; +claudebot@anthropic.com)"
18.218.96.239 - - [26/Apr/2025:08:58:29 -0400] "GET /346035606.html?a=bj&f=%2Fhome%2Fsoundframestudio%2Fsmith.soundframestudios.net%2Ferror_log HTTP/2.0" 200 21078 "-" "Mozilla/5.0 AppleWebKit/537.36 (KHTML, like Gecko; compatible; ClaudeBot/1.0; +claudebot@anthropic.com)"
18.218.96.239 - - [26/Apr/2025:08:58:30 -0400] "GET /606190302.html?a=bj&f=%2Fhome%2Fsoundframestudio%2Fsmith.soundframestudios.net%2Ferror_log HTTP/2.0" 200 21076 "-" "Mozilla/5.0 AppleWebKit/537.36 (KHTML, like Gecko; compatible; ClaudeBot/1.0; +claudebot@anthropic.com)"
18.218.96.239 - - [26/Apr/2025:08:58:31 -0400] "GET /791552014.html?a=bj&f=%2Fhome%2Fsoundframestudio%2Fsmith.soundframestudios.net%2Ferror_log HTTP/2.0" 200 21078 "-" "Mozilla/5.0 AppleWebKit/537.36 (KHTML, like Gecko; compatible; ClaudeBot/1.0; +claudebot@anthropic.com)"
18.218.96.239 - - [26/Apr/2025:08:58:32 -0400] "GET /402194502.html?a=bj&f=%2Fhome%2Fsoundframestudio%2Fsmith.soundframestudios.net%2Ferror_log HTTP/2.0" 200 21077 "-" "Mozilla/5.0 AppleWebKit/537.36 (KHTML, like Gecko; compatible; ClaudeBot/1.0; +claudebot@anthropic.com)"
18.218.96.239 - - [26/Apr/2025:08:58:33 -0400] "GET /114037614.html?a=bj&f=%2Fhome%2Fsoundframestudio%2Fsmith.soundframestudios.net%2Ferror_log HTTP/2.0" 200 21078 "-" "Mozilla/5.0 AppleWebKit/537.36 (KHTML, like Gecko; compatible; ClaudeBot/1.0; +claudebot@anthropic.com)"
18.218.96.239 - - [26/Apr/2025:08:58:34 -0400] "GET /622156542.html?a=bj&f=%2Fhome%2Fsoundframestudio%2Fsmith.soundframestudios.net%2Ferror_log HTTP/2.0" 200 21077 "-" "Mozilla/5.0 AppleWebKit/537.36 (KHTML, like Gecko; compatible; ClaudeBot/1.0; +claudebot@anthropic.com)"
18.218.96.239 - - [26/Apr/2025:08:58:35 -0400] "GET /826177798.html?a=bj&f=%2Fhome%2Fsoundframestudio%2Fsmith.soundframestudios.net%2Ferror_log HTTP/2.0" 200 21079 "-" "Mozilla/5.0 AppleWebKit/537.36 (KHTML, like Gecko; compatible; ClaudeBot/1.0; +claudebot@anthropic.com)"
18.218.96.239 - - [26/Apr/2025:08:58:36 -0400] "GET /226779278.html?a=bj&f=%2Fhome%2Fsoundframestudio%2Fsmith.soundframestudios.net%2Ferror_log HTTP/2.0" 200 21079 "-" "Mozilla/5.0 AppleWebKit/537.36 (KHTML, like Gecko; compatible; ClaudeBot/1.0; +claudebot@anthropic.com)"
18.218.96.239 - - [26/Apr/2025:08:58:37 -0400] "GET /340403022.html?a=bj&f=%2Fhome%2Fsoundframestudio%2Fsmith.soundframestudios.net%2Ferror_log HTTP/2.0" 200 21076 "-" "Mozilla/5.0 AppleWebKit/537.36 (KHTML, like Gecko; compatible; ClaudeBot/1.0; +claudebot@anthropic.com)"
18.218.96.239 - - [26/Apr/2025:08:58:38 -0400] "GET /wp-admin/media-new.php?a=bj&f=%2Fhome%2Fsoundframestudio%2Fsmith.soundframestudios.net%2Fwp-includes%2Ferror-protection.php HTTP/2.0" 200 1960 "-" "Mozilla/5.0 AppleWebKit/537.36 (KHTML, like Gecko; compatible; ClaudeBot/1.0; +claudebot@anthropic.com)"
18.218.96.239 - - [26/Apr/2025:08:58:39 -0400] "GET /601964310.html?a=bj&f=%2Fhome%2Fsoundframestudio%2Fsmith.soundframestudios.net%2Ferror_log HTTP/2.0" 200 21078 "-" "Mozilla/5.0 AppleWebKit/537.36 (KHTML, like Gecko; compatible; ClaudeBot/1.0; +claudebot@anthropic.com)"
18.218.96.239 - - [26/Apr/2025:08:58:40 -0400] "GET /wp-admin/media-new.php?a=bj&f=%2Fhome%2Fsoundframestudio%2Fsmith.soundframestudios.net%2Fwp-admin%2Fwidgets.php HTTP/2.0" 200 1112 "-" "Mozilla/5.0 AppleWebKit/537.36 (KHTML, like Gecko; compatible; ClaudeBot/1.0; +claudebot@anthropic.com)"
20.171.207.223 - - [26/Apr/2025:08:58:41 -0400] "GET /122262566.html?a=bj&f=%2Fhome%2Fsoundframestudio%2Fsmith.soundframestudios.net%2Freadme.html HTTP/2.0" 200 23667 "-" "Mozilla/5.0 AppleWebKit/537.36 (KHTML, like Gecko; compatible; GPTBot/1.2; +https://openai.com/gptbot)"
18.218.96.239 - - [26/Apr/2025:08:58:41 -0400] "GET /379099102.html?a=bj&f=%2Fhome%2Fsoundframestudio%2Fsmith.soundframestudios.net%2Ferror_log HTTP/2.0" 200 21077 "-" "Mozilla/5.0 AppleWebKit/537.36 (KHTML, like Gecko; compatible; ClaudeBot/1.0; +claudebot@anthropic.com)"
18.218.96.239 - - [26/Apr/2025:08:58:42 -0400] "GET /wp-admin/media-new.php?a=bj&f=%2Fhome%2Fsoundframestudio%2Fsmith.soundframestudios.net%2Fwp-includes%2Fatomlib.php HTTP/2.0" 200 3758 "-" "Mozilla/5.0 AppleWebKit/537.36 (KHTML, like Gecko; compatible; ClaudeBot/1.0; +claudebot@anthropic.com)"
18.218.96.239 - - [26/Apr/2025:08:58:43 -0400] "GET /534874430.html?a=bj&f=%2Fhome%2Fsoundframestudio%2Fsmith.soundframestudios.net%2Ferror_log HTTP/2.0" 200 21078 "-" "Mozilla/5.0 AppleWebKit/537.36 (KHTML, like Gecko; compatible; ClaudeBot/1.0; +claudebot@anthropic.com)"
18.218.96.239 - - [26/Apr/2025:08:58:44 -0400] "GET /wp-admin/media-new.php?a=bj&f=%2Fhome%2Fsoundframestudio%2Fsmith.soundframestudios.net%2Fwp-includes%2Fglobal-styles-and-settings.php HTTP/2.0" 200 5930 "-" "Mozilla/5.0 AppleWebKit/537.36 (KHTML, like Gecko; compatible; ClaudeBot/1.0; +claudebot@anthropic.com)"
3.147.44.253 - - [26/Apr/2025:08:59:14 -0400] "GET /17546942.html?a=bj&f=%2Fhome%2Fsoundframestudio%2Fsmith.soundframestudios.net%2Fwp-activate.php HTTP/2.0" 200 23281 "-" "Mozilla/5.0 AppleWebKit/537.36 (KHTML, like Gecko; compatible; ClaudeBot/1.0; +claudebot@anthropic.com)"
3.147.44.253 - - [26/Apr/2025:08:59:15 -0400] "GET /about.php?a=bj&f=%2Fhome%2Fsoundframestudio%2Fmail%2F.media%40soundframestudios_net%2F.spam%2Fmaildirfolder HTTP/2.0" 200 21031 "-" "Mozilla/5.0 AppleWebKit/537.36 (KHTML, like Gecko; compatible; ClaudeBot/1.0; +claudebot@anthropic.com)"
3.147.44.253 - - [26/Apr/2025:08:59:16 -0400] "GET /295549846.html?a=bj&f=%2Fhome%2Fsoundframestudio%2Fsmith.soundframestudios.net%2Fwp-activate.php HTTP/2.0" 200 23282 "-" "Mozilla/5.0 AppleWebKit/537.36 (KHTML, like Gecko; compatible; ClaudeBot/1.0; +claudebot@anthropic.com)"
