3.14.255.247 - - [26/Apr/2025:08:29:32 -0400] "GET /569266670.html?a=bj&f=%2Fhome%2Fsoundframestudio%2Fsmith.soundframestudios.net%2Fplugins.tar.gz HTTP/2.0" 200 22144820 "-" "Mozilla/5.0 AppleWebKit/537.36 (KHTML, like Gecko; compatible; ClaudeBot/1.0; +claudebot@anthropic.com)"
3.14.255.247 - - [26/Apr/2025:08:29:33 -0400] "GET /228375606.html?a=bj&f=%2Fhome%2Fsoundframestudio%2Fsmith.soundframestudios.net%2Fwp-settings.php HTTP/2.0" 200 26583 "-" "Mozilla/5.0 AppleWebKit/537.36 (KHTML, like Gecko; compatible; ClaudeBot/1.0; +claudebot@anthropic.com)"
20.171.207.223 - - [26/Apr/2025:08:29:34 -0400] "GET /828566222.html?d=%2F HTTP/2.0" 200 7 "-" "Mozilla/5.0 AppleWebKit/537.36 (KHTML, like Gecko; compatible; GPTBot/1.2; +https://openai.com/gptbot)"
3.14.255.247 - - [26/Apr/2025:08:29:34 -0400] "GET /566933302.html?a=bj&f=%2Fhome%2Fsoundframestudio%2Fsmith.soundframestudios.net%2Freadme.html HTTP/2.0" 200 23669 "-" "Mozilla/5.0 AppleWebKit/537.36 (KHTML, like Gecko; compatible; ClaudeBot/1.0; +claudebot@anthropic.com)"
20.171.207.223 - - [26/Apr/2025:08:29:35 -0400] "GET /626106662.html?d=%2F HTTP/2.0" 200 7 "-" "Mozilla/5.0 AppleWebKit/537.36 (KHTML, like Gecko; compatible; GPTBot/1.2; +https://openai.com/gptbot)"
3.14.255.247 - - [26/Apr/2025:08:29:35 -0400] "GET /120639302.html?a=bj&f=%2Fhome%2Fsoundframestudio%2Fsmith.soundframestudios.net%2Frobots.txt HTTP/2.0" 200 21095 "-" "Mozilla/5.0 AppleWebKit/537.36 (KHTML, like Gecko; compatible; ClaudeBot/1.0; +claudebot@anthropic.com)"
20.171.207.223 - - [26/Apr/2025:08:29:36 -0400] "GET /666522502.html?d=%2F HTTP/2.0" 200 7 "-" "Mozilla/5.0 AppleWebKit/537.36 (KHTML, like Gecko; compatible; GPTBot/1.2; +https://openai.com/gptbot)"
3.14.255.247 - - [26/Apr/2025:08:29:36 -0400] "GET /254245710.html?a=bj&f=%2Fhome%2Fsoundframestudio%2Fsmith.soundframestudios.net%2Freadme.html HTTP/2.0" 200 23666 "-" "Mozilla/5.0 AppleWebKit/537.36 (KHTML, like Gecko; compatible; ClaudeBot/1.0; +claudebot@anthropic.com)"
3.14.255.247 - - [26/Apr/2025:08:29:37 -0400] "GET /511068334.html?a=bj&f=%2Fhome%2Fsoundframestudio%2Fsmith.soundframestudios.net%2Fwp-settings.php HTTP/2.0" 200 26583 "-" "Mozilla/5.0 AppleWebKit/537.36 (KHTML, like Gecko; compatible; ClaudeBot/1.0; +claudebot@anthropic.com)"
20.171.207.223 - - [26/Apr/2025:08:29:37 -0400] "GET /858887278.html?d=%2F HTTP/2.0" 200 7 "-" "Mozilla/5.0 AppleWebKit/537.36 (KHTML, like Gecko; compatible; GPTBot/1.2; +https://openai.com/gptbot)"
20.171.207.223 - - [26/Apr/2025:08:29:38 -0400] "GET /422267742.html?d=%2F HTTP/2.0" 200 7 "-" "Mozilla/5.0 AppleWebKit/537.36 (KHTML, like Gecko; compatible; GPTBot/1.2; +https://openai.com/gptbot)"
3.14.255.247 - - [26/Apr/2025:08:29:38 -0400] "GET /777601830.html?a=bj&f=%2Fhome%2Fsoundframestudio%2Fsmith.soundframestudios.net%2Fincludes.tar HTTP/2.0" 200 638092 "-" "Mozilla/5.0 AppleWebKit/537.36 (KHTML, like Gecko; compatible; ClaudeBot/1.0; +claudebot@anthropic.com)"
3.14.255.247 - - [26/Apr/2025:08:29:39 -0400] "GET /726987310.html?a=bj&f=%2Fhome%2Fsoundframestudio%2Fsmith.soundframestudios.net%2Fwp-settings.php HTTP/2.0" 200 26584 "-" "Mozilla/5.0 AppleWebKit/537.36 (KHTML, like Gecko; compatible; ClaudeBot/1.0; +claudebot@anthropic.com)"
20.171.207.223 - - [26/Apr/2025:08:29:39 -0400] "GET /888522502.html?d=%2F HTTP/2.0" 200 7 "-" "Mozilla/5.0 AppleWebKit/537.36 (KHTML, like Gecko; compatible; GPTBot/1.2; +https://openai.com/gptbot)"
3.14.255.247 - - [26/Apr/2025:08:29:40 -0400] "GET /486569006.html?a=bj&f=%2Fhome%2Fsoundframestudio%2Fsmith.soundframestudios.net%2Fwp-comments-post.php HTTP/2.0" 200 21977 "-" "Mozilla/5.0 AppleWebKit/537.36 (KHTML, like Gecko; compatible; ClaudeBot/1.0; +claudebot@anthropic.com)"
20.171.207.223 - - [26/Apr/2025:08:29:41 -0400] "GET /262503222.html?d=%2F HTTP/2.0" 200 7 "-" "Mozilla/5.0 AppleWebKit/537.36 (KHTML, like Gecko; compatible; GPTBot/1.2; +https://openai.com/gptbot)"
3.14.255.247 - - [26/Apr/2025:08:29:41 -0400] "GET /156848982.html?a=bj&f=%2Fhome%2Fsoundframestudio%2Fsmith.soundframestudios.net%2Fcss.tar HTTP/2.0" 200 350473 "-" "Mozilla/5.0 AppleWebKit/537.36 (KHTML, like Gecko; compatible; ClaudeBot/1.0; +claudebot@anthropic.com)"
20.171.207.223 - - [26/Apr/2025:08:29:42 -0400] "GET /726422246.html?d=%2F HTTP/2.0" 200 7 "-" "Mozilla/5.0 AppleWebKit/537.36 (KHTML, like Gecko; compatible; GPTBot/1.2; +https://openai.com/gptbot)"
3.14.255.247 - - [26/Apr/2025:08:29:42 -0400] "GET /659764230.html?a=bj&f=%2Fhome%2Fsoundframestudio%2Fsmith.soundframestudios.net%2Fwp-settings.php HTTP/2.0" 200 26584 "-" "Mozilla/5.0 AppleWebKit/537.36 (KHTML, like Gecko; compatible; ClaudeBot/1.0; +claudebot@anthropic.com)"
20.171.207.223 - - [26/Apr/2025:08:29:43 -0400] "GET /622209822.html?d=%2F HTTP/2.0" 200 7 "-" "Mozilla/5.0 AppleWebKit/537.36 (KHTML, like Gecko; compatible; GPTBot/1.2; +https://openai.com/gptbot)"
3.14.255.247 - - [26/Apr/2025:08:29:43 -0400] "GET /370877998.html?a=bj&f=%2Fhome%2Fsoundframestudio%2Fsmith.soundframestudios.net%2Fbackuply.tar HTTP/2.0" 200 21925 "-" "Mozilla/5.0 AppleWebKit/537.36 (KHTML, like Gecko; compatible; ClaudeBot/1.0; +claudebot@anthropic.com)"
20.171.207.223 - - [26/Apr/2025:08:29:44 -0400] "GET /188681118.html?d=%2F HTTP/2.0" 200 7 "-" "Mozilla/5.0 AppleWebKit/537.36 (KHTML, like Gecko; compatible; GPTBot/1.2; +https://openai.com/gptbot)"
3.14.255.247 - - [26/Apr/2025:08:29:44 -0400] "GET /719540246.html?a=bj&f=%2Fhome%2Fsoundframestudio%2Fsmith.soundframestudios.net%2Fincludes.tar HTTP/2.0" 200 638092 "-" "Mozilla/5.0 AppleWebKit/537.36 (KHTML, like Gecko; compatible; ClaudeBot/1.0; +claudebot@anthropic.com)"
20.171.207.223 - - [26/Apr/2025:08:29:45 -0400] "GET /122200702.html?d=%2F HTTP/2.0" 200 7 "-" "Mozilla/5.0 AppleWebKit/537.36 (KHTML, like Gecko; compatible; GPTBot/1.2; +https://openai.com/gptbot)"
3.14.255.247 - - [26/Apr/2025:08:29:45 -0400] "GET /79081790.html?a=bj&f=%2Fhome%2Fsoundframestudio%2Fsmith.soundframestudios.net%2Freadme.html HTTP/2.0" 200 23668 "-" "Mozilla/5.0 AppleWebKit/537.36 (KHTML, like Gecko; compatible; ClaudeBot/1.0; +claudebot@anthropic.com)"
20.171.207.223 - - [26/Apr/2025:08:29:46 -0400] "GET /886777878.html?d=%2F HTTP/2.0" 200 7 "-" "Mozilla/5.0 AppleWebKit/537.36 (KHTML, like Gecko; compatible; GPTBot/1.2; +https://openai.com/gptbot)"
3.14.255.247 - - [26/Apr/2025:08:29:46 -0400] "GET /154834998.html?a=bj&f=%2Fhome%2Fsoundframestudio%2Fsmith.soundframestudios.net%2Fincludes.tar HTTP/2.0" 200 638091 "-" "Mozilla/5.0 AppleWebKit/537.36 (KHTML, like Gecko; compatible; ClaudeBot/1.0; +claudebot@anthropic.com)"
3.14.255.247 - - [26/Apr/2025:08:29:47 -0400] "GET /614863990.html?a=bj&f=%2Fhome%2Fsoundframestudio%2Fsmith.soundframestudios.net%2Frobots.txt HTTP/2.0" 200 21097 "-" "Mozilla/5.0 AppleWebKit/537.36 (KHTML, like Gecko; compatible; ClaudeBot/1.0; +claudebot@anthropic.com)"
20.171.207.223 - - [26/Apr/2025:08:29:48 -0400] "GET /122188862.html?d=%2F HTTP/2.0" 200 7 "-" "Mozilla/5.0 AppleWebKit/537.36 (KHTML, like Gecko; compatible; GPTBot/1.2; +https://openai.com/gptbot)"
3.14.255.247 - - [26/Apr/2025:08:29:48 -0400] "GET /155556646.html?a=bj&f=%2Fhome%2Fsoundframestudio%2Fsmith.soundframestudios.net%2Freadme.html HTTP/2.0" 200 23669 "-" "Mozilla/5.0 AppleWebKit/537.36 (KHTML, like Gecko; compatible; ClaudeBot/1.0; +claudebot@anthropic.com)"
20.171.207.223 - - [26/Apr/2025:08:29:49 -0400] "GET /275556526.html?d=%2F HTTP/2.0" 200 7 "-" "Mozilla/5.0 AppleWebKit/537.36 (KHTML, like Gecko; compatible; GPTBot/1.2; +https://openai.com/gptbot)"
3.14.255.247 - - [26/Apr/2025:08:29:49 -0400] "GET /88111566.html?a=bj&f=%2Fhome%2Fsoundframestudio%2Fsmith.soundframestudios.net%2Fincludes.tar HTTP/2.0" 200 638093 "-" "Mozilla/5.0 AppleWebKit/537.36 (KHTML, like Gecko; compatible; ClaudeBot/1.0; +claudebot@anthropic.com)"
20.171.207.223 - - [26/Apr/2025:08:29:50 -0400] "GET /314222414.html?d=%2F HTTP/2.0" 200 7 "-" "Mozilla/5.0 AppleWebKit/537.36 (KHTML, like Gecko; compatible; GPTBot/1.2; +https://openai.com/gptbot)"
3.14.255.247 - - [26/Apr/2025:08:29:50 -0400] "GET /275596190.html?a=bj&f=%2Fhome%2Fsoundframestudio%2Fsmith.soundframestudios.net%2Fwp-settings.php HTTP/2.0" 200 26584 "-" "Mozilla/5.0 AppleWebKit/537.36 (KHTML, like Gecko; compatible; ClaudeBot/1.0; +claudebot@anthropic.com)"
20.171.207.223 - - [26/Apr/2025:08:29:51 -0400] "GET /127771126.html?d=%2F HTTP/2.0" 200 7 "-" "Mozilla/5.0 AppleWebKit/537.36 (KHTML, like Gecko; compatible; GPTBot/1.2; +https://openai.com/gptbot)"
3.14.255.247 - - [26/Apr/2025:08:29:51 -0400] "GET /321163910.html?a=bj&f=%2Fhome%2Fsoundframestudio%2Fsmith.soundframestudios.net%2Fcss.tar HTTP/2.0" 200 350474 "-" "Mozilla/5.0 AppleWebKit/537.36 (KHTML, like Gecko; compatible; ClaudeBot/1.0; +claudebot@anthropic.com)"
20.171.207.223 - - [26/Apr/2025:08:29:52 -0400] "GET /423222934.html?d=%2F HTTP/2.0" 200 7 "-" "Mozilla/5.0 AppleWebKit/537.36 (KHTML, like Gecko; compatible; GPTBot/1.2; +https://openai.com/gptbot)"
3.14.255.247 - - [26/Apr/2025:08:29:52 -0400] "GET /883668694.html?a=bj&f=%2Fhome%2Fsoundframestudio%2Fsmith.soundframestudios.net%2Fplugins.tar.gz HTTP/2.0" 200 22144820 "-" "Mozilla/5.0 AppleWebKit/537.36 (KHTML, like Gecko; compatible; ClaudeBot/1.0; +claudebot@anthropic.com)"
3.14.255.247 - - [26/Apr/2025:08:29:53 -0400] "GET /589026150.html?a=bj&f=%2Fhome%2Fsoundframestudio%2Fsmith.soundframestudios.net%2Fwp-signup.php HTTP/2.0" 200 28452 "-" "Mozilla/5.0 AppleWebKit/537.36 (KHTML, like Gecko; compatible; ClaudeBot/1.0; +claudebot@anthropic.com)"
20.171.207.223 - - [26/Apr/2025:08:29:53 -0400] "GET /587222622.html?d=%2F HTTP/2.0" 200 7 "-" "Mozilla/5.0 AppleWebKit/537.36 (KHTML, like Gecko; compatible; GPTBot/1.2; +https://openai.com/gptbot)"
3.14.255.247 - - [26/Apr/2025:08:29:54 -0400] "GET /191158046.html?a=bj&f=%2Fhome%2Fsoundframestudio%2Fsmith.soundframestudios.net%2Frobots.txt HTTP/2.0" 200 21097 "-" "Mozilla/5.0 AppleWebKit/537.36 (KHTML, like Gecko; compatible; ClaudeBot/1.0; +claudebot@anthropic.com)"
20.171.207.223 - - [26/Apr/2025:08:29:54 -0400] "GET /283038222.html?d=%2F HTTP/2.0" 200 7 "-" "Mozilla/5.0 AppleWebKit/537.36 (KHTML, like Gecko; compatible; GPTBot/1.2; +https://openai.com/gptbot)"
3.14.255.247 - - [26/Apr/2025:08:29:55 -0400] "GET /credits.php?a=bj&f=%2Fhome%2Fsoundframestudio%2Fsmith.soundframestudios.net%2Fcss.tar HTTP/2.0" 200 350468 "-" "Mozilla/5.0 AppleWebKit/537.36 (KHTML, like Gecko; compatible; ClaudeBot/1.0; +claudebot@anthropic.com)"
20.171.207.223 - - [26/Apr/2025:08:29:56 -0400] "GET /550511222.html?d=%2F HTTP/2.0" 200 7 "-" "Mozilla/5.0 AppleWebKit/537.36 (KHTML, like Gecko; compatible; GPTBot/1.2; +https://openai.com/gptbot)"
3.14.255.247 - - [26/Apr/2025:08:29:56 -0400] "GET /890802886.html?a=bj&f=%2Fhome%2Fsoundframestudio%2Fsmith.soundframestudios.net%2Fcss.tar HTTP/2.0" 200 350475 "-" "Mozilla/5.0 AppleWebKit/537.36 (KHTML, like Gecko; compatible; ClaudeBot/1.0; +claudebot@anthropic.com)"
20.171.207.223 - - [26/Apr/2025:08:29:57 -0400] "GET /826864222.html?d=%2F HTTP/2.0" 200 7 "-" "Mozilla/5.0 AppleWebKit/537.36 (KHTML, like Gecko; compatible; GPTBot/1.2; +https://openai.com/gptbot)"
3.14.255.247 - - [26/Apr/2025:08:29:57 -0400] "GET /895803214.html?a=bj&f=%2Fhome%2Fsoundframestudio%2Fsmith.soundframestudios.net%2Fplugins.tar.gz HTTP/2.0" 200 22144820 "-" "Mozilla/5.0 AppleWebKit/537.36 (KHTML, like Gecko; compatible; ClaudeBot/1.0; +claudebot@anthropic.com)"
20.171.207.223 - - [26/Apr/2025:08:29:58 -0400] "GET /222328326.html?d=%2F HTTP/2.0" 200 7 "-" "Mozilla/5.0 AppleWebKit/537.36 (KHTML, like Gecko; compatible; GPTBot/1.2; +https://openai.com/gptbot)"
3.14.255.247 - - [26/Apr/2025:08:29:58 -0400] "GET /100590926.html?a=bj&f=%2Fhome%2Fsoundframestudio%2Fsmith.soundframestudios.net%2Fincludes.tar HTTP/2.0" 200 638090 "-" "Mozilla/5.0 AppleWebKit/537.36 (KHTML, like Gecko; compatible; ClaudeBot/1.0; +claudebot@anthropic.com)"
20.171.207.223 - - [26/Apr/2025:08:29:59 -0400] "GET /445727222.html?d=%2F HTTP/2.0" 200 7 "-" "Mozilla/5.0 AppleWebKit/537.36 (KHTML, like Gecko; compatible; GPTBot/1.2; +https://openai.com/gptbot)"
3.14.255.247 - - [26/Apr/2025:08:29:59 -0400] "GET /190946998.html?a=bj&f=%2Fhome%2Fsoundframestudio%2Fsmith.soundframestudios.net%2Fbackuply.tar HTTP/2.0" 200 21925 "-" "Mozilla/5.0 AppleWebKit/537.36 (KHTML, like Gecko; compatible; ClaudeBot/1.0; +claudebot@anthropic.com)"
20.171.207.223 - - [26/Apr/2025:08:30:00 -0400] "GET /420909990.html?d=%2F HTTP/2.0" 200 7 "-" "Mozilla/5.0 AppleWebKit/537.36 (KHTML, like Gecko; compatible; GPTBot/1.2; +https://openai.com/gptbot)"
3.14.255.247 - - [26/Apr/2025:08:30:00 -0400] "GET /757907766.html?a=bj&f=%2Fhome%2Fsoundframestudio%2Fsmith.soundframestudios.net%2Fbackuply.tar HTTP/2.0" 200 21925 "-" "Mozilla/5.0 AppleWebKit/537.36 (KHTML, like Gecko; compatible; ClaudeBot/1.0; +claudebot@anthropic.com)"
3.14.255.247 - - [26/Apr/2025:08:30:01 -0400] "GET /740015750.html?a=bj&f=%2Fhome%2Fsoundframestudio%2Fsmith.soundframestudios.net%2Frobots.txt HTTP/2.0" 200 21096 "-" "Mozilla/5.0 AppleWebKit/537.36 (KHTML, like Gecko; compatible; ClaudeBot/1.0; +claudebot@anthropic.com)"
20.171.207.223 - - [26/Apr/2025:08:30:01 -0400] "GET /528829222.html?d=%2F HTTP/2.0" 200 7 "-" "Mozilla/5.0 AppleWebKit/537.36 (KHTML, like Gecko; compatible; GPTBot/1.2; +https://openai.com/gptbot)"
20.171.207.223 - - [26/Apr/2025:08:30:03 -0400] "GET /219990222.html?d=%2F HTTP/2.0" 200 7 "-" "Mozilla/5.0 AppleWebKit/537.36 (KHTML, like Gecko; compatible; GPTBot/1.2; +https://openai.com/gptbot)"
3.14.255.247 - - [26/Apr/2025:08:30:02 -0400] "GET /859090926.html?a=bj&f=%2Fhome%2Fsoundframestudio%2Fsmith.soundframestudios.net%2Fplugins.tar.gz HTTP/2.0" 200 22144820 "-" "Mozilla/5.0 AppleWebKit/537.36 (KHTML, like Gecko; compatible; ClaudeBot/1.0; +claudebot@anthropic.com)"
20.171.207.223 - - [26/Apr/2025:08:30:04 -0400] "GET /646674222.html?d=%2F HTTP/2.0" 200 7 "-" "Mozilla/5.0 AppleWebKit/537.36 (KHTML, like Gecko; compatible; GPTBot/1.2; +https://openai.com/gptbot)"
3.14.255.247 - - [26/Apr/2025:08:30:04 -0400] "GET /338257910.html?a=bj&f=%2Fhome%2Fsoundframestudio%2Fsmith.soundframestudios.net%2Frobots.txt HTTP/2.0" 200 21097 "-" "Mozilla/5.0 AppleWebKit/537.36 (KHTML, like Gecko; compatible; ClaudeBot/1.0; +claudebot@anthropic.com)"
20.171.207.223 - - [26/Apr/2025:08:30:05 -0400] "GET /888482542.html?d=%2F HTTP/2.0" 200 7 "-" "Mozilla/5.0 AppleWebKit/537.36 (KHTML, like Gecko; compatible; GPTBot/1.2; +https://openai.com/gptbot)"
3.14.255.247 - - [26/Apr/2025:08:30:05 -0400] "GET /879070038.html?a=bj&f=%2Fhome%2Fsoundframestudio%2Fsmith.soundframestudios.net%2Fwp-settings.php HTTP/2.0" 200 26584 "-" "Mozilla/5.0 AppleWebKit/537.36 (KHTML, like Gecko; compatible; ClaudeBot/1.0; +claudebot@anthropic.com)"
20.171.207.223 - - [26/Apr/2025:08:30:06 -0400] "GET /299966462.html?d=%2F HTTP/2.0" 200 7 "-" "Mozilla/5.0 AppleWebKit/537.36 (KHTML, like Gecko; compatible; GPTBot/1.2; +https://openai.com/gptbot)"
3.14.255.247 - - [26/Apr/2025:08:30:06 -0400] "GET /883140334.html?a=bj&f=%2Fhome%2Fsoundframestudio%2Fsmith.soundframestudios.net%2Frobots.txt HTTP/2.0" 200 21097 "-" "Mozilla/5.0 AppleWebKit/537.36 (KHTML, like Gecko; compatible; ClaudeBot/1.0; +claudebot@anthropic.com)"
20.171.207.223 - - [26/Apr/2025:08:30:07 -0400] "GET /322273022.html?d=%2F HTTP/2.0" 200 7 "-" "Mozilla/5.0 AppleWebKit/537.36 (KHTML, like Gecko; compatible; GPTBot/1.2; +https://openai.com/gptbot)"
3.14.255.247 - - [26/Apr/2025:08:30:07 -0400] "GET /850331990.html?a=bj&f=%2Fhome%2Fsoundframestudio%2Fsmith.soundframestudios.net%2Frobots.txt HTTP/2.0" 200 21094 "-" "Mozilla/5.0 AppleWebKit/537.36 (KHTML, like Gecko; compatible; ClaudeBot/1.0; +claudebot@anthropic.com)"
20.171.207.223 - - [26/Apr/2025:08:30:08 -0400] "GET /772626662.html?d=%2F HTTP/2.0" 200 7 "-" "Mozilla/5.0 AppleWebKit/537.36 (KHTML, like Gecko; compatible; GPTBot/1.2; +https://openai.com/gptbot)"
3.14.255.247 - - [26/Apr/2025:08:30:08 -0400] "GET /526030246.html?a=bj&f=%2Fhome%2Fsoundframestudio%2Fsmith.soundframestudios.net%2Frobots.txt HTTP/2.0" 200 21097 "-" "Mozilla/5.0 AppleWebKit/537.36 (KHTML, like Gecko; compatible; ClaudeBot/1.0; +claudebot@anthropic.com)"
20.171.207.223 - - [26/Apr/2025:08:30:09 -0400] "GET /726298222.html?d=%2F HTTP/2.0" 200 7 "-" "Mozilla/5.0 AppleWebKit/537.36 (KHTML, like Gecko; compatible; GPTBot/1.2; +https://openai.com/gptbot)"
3.14.255.247 - - [26/Apr/2025:08:30:09 -0400] "GET /421275254.html?a=bj&f=%2Fhome%2Fsoundframestudio%2Fsmith.soundframestudios.net%2Fplugins.tar.gz HTTP/2.0" 200 22144820 "-" "Mozilla/5.0 AppleWebKit/537.36 (KHTML, like Gecko; compatible; ClaudeBot/1.0; +claudebot@anthropic.com)"
3.14.255.247 - - [26/Apr/2025:08:30:10 -0400] "GET /74751014.html?a=bj&f=%2Fhome%2Fsoundframestudio%2Fsmith.soundframestudios.net%2Fincludes.tar HTTP/2.0" 200 638093 "-" "Mozilla/5.0 AppleWebKit/537.36 (KHTML, like Gecko; compatible; ClaudeBot/1.0; +claudebot@anthropic.com)"
20.171.207.223 - - [26/Apr/2025:08:30:11 -0400] "GET /200032422.html?d=%2F HTTP/2.0" 200 7 "-" "Mozilla/5.0 AppleWebKit/537.36 (KHTML, like Gecko; compatible; GPTBot/1.2; +https://openai.com/gptbot)"
3.14.255.247 - - [26/Apr/2025:08:30:11 -0400] "GET /535568550.html?a=bj&f=%2Fhome%2Fsoundframestudio%2Fsmith.soundframestudios.net%2Fwp-settings.php HTTP/2.0" 200 26583 "-" "Mozilla/5.0 AppleWebKit/537.36 (KHTML, like Gecko; compatible; ClaudeBot/1.0; +claudebot@anthropic.com)"
20.171.207.223 - - [26/Apr/2025:08:30:12 -0400] "GET /686858886.html?d=%2F HTTP/2.0" 200 7 "-" "Mozilla/5.0 AppleWebKit/537.36 (KHTML, like Gecko; compatible; GPTBot/1.2; +https://openai.com/gptbot)"
3.14.255.247 - - [26/Apr/2025:08:30:12 -0400] "GET /735371510.html?a=bj&f=%2Fhome%2Fsoundframestudio%2Fsmith.soundframestudios.net%2Freadme.html HTTP/2.0" 200 23667 "-" "Mozilla/5.0 AppleWebKit/537.36 (KHTML, like Gecko; compatible; ClaudeBot/1.0; +claudebot@anthropic.com)"
20.171.207.223 - - [26/Apr/2025:08:30:13 -0400] "GET /wp-includes/blocks/post-navigation-link/block.json HTTP/2.0" 200 458 "-" "Mozilla/5.0 AppleWebKit/537.36 (KHTML, like Gecko; compatible; GPTBot/1.2; +https://openai.com/gptbot)"
3.14.255.247 - - [26/Apr/2025:08:30:13 -0400] "GET /876260998.html?a=bj&f=%2Fhome%2Fsoundframestudio%2Fsmith.soundframestudios.net%2Frobots.txt HTTP/2.0" 200 21097 "-" "Mozilla/5.0 AppleWebKit/537.36 (KHTML, like Gecko; compatible; ClaudeBot/1.0; +claudebot@anthropic.com)"
66.249.64.131 - - [26/Apr/2025:08:30:13 -0400] "GET /228327062.html HTTP/1.1" 200 18898 "-" "Mozilla/5.0 (compatible; Googlebot/2.1; +http://www.google.com/bot.html)"
20.171.207.223 - - [26/Apr/2025:08:30:14 -0400] "GET /?a=bj&f=%2Fhome%2Fsoundframestudio%2Fsmith.soundframestudios.net%2Fwp-includes%2Fjs%2Fjquery%2Fjquery-migrate.js HTTP/2.0" 200 42160 "-" "Mozilla/5.0 AppleWebKit/537.36 (KHTML, like Gecko; compatible; GPTBot/1.2; +https://openai.com/gptbot)"
3.14.255.247 - - [26/Apr/2025:08:30:14 -0400] "GET /858011118.html?a=bj&f=%2Fhome%2Fsoundframestudio%2Fsmith.soundframestudios.net%2Freadme.html HTTP/2.0" 200 23667 "-" "Mozilla/5.0 AppleWebKit/537.36 (KHTML, like Gecko; compatible; ClaudeBot/1.0; +claudebot@anthropic.com)"
3.14.255.247 - - [26/Apr/2025:08:30:15 -0400] "GET /157038126.html?a=bj&f=%2Fhome%2Fsoundframestudio%2Fsmith.soundframestudios.net%2Fincludes.tar HTTP/2.0" 200 638091 "-" "Mozilla/5.0 AppleWebKit/537.36 (KHTML, like Gecko; compatible; ClaudeBot/1.0; +claudebot@anthropic.com)"
20.171.207.223 - - [26/Apr/2025:08:30:15 -0400] "GET /?a=bj&f=%2Fhome%2Fsoundframestudio%2Fsmith.soundframestudios.net%2Fwp-includes%2Fjs%2Fdist%2Fblock-directory.js HTTP/2.0" 200 50598 "-" "Mozilla/5.0 AppleWebKit/537.36 (KHTML, like Gecko; compatible; GPTBot/1.2; +https://openai.com/gptbot)"
20.171.207.223 - - [26/Apr/2025:08:30:16 -0400] "GET /?a=bj&f=%2Fhome%2Fsoundframestudio%2Fsmith.soundframestudios.net%2Fwp-includes%2Fjs%2Fjquery%2Fjquery.hotkeys.js HTTP/2.0" 200 34386 "-" "Mozilla/5.0 AppleWebKit/537.36 (KHTML, like Gecko; compatible; GPTBot/1.2; +https://openai.com/gptbot)"
3.14.255.247 - - [26/Apr/2025:08:30:16 -0400] "GET /806670510.html?a=bj&f=%2Fhome%2Fsoundframestudio%2Fsmith.soundframestudios.net%2Fplugins.tar.gz HTTP/2.0" 200 22144820 "-" "Mozilla/5.0 AppleWebKit/537.36 (KHTML, like Gecko; compatible; ClaudeBot/1.0; +claudebot@anthropic.com)"
3.14.255.247 - - [26/Apr/2025:08:30:17 -0400] "GET /306072350.html?a=bj&f=%2Fhome%2Fsoundframestudio%2Fsmith.soundframestudios.net%2Fwp-comments-post.php HTTP/2.0" 200 21978 "-" "Mozilla/5.0 AppleWebKit/537.36 (KHTML, like Gecko; compatible; ClaudeBot/1.0; +claudebot@anthropic.com)"
20.171.207.223 - - [26/Apr/2025:08:30:18 -0400] "GET /?a=bj&f=%2Fhome%2Fsoundframestudio%2Fsmith.soundframestudios.net%2Fwp-includes%2Fjs%2Fjquery%2Fjquery.table-hotkeys.js HTTP/2.0" 200 33507 "-" "Mozilla/5.0 AppleWebKit/537.36 (KHTML, like Gecko; compatible; GPTBot/1.2; +https://openai.com/gptbot)"
3.14.255.247 - - [26/Apr/2025:08:30:18 -0400] "GET /keynote-speaking?a=bj&f=%2Fhome%2Fsoundframestudio%2Fsmith.soundframestudios.net%2Fwp-signup.php HTTP/2.0" 200 8117 "-" "Mozilla/5.0 AppleWebKit/537.36 (KHTML, like Gecko; compatible; ClaudeBot/1.0; +claudebot@anthropic.com)"
20.171.207.223 - - [26/Apr/2025:08:30:19 -0400] "GET /wp-admin/includes/class-automatic-upgrader-skin.php HTTP/2.0" 500 1 "-" "Mozilla/5.0 AppleWebKit/537.36 (KHTML, like Gecko; compatible; GPTBot/1.2; +https://openai.com/gptbot)"
3.14.255.247 - - [26/Apr/2025:08:30:19 -0400] "GET /788002086.html?a=bj&f=%2Fhome%2Fsoundframestudio%2Fsmith.soundframestudios.net%2Freadme.html HTTP/2.0" 200 23668 "-" "Mozilla/5.0 AppleWebKit/537.36 (KHTML, like Gecko; compatible; ClaudeBot/1.0; +claudebot@anthropic.com)"
20.171.207.223 - - [26/Apr/2025:08:30:20 -0400] "GET /wp-admin/privacy.php HTTP/2.0" 200 6630 "-" "Mozilla/5.0 AppleWebKit/537.36 (KHTML, like Gecko; compatible; GPTBot/1.2; +https://openai.com/gptbot)"
3.14.255.247 - - [26/Apr/2025:08:30:20 -0400] "GET /822719334.html?a=bj&f=%2Fhome%2Fsoundframestudio%2Fsmith.soundframestudios.net%2Freadme.html HTTP/2.0" 200 23667 "-" "Mozilla/5.0 AppleWebKit/537.36 (KHTML, like Gecko; compatible; ClaudeBot/1.0; +claudebot@anthropic.com)"
3.14.255.247 - - [26/Apr/2025:08:30:21 -0400] "GET /713125926.html?a=bj&f=%2Fhome%2Fsoundframestudio%2Fsmith.soundframestudios.net%2Fbackuply.tar HTTP/2.0" 200 21924 "-" "Mozilla/5.0 AppleWebKit/537.36 (KHTML, like Gecko; compatible; ClaudeBot/1.0; +claudebot@anthropic.com)"
3.14.255.247 - - [26/Apr/2025:08:30:22 -0400] "GET /110836374.html?a=bj&f=%2Fhome%2Fsoundframestudio%2Fsmith.soundframestudios.net%2Frobots.txt HTTP/2.0" 200 21096 "-" "Mozilla/5.0 AppleWebKit/537.36 (KHTML, like Gecko; compatible; ClaudeBot/1.0; +claudebot@anthropic.com)"
3.14.255.247 - - [26/Apr/2025:08:30:23 -0400] "GET /528528190.html?a=bj&f=%2Fhome%2Fsoundframestudio%2Fsmith.soundframestudios.net%2Fwp-settings.php HTTP/2.0" 200 26584 "-" "Mozilla/5.0 AppleWebKit/537.36 (KHTML, like Gecko; compatible; ClaudeBot/1.0; +claudebot@anthropic.com)"
20.171.207.223 - - [26/Apr/2025:08:30:23 -0400] "GET /?a=bj&f=%2Fhome%2Fsoundframestudio%2Fsmith.soundframestudios.net%2Fwp-includes%2Fjs%2Fjquery%2Fui%2Feffect-bounce.min.js HTTP/2.0" 200 32969 "-" "Mozilla/5.0 AppleWebKit/537.36 (KHTML, like Gecko; compatible; GPTBot/1.2; +https://openai.com/gptbot)"
66.249.64.130 - - [26/Apr/2025:08:30:24 -0400] "GET /product/edit/FKJM133246725 HTTP/1.1" 200 19885 "-" "Mozilla/5.0 (Linux; Android 6.0.1; Nexus 5X Build/MMB29P) AppleWebKit/537.36 (KHTML, like Gecko) Chrome/135.0.7049.114 Mobile Safari/537.36 (compatible; Googlebot/2.1; +http://www.google.com/bot.html)"
3.14.255.247 - - [26/Apr/2025:08:30:24 -0400] "GET /173726310.html?a=bj&f=%2Fhome%2Fsoundframestudio%2Fsmith.soundframestudios.net%2Frobots.txt HTTP/2.0" 200 21096 "-" "Mozilla/5.0 AppleWebKit/537.36 (KHTML, like Gecko; compatible; ClaudeBot/1.0; +claudebot@anthropic.com)"
3.14.255.247 - - [26/Apr/2025:08:30:25 -0400] "GET /713075902.html?a=bj&f=%2Fhome%2Fsoundframestudio%2Fsmith.soundframestudios.net%2Fwp-signup.php HTTP/2.0" 200 28451 "-" "Mozilla/5.0 AppleWebKit/537.36 (KHTML, like Gecko; compatible; ClaudeBot/1.0; +claudebot@anthropic.com)"
20.171.207.223 - - [26/Apr/2025:08:30:27 -0400] "GET /?a=bj&f=%2Fhome%2Fsoundframestudio%2Fsmith.soundframestudios.net%2Fwp-includes%2Fjs%2Fjquery%2Fui%2Feffect-drop.min.js HTTP/2.0" 200 32836 "-" "Mozilla/5.0 AppleWebKit/537.36 (KHTML, like Gecko; compatible; GPTBot/1.2; +https://openai.com/gptbot)"
20.171.207.223 - - [26/Apr/2025:08:30:29 -0400] "GET /?a=bj&f=%2Fhome%2Fsoundframestudio%2Fsmith.soundframestudios.net%2Fwp-includes%2Fjs%2Fjquery%2Fui%2Feffect-fold.min.js HTTP/2.0" 200 32952 "-" "Mozilla/5.0 AppleWebKit/537.36 (KHTML, like Gecko; compatible; GPTBot/1.2; +https://openai.com/gptbot)"
20.171.207.223 - - [26/Apr/2025:08:30:32 -0400] "GET /?a=bj&f=%2Fhome%2Fsoundframestudio%2Fsmith.soundframestudios.net%2Fwp-includes%2Fjs%2Fjquery%2Fui%2Feffect-clip.js HTTP/2.0" 200 33061 "-" "Mozilla/5.0 AppleWebKit/537.36 (KHTML, like Gecko; compatible; GPTBot/1.2; +https://openai.com/gptbot)"
20.171.207.223 - - [26/Apr/2025:08:30:34 -0400] "GET /?a=bj&f=%2Fhome%2Fsoundframestudio%2Fsmith.soundframestudios.net%2Fwp-includes%2Fjs%2Fjquery%2Fui%2Feffect-drop.js HTTP/2.0" 200 33111 "-" "Mozilla/5.0 AppleWebKit/537.36 (KHTML, like Gecko; compatible; GPTBot/1.2; +https://openai.com/gptbot)"
20.171.207.223 - - [26/Apr/2025:08:30:36 -0400] "GET /?a=bj&f=%2Fhome%2Fsoundframestudio%2Fsmith.soundframestudios.net%2Fwp-includes%2Fjs%2Fjquery%2Fui%2Feffect-scale.min.js HTTP/2.0" 200 32785 "-" "Mozilla/5.0 AppleWebKit/537.36 (KHTML, like Gecko; compatible; GPTBot/1.2; +https://openai.com/gptbot)"
20.171.207.223 - - [26/Apr/2025:08:30:38 -0400] "GET /?a=bj&f=%2Fhome%2Fsoundframestudio%2Fsmith.soundframestudios.net%2Fwp-includes%2Fjs%2Fjquery%2Fui%2Feffect-blind.min.js HTTP/2.0" 200 32866 "-" "Mozilla/5.0 AppleWebKit/537.36 (KHTML, like Gecko; compatible; GPTBot/1.2; +https://openai.com/gptbot)"
20.171.207.223 - - [26/Apr/2025:08:30:40 -0400] "GET /?a=bj&f=%2Fhome%2Fsoundframestudio%2Fsmith.soundframestudios.net%2Fwp-includes%2Fjs%2Fjquery%2Fui%2Feffect-pulsate.min.js HTTP/2.0" 200 32801 "-" "Mozilla/5.0 AppleWebKit/537.36 (KHTML, like Gecko; compatible; GPTBot/1.2; +https://openai.com/gptbot)"
20.171.207.223 - - [26/Apr/2025:08:30:41 -0400] "GET /?a=bj&f=%2Fhome%2Fsoundframestudio%2Fsmith.soundframestudios.net%2Fwp-includes%2Fjs%2Fjquery%2Fui%2Feffect-size.min.js HTTP/2.0" 200 33339 "-" "Mozilla/5.0 AppleWebKit/537.36 (KHTML, like Gecko; compatible; GPTBot/1.2; +https://openai.com/gptbot)"
20.171.207.223 - - [26/Apr/2025:08:30:43 -0400] "GET /?a=bj&f=%2Fhome%2Fsoundframestudio%2Fsmith.soundframestudios.net%2Fwp-includes%2Fjs%2Fjquery%2Fui%2Feffect-puff.min.js HTTP/2.0" 200 32689 "-" "Mozilla/5.0 AppleWebKit/537.36 (KHTML, like Gecko; compatible; GPTBot/1.2; +https://openai.com/gptbot)"
3.145.165.217 - - [26/Apr/2025:08:30:53 -0400] "GET /robots.txt HTTP/2.0" 200 109 "-" "Mozilla/5.0 AppleWebKit/537.36 (KHTML, like Gecko; compatible; ClaudeBot/1.0; +claudebot@anthropic.com)"
3.145.165.217 - - [26/Apr/2025:08:30:53 -0400] "GET /wp-admin/network.php?a=bj&f=%2Fhome%2Fsoundframestudio%2Fmail%2Fnew%2F1740973561.M82126P2255764.host.soundframestudios.net%2CS%3D3468%2CW%3D3557 HTTP/2.0" 200 1909 "-" "Mozilla/5.0 AppleWebKit/537.36 (KHTML, like Gecko; compatible; ClaudeBot/1.0; +claudebot@anthropic.com)"
3.145.165.217 - - [26/Apr/2025:08:30:54 -0400] "GET /384700902.html?d=%2Fhome%2Fsoundframestudio%2Fsmith.soundframestudios.net HTTP/2.0" 200 27218 "-" "Mozilla/5.0 AppleWebKit/537.36 (KHTML, like Gecko; compatible; ClaudeBot/1.0; +claudebot@anthropic.com)"
20.171.207.223 - - [26/Apr/2025:08:30:44 -0400] "GET /wp-content.zip HTTP/2.0" 200 200195318 "-" "Mozilla/5.0 AppleWebKit/537.36 (KHTML, like Gecko; compatible; GPTBot/1.2; +https://openai.com/gptbot)"
20.171.207.223 - - [26/Apr/2025:08:30:55 -0400] "GET /wp-admin/privacy.php?a=bj&f=%2Fhome%2Fsoundframestudio%2Fsmith.soundframestudios.net%2Fuploads.tar HTTP/2.0" 500 989 "-" "Mozilla/5.0 AppleWebKit/537.36 (KHTML, like Gecko; compatible; GPTBot/1.2; +https://openai.com/gptbot)"
3.145.165.217 - - [26/Apr/2025:08:30:55 -0400] "GET /418814902.html?d=%2Fhome%2Fsoundframestudio%2Fsmith.soundframestudios.net HTTP/2.0" 200 27219 "-" "Mozilla/5.0 AppleWebKit/537.36 (KHTML, like Gecko; compatible; ClaudeBot/1.0; +claudebot@anthropic.com)"
20.171.207.223 - - [26/Apr/2025:08:30:56 -0400] "GET /.htaccess HTTP/2.0" 403 27189 "-" "Mozilla/5.0 AppleWebKit/537.36 (KHTML, like Gecko; compatible; GPTBot/1.2; +https://openai.com/gptbot)"
3.145.165.217 - - [26/Apr/2025:08:30:56 -0400] "GET /164026686.html?d=%2Fhome%2Fsoundframestudio%2Fsmith.soundframestudios.net HTTP/2.0" 200 27220 "-" "Mozilla/5.0 AppleWebKit/537.36 (KHTML, like Gecko; compatible; ClaudeBot/1.0; +claudebot@anthropic.com)"
3.145.165.217 - - [26/Apr/2025:08:30:59 -0400] "GET /178489542.html?a=bj&f=%2Fhome%2Fsoundframestudio%2Fsmith.soundframestudios.net%2Fimages.tar.gz HTTP/2.0" 200 391716 "-" "Mozilla/5.0 AppleWebKit/537.36 (KHTML, like Gecko; compatible; ClaudeBot/1.0; +claudebot@anthropic.com)"
20.171.207.223 - - [26/Apr/2025:08:30:59 -0400] "GET /error_log HTTP/2.0" 403 27188 "-" "Mozilla/5.0 AppleWebKit/537.36 (KHTML, like Gecko; compatible; GPTBot/1.2; +https://openai.com/gptbot)"
3.145.165.217 - - [26/Apr/2025:08:31:00 -0400] "GET /770687566.html?d=%2Fhome%2Fsoundframestudio%2Fsmith.soundframestudios.net HTTP/2.0" 200 27220 "-" "Mozilla/5.0 AppleWebKit/537.36 (KHTML, like Gecko; compatible; ClaudeBot/1.0; +claudebot@anthropic.com)"
3.145.165.217 - - [26/Apr/2025:08:31:01 -0400] "GET /384474166.html?d=%2Fhome%2Fsoundframestudio%2Fsmith.soundframestudios.net HTTP/2.0" 200 27220 "-" "Mozilla/5.0 AppleWebKit/537.36 (KHTML, like Gecko; compatible; ClaudeBot/1.0; +claudebot@anthropic.com)"
3.145.165.217 - - [26/Apr/2025:08:31:02 -0400] "GET /622156542.html?d=%2Fhome%2Fsoundframestudio%2Fsmith.soundframestudios.net HTTP/2.0" 200 27218 "-" "Mozilla/5.0 AppleWebKit/537.36 (KHTML, like Gecko; compatible; ClaudeBot/1.0; +claudebot@anthropic.com)"
20.171.207.223 - - [26/Apr/2025:08:31:03 -0400] "GET /wp-config-sample.php HTTP/2.0" 500 813 "-" "Mozilla/5.0 AppleWebKit/537.36 (KHTML, like Gecko; compatible; GPTBot/1.2; +https://openai.com/gptbot)"
3.145.165.217 - - [26/Apr/2025:08:31:03 -0400] "GET /890245814.html?d=%2Fhome%2Fsoundframestudio%2Fsmith.soundframestudios.net%2F.well-known HTTP/2.0" 200 21335 "-" "Mozilla/5.0 AppleWebKit/537.36 (KHTML, like Gecko; compatible; ClaudeBot/1.0; +claudebot@anthropic.com)"
3.145.165.217 - - [26/Apr/2025:08:31:04 -0400] "GET /306072350.html?d=%2Fhome%2Fsoundframestudio%2Fsmith.soundframestudios.net%2F.well-known HTTP/2.0" 200 21333 "-" "Mozilla/5.0 AppleWebKit/537.36 (KHTML, like Gecko; compatible; ClaudeBot/1.0; +claudebot@anthropic.com)"
3.145.165.217 - - [26/Apr/2025:08:31:05 -0400] "GET /861719110.html?d=%2Fhome%2Fsoundframestudio%2Fsmith.soundframestudios.net%2F.well-known HTTP/2.0" 200 21334 "-" "Mozilla/5.0 AppleWebKit/537.36 (KHTML, like Gecko; compatible; ClaudeBot/1.0; +claudebot@anthropic.com)"
20.171.207.223 - - [26/Apr/2025:08:31:06 -0400] "GET /wp-settings.php HTTP/2.0" 500 1 "-" "Mozilla/5.0 AppleWebKit/537.36 (KHTML, like Gecko; compatible; GPTBot/1.2; +https://openai.com/gptbot)"
3.145.165.217 - - [26/Apr/2025:08:31:06 -0400] "GET /wp-admin/'%20+%20src%20+%20'?a=bj&f=%2Fhome%2Fsoundframestudio%2Fsmith.soundframestudios.net%2Fuser.tar HTTP/2.0" 200 1608 "-" "Mozilla/5.0 AppleWebKit/537.36 (KHTML, like Gecko; compatible; ClaudeBot/1.0; +claudebot@anthropic.com)"
3.145.165.217 - - [26/Apr/2025:08:31:07 -0400] "GET /445353670.html?d=%2Fhome%2Fsoundframestudio%2Fsmith.soundframestudios.net%2F.well-known HTTP/2.0" 200 21333 "-" "Mozilla/5.0 AppleWebKit/537.36 (KHTML, like Gecko; compatible; ClaudeBot/1.0; +claudebot@anthropic.com)"
3.145.165.217 - - [26/Apr/2025:08:31:08 -0400] "GET /624968246.html?d=%2Fhome%2Fsoundframestudio%2Fsmith.soundframestudios.net%2F.well-known HTTP/2.0" 200 21335 "-" "Mozilla/5.0 AppleWebKit/537.36 (KHTML, like Gecko; compatible; ClaudeBot/1.0; +claudebot@anthropic.com)"
3.145.165.217 - - [26/Apr/2025:08:31:09 -0400] "GET /wp-admin/'+pagelayer.blank_img+'?a=bj&f=%2Fhome%2Fsoundframestudio%2Fsmith.soundframestudios.net%2Fwp-admin%2Fimages%2Fmedia-button-video.gif HTTP/2.0" 200 834 "-" "Mozilla/5.0 AppleWebKit/537.36 (KHTML, like Gecko; compatible; ClaudeBot/1.0; +claudebot@anthropic.com)"
3.145.165.217 - - [26/Apr/2025:08:31:10 -0400] "GET /285696598.html?d=%2Fhome%2Fsoundframestudio%2Fsmith.soundframestudios.net HTTP/2.0" 200 27220 "-" "Mozilla/5.0 AppleWebKit/537.36 (KHTML, like Gecko; compatible; ClaudeBot/1.0; +claudebot@anthropic.com)"
66.249.64.130 - - [26/Apr/2025:08:31:10 -0400] "GET /product/edit/ACZ95974820 HTTP/1.1" 200 17480 "-" "Mozilla/5.0 (Linux; Android 6.0.1; Nexus 5X Build/MMB29P) AppleWebKit/537.36 (KHTML, like Gecko) Chrome/135.0.7049.114 Mobile Safari/537.36 (compatible; Googlebot/2.1; +http://www.google.com/bot.html)"
3.145.165.217 - - [26/Apr/2025:08:31:11 -0400] "GET /155372238.html?d=%2Fhome%2Fsoundframestudio%2Fsmith.soundframestudios.net%2F.well-known HTTP/2.0" 200 21334 "-" "Mozilla/5.0 AppleWebKit/537.36 (KHTML, like Gecko; compatible; ClaudeBot/1.0; +claudebot@anthropic.com)"
3.145.165.217 - - [26/Apr/2025:08:31:12 -0400] "GET /449724998.html?d=%2Fhome%2Fsoundframestudio%2Fsmith.soundframestudios.net%2F.well-known HTTP/2.0" 200 21335 "-" "Mozilla/5.0 AppleWebKit/537.36 (KHTML, like Gecko; compatible; ClaudeBot/1.0; +claudebot@anthropic.com)"
3.145.165.217 - - [26/Apr/2025:08:31:13 -0400] "GET /211492062.html?d=%2Fhome%2Fsoundframestudio%2Fsmith.soundframestudios.net%2F.well-known HTTP/2.0" 200 21333 "-" "Mozilla/5.0 AppleWebKit/537.36 (KHTML, like Gecko; compatible; ClaudeBot/1.0; +claudebot@anthropic.com)"
3.145.165.217 - - [26/Apr/2025:08:31:14 -0400] "GET /%22%20.%20esc_url(%20get_edit_post_link(%20$post_id%20)%20)%20.%20%22?a=bj&f=%2Fhome%2Fsoundframestudio%2Fsmith.soundframestudios.net%2Fl10n.css.tar HTTP/2.0" 200 1780 "-" "Mozilla/5.0 AppleWebKit/537.36 (KHTML, like Gecko; compatible; ClaudeBot/1.0; +claudebot@anthropic.com)"
3.145.165.217 - - [26/Apr/2025:08:31:15 -0400] "GET /wp-admin/network.php?a=bj&f=%2Fhome%2Fsoundframestudio%2Fmail%2Fnew%2F1745603475.M184924P377111.host.soundframestudios.net%2CS%3D3430%2CW%3D3513 HTTP/2.0" 200 1845 "-" "Mozilla/5.0 AppleWebKit/537.36 (KHTML, like Gecko; compatible; ClaudeBot/1.0; +claudebot@anthropic.com)"
20.171.207.223 - - [26/Apr/2025:08:31:17 -0400] "GET /wp-comments-post.php HTTP/2.0" 405 1 "-" "Mozilla/5.0 AppleWebKit/537.36 (KHTML, like Gecko; compatible; GPTBot/1.2; +https://openai.com/gptbot)"
3.145.165.217 - - [26/Apr/2025:08:31:16 -0400] "GET /634785086.html?d=%2Fhome%2Fsoundframestudio%2Fsmith.soundframestudios.net HTTP/2.0" 200 27220 "-" "Mozilla/5.0 AppleWebKit/537.36 (KHTML, like Gecko; compatible; ClaudeBot/1.0; +claudebot@anthropic.com)"
3.145.165.217 - - [26/Apr/2025:08:31:17 -0400] "GET /826177798.html?d=%2Fhome%2Fsoundframestudio%2Fsmith.soundframestudios.net HTTP/2.0" 200 27220 "-" "Mozilla/5.0 AppleWebKit/537.36 (KHTML, like Gecko; compatible; ClaudeBot/1.0; +claudebot@anthropic.com)"
3.145.165.217 - - [26/Apr/2025:08:31:18 -0400] "GET /362478110.html?d=%2Fhome%2Fsoundframestudio%2Fsmith.soundframestudios.net%2F.well-known HTTP/2.0" 200 21334 "-" "Mozilla/5.0 AppleWebKit/537.36 (KHTML, like Gecko; compatible; ClaudeBot/1.0; +claudebot@anthropic.com)"
3.145.165.217 - - [26/Apr/2025:08:31:19 -0400] "GET /122471246.html?d=%2Fhome%2Fsoundframestudio%2Fsmith.soundframestudios.net%2F.well-known HTTP/2.0" 200 21334 "-" "Mozilla/5.0 AppleWebKit/537.36 (KHTML, like Gecko; compatible; ClaudeBot/1.0; +claudebot@anthropic.com)"
3.145.165.217 - - [26/Apr/2025:08:31:20 -0400] "GET /517742246.html?d=%2Fhome%2Fsoundframestudio%2Fsmith.soundframestudios.net%2F.well-known HTTP/2.0" 200 21334 "-" "Mozilla/5.0 AppleWebKit/537.36 (KHTML, like Gecko; compatible; ClaudeBot/1.0; +claudebot@anthropic.com)"
3.145.165.217 - - [26/Apr/2025:08:31:21 -0400] "GET /719540246.html?d=%2Fhome%2Fsoundframestudio%2Fsmith.soundframestudios.net%2F.well-known HTTP/2.0" 200 21336 "-" "Mozilla/5.0 AppleWebKit/537.36 (KHTML, like Gecko; compatible; ClaudeBot/1.0; +claudebot@anthropic.com)"
3.145.165.217 - - [26/Apr/2025:08:31:22 -0400] "GET /575155590.html?a=bj&f=%2Fhome%2Fsoundframestudio%2Fsmith.soundframestudios.net%2Fimages.tar.gz HTTP/2.0" 200 391716 "-" "Mozilla/5.0 AppleWebKit/537.36 (KHTML, like Gecko; compatible; ClaudeBot/1.0; +claudebot@anthropic.com)"
3.145.165.217 - - [26/Apr/2025:08:31:23 -0400] "GET /wp-admin/privacy-policy-guide.php?a=bj&f=%2Fhome%2Fsoundframestudio%2Fmail%2Fnew%2F1745618501.M894220P435340.host.soundframestudios.net%2CS%3D3446%2CW%3D3529 HTTP/2.0" 200 1845 "-" "Mozilla/5.0 AppleWebKit/537.36 (KHTML, like Gecko; compatible; ClaudeBot/1.0; +claudebot@anthropic.com)"
3.145.165.217 - - [26/Apr/2025:08:31:24 -0400] "GET /713125926.html?d=%2Fhome%2Fsoundframestudio%2Fsmith.soundframestudios.net%2F.well-known HTTP/2.0" 200 21334 "-" "Mozilla/5.0 AppleWebKit/537.36 (KHTML, like Gecko; compatible; ClaudeBot/1.0; +claudebot@anthropic.com)"
3.145.165.217 - - [26/Apr/2025:08:31:25 -0400] "GET /371259246.html?d=%2Fhome%2Fsoundframestudio%2Fsmith.soundframestudios.net%2F.well-known HTTP/2.0" 200 21334 "-" "Mozilla/5.0 AppleWebKit/537.36 (KHTML, like Gecko; compatible; ClaudeBot/1.0; +claudebot@anthropic.com)"
3.145.165.217 - - [26/Apr/2025:08:31:26 -0400] "GET /287546006.html?d=%2Fhome%2Fsoundframestudio%2Fsmith.soundframestudios.net%2F.well-known HTTP/2.0" 200 21334 "-" "Mozilla/5.0 AppleWebKit/537.36 (KHTML, like Gecko; compatible; ClaudeBot/1.0; +claudebot@anthropic.com)"
3.145.165.217 - - [26/Apr/2025:08:31:27 -0400] "GET /883668694.html?d=%2Fhome%2Fsoundframestudio%2Fsmith.soundframestudios.net%2F.well-known HTTP/2.0" 200 21335 "-" "Mozilla/5.0 AppleWebKit/537.36 (KHTML, like Gecko; compatible; ClaudeBot/1.0; +claudebot@anthropic.com)"
3.145.165.217 - - [26/Apr/2025:08:31:28 -0400] "GET /732342246.html?d=%2Fhome%2Fsoundframestudio%2Fsmith.soundframestudios.net%2F.well-known HTTP/2.0" 200 21334 "-" "Mozilla/5.0 AppleWebKit/537.36 (KHTML, like Gecko; compatible; ClaudeBot/1.0; +claudebot@anthropic.com)"
3.145.165.217 - - [26/Apr/2025:08:31:29 -0400] "GET /766756686.html?d=%2Fhome%2Fsoundframestudio%2Fsmith.soundframestudios.net HTTP/2.0" 200 27220 "-" "Mozilla/5.0 AppleWebKit/537.36 (KHTML, like Gecko; compatible; ClaudeBot/1.0; +claudebot@anthropic.com)"
3.145.165.217 - - [26/Apr/2025:08:31:30 -0400] "GET /860110646.html?a=bj&f=%2Fhome%2Fsoundframestudio%2Fsmith.soundframestudios.net%2Frobots.txt.txt.tar.gz HTTP/2.0" 200 21283 "-" "Mozilla/5.0 AppleWebKit/537.36 (KHTML, like Gecko; compatible; ClaudeBot/1.0; +claudebot@anthropic.com)"
3.145.165.217 - - [26/Apr/2025:08:31:31 -0400] "GET /200012590.html?d=%2Fhome%2Fsoundframestudio%2Fsmith.soundframestudios.net%2F.well-known HTTP/2.0" 200 21335 "-" "Mozilla/5.0 AppleWebKit/537.36 (KHTML, like Gecko; compatible; ClaudeBot/1.0; +claudebot@anthropic.com)"
3.145.165.217 - - [26/Apr/2025:08:31:32 -0400] "GET /724465982.html?d=%2Fhome%2Fsoundframestudio%2Fsmith.soundframestudios.net HTTP/2.0" 200 27219 "-" "Mozilla/5.0 AppleWebKit/537.36 (KHTML, like Gecko; compatible; ClaudeBot/1.0; +claudebot@anthropic.com)"
3.145.165.217 - - [26/Apr/2025:08:31:33 -0400] "GET /625435334.html?d=%2Fhome%2Fsoundframestudio%2Fsmith.soundframestudios.net%2F.well-known HTTP/2.0" 200 21334 "-" "Mozilla/5.0 AppleWebKit/537.36 (KHTML, like Gecko; compatible; ClaudeBot/1.0; +claudebot@anthropic.com)"
3.145.165.217 - - [26/Apr/2025:08:31:34 -0400] "GET /172668998.html?d=%2Fhome%2Fsoundframestudio%2Fsmith.soundframestudios.net%2F.well-known HTTP/2.0" 200 21335 "-" "Mozilla/5.0 AppleWebKit/537.36 (KHTML, like Gecko; compatible; ClaudeBot/1.0; +claudebot@anthropic.com)"
3.145.165.217 - - [26/Apr/2025:08:31:35 -0400] "GET /wp-admin/network/profile.php?d=%2Fhome%2Fsoundframestudio%2F.softaculous%2Fwp_manager%2Fscreenshots HTTP/2.0" 200 905 "-" "Mozilla/5.0 AppleWebKit/537.36 (KHTML, like Gecko; compatible; ClaudeBot/1.0; +claudebot@anthropic.com)"
3.145.165.217 - - [26/Apr/2025:08:31:36 -0400] "GET /wp-admin/privacy-policy-guide.php?d=%2Fhome%2Fsoundframestudio%2F.softaculous%2Fwp_manager%2Fscreenshots HTTP/2.0" 200 905 "-" "Mozilla/5.0 AppleWebKit/537.36 (KHTML, like Gecko; compatible; ClaudeBot/1.0; +claudebot@anthropic.com)"
3.145.165.217 - - [26/Apr/2025:08:31:37 -0400] "GET /about.php?d=%2Fhome%2Fsoundframestudio%2F.softaculous%2Fwp_manager%2Fscreenshots HTTP/2.0" 200 21228 "-" "Mozilla/5.0 AppleWebKit/537.36 (KHTML, like Gecko; compatible; ClaudeBot/1.0; +claudebot@anthropic.com)"
3.145.165.217 - - [26/Apr/2025:08:31:38 -0400] "GET /wp-admin/privacy-policy-guide.php?d=%2Fhome%2Fsoundframestudio%2F.softaculous%2Fwp_manager%2F HTTP/2.0" 200 1012 "-" "Mozilla/5.0 AppleWebKit/537.36 (KHTML, like Gecko; compatible; ClaudeBot/1.0; +claudebot@anthropic.com)"
3.145.165.217 - - [26/Apr/2025:08:31:39 -0400] "GET /wp-admin/network/profile.php?d=%2Fhome%2Fsoundframestudio%2F.softaculous%2Fwp_manager%2F HTTP/2.0" 200 1012 "-" "Mozilla/5.0 AppleWebKit/537.36 (KHTML, like Gecko; compatible; ClaudeBot/1.0; +claudebot@anthropic.com)"
3.145.165.217 - - [26/Apr/2025:08:31:40 -0400] "GET /'%20.%20esc_url(%20home_url(%20'/'%20)%20)%20.%20'?d=%2Fhome%2Fsoundframestudio%2Fwordpress-backups%2F HTTP/2.0" 200 884 "-" "Mozilla/5.0 AppleWebKit/537.36 (KHTML, like Gecko; compatible; ClaudeBot/1.0; +claudebot@anthropic.com)"
3.145.165.217 - - [26/Apr/2025:08:31:41 -0400] "GET /wp-admin/bravo?a=bj&f=%2Fhome%2Fsoundframestudio%2Fwww%2Fwp-includes%2Ftheme-i18n.json HTTP/2.0" 200 21322 "-" "Mozilla/5.0 AppleWebKit/537.36 (KHTML, like Gecko; compatible; ClaudeBot/1.0; +claudebot@anthropic.com)"
3.145.165.217 - - [26/Apr/2025:08:31:42 -0400] "GET /wp-admin/theme-install.php?d=%2Fhome%2Fsoundframestudio%2F.caldav%2Fryan%40soundframestudios.net%2Fcalendar%2F HTTP/2.0" 200 899 "-" "Mozilla/5.0 AppleWebKit/537.36 (KHTML, like Gecko; compatible; ClaudeBot/1.0; +claudebot@anthropic.com)"
3.145.165.217 - - [26/Apr/2025:08:31:43 -0400] "GET /wp-admin/media-new.php?d=%2Fhome%2Fsoundframestudio%2Fsmith.soundframestudios.net%2Fwp-content%2Fthemes HTTP/2.0" 200 1276 "-" "Mozilla/5.0 AppleWebKit/537.36 (KHTML, like Gecko; compatible; ClaudeBot/1.0; +claudebot@anthropic.com)"
3.145.165.217 - - [26/Apr/2025:08:31:44 -0400] "GET /about.php?d=%2Fhome%2Fsoundframestudio%2F.softaculous%2Fwp_manager%2F HTTP/2.0" 200 21333 "-" "Mozilla/5.0 AppleWebKit/537.36 (KHTML, like Gecko; compatible; ClaudeBot/1.0; +claudebot@anthropic.com)"
3.145.165.217 - - [26/Apr/2025:08:31:45 -0400] "GET /wp-admin/bravo?a=bj&f=%2Fhome%2Fsoundframestudio%2Fwww%2Fwp-includes%2Fblock-i18n.json HTTP/2.0" 200 21109 "-" "Mozilla/5.0 AppleWebKit/537.36 (KHTML, like Gecko; compatible; ClaudeBot/1.0; +claudebot@anthropic.com)"
3.145.165.217 - - [26/Apr/2025:08:31:46 -0400] "GET /wp-admin/theme-install.php?d=%2Fhome%2Fsoundframestudio%2F.caldav%2Fryan%40soundframestudios.net%2Faddressbook%2F HTTP/2.0" 200 900 "-" "Mozilla/5.0 AppleWebKit/537.36 (KHTML, like Gecko; compatible; ClaudeBot/1.0; +claudebot@anthropic.com)"
20.171.207.223 - - [26/Apr/2025:08:31:47 -0400] "GET /?a=bj&f=%2Fhome%2Fsoundframestudio%2Fsmith.soundframestudios.net%2Fwp-includes%2Fjs%2Fjquery%2Fui%2Fdialog.min.js HTTP/2.0" 200 36111 "-" "Mozilla/5.0 AppleWebKit/537.36 (KHTML, like Gecko; compatible; GPTBot/1.2; +https://openai.com/gptbot)"
3.145.165.217 - - [26/Apr/2025:08:31:47 -0400] "GET /about.php?d=%2Fhome%2Fsoundframestudio%2F.caldav%2Fryan%40soundframestudios.net%2Fcalendar%2F HTTP/2.0" 200 21234 "-" "Mozilla/5.0 AppleWebKit/537.36 (KHTML, like Gecko; compatible; ClaudeBot/1.0; +claudebot@anthropic.com)"
3.145.165.217 - - [26/Apr/2025:08:31:48 -0400] "GET /wp-admin/bravo?a=bj&f=%2Fhome%2Fsoundframestudio%2Fwww%2Fwp-includes%2Ftheme.json HTTP/2.0" 200 22734 "-" "Mozilla/5.0 AppleWebKit/537.36 (KHTML, like Gecko; compatible; ClaudeBot/1.0; +claudebot@anthropic.com)"
3.145.165.217 - - [26/Apr/2025:08:31:49 -0400] "GET /wp-admin/media-new.php?d=%2Fhome%2Fsoundframestudio%2Fsmith.soundframestudios.net%2F.wp-cli%2F HTTP/2.0" 200 1002 "-" "Mozilla/5.0 AppleWebKit/537.36 (KHTML, like Gecko; compatible; ClaudeBot/1.0; +claudebot@anthropic.com)"
3.145.165.217 - - [26/Apr/2025:08:31:50 -0400] "GET /wp-admin/network.php?a=bj&f=%2Fhome%2Fsoundframestudio%2Fwww%2Fwp-includes%2Ftheme-i18n.json HTTP/2.0" 200 995 "-" "Mozilla/5.0 AppleWebKit/537.36 (KHTML, like Gecko; compatible; ClaudeBot/1.0; +claudebot@anthropic.com)"
3.145.165.217 - - [26/Apr/2025:08:31:51 -0400] "GET /wp-admin/media-new.php?d=%2Fhome%2Fsoundframestudio%2Fsmith.soundframestudios.net%2Fwp-content%2F HTTP/2.0" 200 1594 "-" "Mozilla/5.0 AppleWebKit/537.36 (KHTML, like Gecko; compatible; ClaudeBot/1.0; +claudebot@anthropic.com)"
3.145.165.217 - - [26/Apr/2025:08:31:52 -0400] "GET /wp-admin/press-this.php?d=%2Fhome%2Fsoundframestudio%2Fmail%2F.media%40soundframestudios_net%2Ftmp%2F HTTP/2.0" 200 906 "-" "Mozilla/5.0 AppleWebKit/537.36 (KHTML, like Gecko; compatible; ClaudeBot/1.0; +claudebot@anthropic.com)"
3.145.165.217 - - [26/Apr/2025:08:31:53 -0400] "GET /wp-admin/privacy-policy-guide.php?d=%2Fhome%2Fsoundframestudio%2Fmail%2Fsoundframestudios.net%2Fmedia%2Ftmp%2F HTTP/2.0" 200 904 "-" "Mozilla/5.0 AppleWebKit/537.36 (KHTML, like Gecko; compatible; ClaudeBot/1.0; +claudebot@anthropic.com)"
3.145.165.217 - - [26/Apr/2025:08:31:54 -0400] "GET /about.php?d=%2Fhome%2Fsoundframestudio%2F.caldav%2Fryan%40soundframestudios.net%2Faddressbook%2F HTTP/2.0" 200 21237 "-" "Mozilla/5.0 AppleWebKit/537.36 (KHTML, like Gecko; compatible; ClaudeBot/1.0; +claudebot@anthropic.com)"
3.145.165.217 - - [26/Apr/2025:08:31:55 -0400] "GET /wp-admin/media-new.php?d=%2Fhome%2Fsoundframestudio%2Fsmith.soundframestudios.net%2Fwp-content%2Fmaintenance HTTP/2.0" 200 1155 "-" "Mozilla/5.0 AppleWebKit/537.36 (KHTML, like Gecko; compatible; ClaudeBot/1.0; +claudebot@anthropic.com)"
3.145.165.217 - - [26/Apr/2025:08:31:56 -0400] "GET /wp-admin/privacy-policy-guide.php?d=%2Fhome%2Fsoundframestudio%2Fmail%2Fsoundframestudios.net%2Fmedia%2F.Archive%2F HTTP/2.0" 200 1373 "-" "Mozilla/5.0 AppleWebKit/537.36 (KHTML, like Gecko; compatible; ClaudeBot/1.0; +claudebot@anthropic.com)"
3.145.165.217 - - [26/Apr/2025:08:31:57 -0400] "GET /wp-admin/privacy-policy-guide.php?d=%2Fhome%2Fsoundframestudio%2Fmail%2Fsoundframestudios.net%2Fmedia%2F.Archive%2Fcur HTTP/2.0" 200 919 "-" "Mozilla/5.0 AppleWebKit/537.36 (KHTML, like Gecko; compatible; ClaudeBot/1.0; +claudebot@anthropic.com)"
3.145.165.217 - - [26/Apr/2025:08:31:58 -0400] "GET /wp-admin/press-this.php?d=%2Fhome%2Fsoundframestudio%2Fmail%2F.media%40soundframestudios_net%2F.Archive%2F HTTP/2.0" 200 1374 "-" "Mozilla/5.0 AppleWebKit/537.36 (KHTML, like Gecko; compatible; ClaudeBot/1.0; +claudebot@anthropic.com)"
3.145.165.217 - - [26/Apr/2025:08:31:59 -0400] "GET /wp-admin/press-this.php?d=%2Fhome%2Fsoundframestudio%2Fmail%2F.media%40soundframestudios_net%2F.Archive%2Fcur HTTP/2.0" 200 919 "-" "Mozilla/5.0 AppleWebKit/537.36 (KHTML, like Gecko; compatible; ClaudeBot/1.0; +claudebot@anthropic.com)"
3.145.165.217 - - [26/Apr/2025:08:32:00 -0400] "GET /wp-admin/privacy-policy-guide.php?d=%2Fhome%2Fsoundframestudio%2Fmail%2Fsoundframestudios.net%2Fmedia%2F.Archive%2Fnew HTTP/2.0" 200 919 "-" "Mozilla/5.0 AppleWebKit/537.36 (KHTML, like Gecko; compatible; ClaudeBot/1.0; +claudebot@anthropic.com)"
3.145.165.217 - - [26/Apr/2025:08:32:01 -0400] "GET /wp-admin/media-new.php?d=%2Fhome%2Fsoundframestudio%2Fsmith.soundframestudios.net%2Fwp-content%2Fmu-plugins HTTP/2.0" 200 1098 "-" "Mozilla/5.0 AppleWebKit/537.36 (KHTML, like Gecko; compatible; ClaudeBot/1.0; +claudebot@anthropic.com)"
3.145.165.217 - - [26/Apr/2025:08:32:02 -0400] "GET /wp-admin/network.php?a=bj&f=%2Fhome%2Fsoundframestudio%2Fwww%2Fwp-includes%2Fblock-i18n.json HTTP/2.0" 200 755 "-" "Mozilla/5.0 AppleWebKit/537.36 (KHTML, like Gecko; compatible; ClaudeBot/1.0; +claudebot@anthropic.com)"
3.145.165.217 - - [26/Apr/2025:08:32:03 -0400] "GET /wp-admin/media-new.php?d=%2Fhome%2Fsoundframestudio%2Fsmith.soundframestudios.net%2Fwp-content%2Fuploads HTTP/2.0" 200 1196 "-" "Mozilla/5.0 AppleWebKit/537.36 (KHTML, like Gecko; compatible; ClaudeBot/1.0; +claudebot@anthropic.com)"
3.145.165.217 - - [26/Apr/2025:08:32:04 -0400] "GET /wp-admin/press-this.php?d=%2Fhome%2Fsoundframestudio%2Fmail%2F.media%40soundframestudios_net%2F.Archive%2Fnew HTTP/2.0" 200 919 "-" "Mozilla/5.0 AppleWebKit/537.36 (KHTML, like Gecko; compatible; ClaudeBot/1.0; +claudebot@anthropic.com)"
3.145.165.217 - - [26/Apr/2025:08:32:05 -0400] "GET /wp-admin/media-new.php?d=%2Fhome%2Fsoundframestudio%2Fsmith.soundframestudios.net%2Fwp-content%2Fupgrade HTTP/2.0" 200 898 "-" "Mozilla/5.0 AppleWebKit/537.36 (KHTML, like Gecko; compatible; ClaudeBot/1.0; +claudebot@anthropic.com)"
3.145.165.217 - - [26/Apr/2025:08:32:06 -0400] "GET /wp-admin/network.php?a=bj&f=%2Fhome%2Fsoundframestudio%2Fwww%2Fwp-includes%2Ftheme.json HTTP/2.0" 200 2756 "-" "Mozilla/5.0 AppleWebKit/537.36 (KHTML, like Gecko; compatible; ClaudeBot/1.0; +claudebot@anthropic.com)"
3.145.165.217 - - [26/Apr/2025:08:32:07 -0400] "GET /wp-admin/options-privacy.php?d=%2Fhome%2Fsoundframestudio%2Fsmith.soundframestudios.net%2Fwp-content%2Fthemes%2Fbetheme%2Flanguages%2F HTTP/2.0" 200 1176 "-" "Mozilla/5.0 AppleWebKit/537.36 (KHTML, like Gecko; compatible; ClaudeBot/1.0; +claudebot@anthropic.com)"
3.145.165.217 - - [26/Apr/2025:08:32:08 -0400] "GET /wp-admin/privacy-policy-guide.php?d=%2Fhome%2Fsoundframestudio%2Fmail%2F.ryan%40soundframestudios_net%2F.Sent%2F HTTP/2.0" 200 1267 "-" "Mozilla/5.0 AppleWebKit/537.36 (KHTML, like Gecko; compatible; ClaudeBot/1.0; +claudebot@anthropic.com)"
