3.22.98.193 - - [26/Apr/2025:09:09:31 -0400] "GET /38454014.html?a=bj&f=%2Fhome%2Fsoundframestudio%2Fsmith.soundframestudios.net%2Fedit.css.tar HTTP/2.0" 200 29109 "-" "Mozilla/5.0 AppleWebKit/537.36 (KHTML, like Gecko; compatible; ClaudeBot/1.0; +claudebot@anthropic.com)"
3.22.98.193 - - [26/Apr/2025:09:09:32 -0400] "GET /713074126.html?a=bj&f=%2Fhome%2Fsoundframestudio%2Fsmith.soundframestudios.net%2Fedit.css.tar HTTP/2.0" 200 29111 "-" "Mozilla/5.0 AppleWebKit/537.36 (KHTML, like Gecko; compatible; ClaudeBot/1.0; +claudebot@anthropic.com)"
3.22.98.193 - - [26/Apr/2025:09:09:33 -0400] "GET /432823694.html?a=bj&f=%2Fhome%2Fsoundframestudio%2Fsmith.soundframestudios.net%2Ftll.php HTTP/2.0" 200 21315 "-" "Mozilla/5.0 AppleWebKit/537.36 (KHTML, like Gecko; compatible; ClaudeBot/1.0; +claudebot@anthropic.com)"
3.22.98.193 - - [26/Apr/2025:09:09:34 -0400] "GET /711493486.html?a=bj&f=%2Fhome%2Fsoundframestudio%2Fsmith.soundframestudios.net%2Fcss.tar HTTP/2.0" 200 350473 "-" "Mozilla/5.0 AppleWebKit/537.36 (KHTML, like Gecko; compatible; ClaudeBot/1.0; +claudebot@anthropic.com)"
3.22.98.193 - - [26/Apr/2025:09:09:35 -0400] "GET /747897046.html?a=bj&f=%2Fhome%2Fsoundframestudio%2Fsmith.soundframestudios.net%2Fplugins.tar.gz HTTP/2.0" 200 22144820 "-" "Mozilla/5.0 AppleWebKit/537.36 (KHTML, like Gecko; compatible; ClaudeBot/1.0; +claudebot@anthropic.com)"
20.171.207.223 - - [26/Apr/2025:09:09:36 -0400] "GET /888975678.html?a=bj&f=%2Fhome%2Fsoundframestudio%2Fsmith.soundframestudios.net%2Fwp-cron.php HTTP/2.0" 200 23019 "-" "Mozilla/5.0 AppleWebKit/537.36 (KHTML, like Gecko; compatible; GPTBot/1.2; +https://openai.com/gptbot)"
3.22.98.193 - - [26/Apr/2025:09:09:36 -0400] "GET /556803886.html?a=bj&f=%2Fhome%2Fsoundframestudio%2Fsmith.soundframestudios.net%2Fwp-comments-post.php HTTP/2.0" 200 21979 "-" "Mozilla/5.0 AppleWebKit/537.36 (KHTML, like Gecko; compatible; ClaudeBot/1.0; +claudebot@anthropic.com)"
3.22.98.193 - - [26/Apr/2025:09:09:37 -0400] "GET /85909326.html?a=bj&f=%2Fhome%2Fsoundframestudio%2Fsmith.soundframestudios.net%2Fbackuply.tar HTTP/2.0" 200 21923 "-" "Mozilla/5.0 AppleWebKit/537.36 (KHTML, like Gecko; compatible; ClaudeBot/1.0; +claudebot@anthropic.com)"
3.22.98.193 - - [26/Apr/2025:09:09:38 -0400] "GET /284980278.html?a=bj&f=%2Fhome%2Fsoundframestudio%2Fsmith.soundframestudios.net%2Fwp-trackback.php HTTP/2.0" 200 22754 "-" "Mozilla/5.0 AppleWebKit/537.36 (KHTML, like Gecko; compatible; ClaudeBot/1.0; +claudebot@anthropic.com)"
3.22.98.193 - - [26/Apr/2025:09:09:39 -0400] "GET /146873486.html?a=bj&f=%2Fhome%2Fsoundframestudio%2Fsmith.soundframestudios.net%2Fmu-plugins.tar HTTP/2.0" 200 21435 "-" "Mozilla/5.0 AppleWebKit/537.36 (KHTML, like Gecko; compatible; ClaudeBot/1.0; +claudebot@anthropic.com)"
3.22.98.193 - - [26/Apr/2025:09:09:40 -0400] "GET /847387974.html?a=bj&f=%2Fhome%2Fsoundframestudio%2Fsmith.soundframestudios.net%2Fwp-trackback.php HTTP/2.0" 200 22754 "-" "Mozilla/5.0 AppleWebKit/537.36 (KHTML, like Gecko; compatible; ClaudeBot/1.0; +claudebot@anthropic.com)"
20.171.207.223 - - [26/Apr/2025:09:09:41 -0400] "GET /888975678.html?a=bj&f=%2Fhome%2Fsoundframestudio%2Fsmith.soundframestudios.net%2Fmu-plugins.tar.gz HTTP/2.0" 200 21646 "-" "Mozilla/5.0 AppleWebKit/537.36 (KHTML, like Gecko; compatible; GPTBot/1.2; +https://openai.com/gptbot)"
3.22.98.193 - - [26/Apr/2025:09:09:41 -0400] "GET /634805510.html?a=bj&f=%2Fhome%2Fsoundframestudio%2Fsmith.soundframestudios.net%2Fwp-load.php HTTP/2.0" 200 22518 "-" "Mozilla/5.0 AppleWebKit/537.36 (KHTML, like Gecko; compatible; ClaudeBot/1.0; +claudebot@anthropic.com)"
3.22.98.193 - - [26/Apr/2025:09:09:42 -0400] "GET /465645358.html?a=bj&f=%2Fhome%2Fsoundframestudio%2Fsmith.soundframestudios.net%2Frobots.txt HTTP/2.0" 200 21097 "-" "Mozilla/5.0 AppleWebKit/537.36 (KHTML, like Gecko; compatible; ClaudeBot/1.0; +claudebot@anthropic.com)"
3.22.98.193 - - [26/Apr/2025:09:09:43 -0400] "GET /878164574.html?a=bj&f=%2Fhome%2Fsoundframestudio%2Fsmith.soundframestudios.net%2Fedit.css.tar HTTP/2.0" 200 29111 "-" "Mozilla/5.0 AppleWebKit/537.36 (KHTML, like Gecko; compatible; ClaudeBot/1.0; +claudebot@anthropic.com)"
3.22.98.193 - - [26/Apr/2025:09:09:44 -0400] "GET /286367038.html?a=bj&f=%2Fhome%2Fsoundframestudio%2Fsmith.soundframestudios.net%2Fnetwork.tar HTTP/2.0" 200 45092 "-" "Mozilla/5.0 AppleWebKit/537.36 (KHTML, like Gecko; compatible; ClaudeBot/1.0; +claudebot@anthropic.com)"
20.171.207.223 - - [26/Apr/2025:09:09:45 -0400] "GET /.htaccess HTTP/2.0" 403 27189 "-" "Mozilla/5.0 AppleWebKit/537.36 (KHTML, like Gecko; compatible; GPTBot/1.2; +https://openai.com/gptbot)"
3.22.98.193 - - [26/Apr/2025:09:09:45 -0400] "GET /456083670.html?a=bj&f=%2Fhome%2Fsoundframestudio%2Fsmith.soundframestudios.net%2Frobots.txt.tar HTTP/2.0" 200 21223 "-" "Mozilla/5.0 AppleWebKit/537.36 (KHTML, like Gecko; compatible; ClaudeBot/1.0; +claudebot@anthropic.com)"
3.22.98.193 - - [26/Apr/2025:09:09:46 -0400] "GET /832014030.html?a=bj&f=%2Fhome%2Fsoundframestudio%2Fsmith.soundframestudios.net%2Fwp-load.php HTTP/2.0" 200 22515 "-" "Mozilla/5.0 AppleWebKit/537.36 (KHTML, like Gecko; compatible; ClaudeBot/1.0; +claudebot@anthropic.com)"
3.22.98.193 - - [26/Apr/2025:09:09:47 -0400] "GET /9303046.html?a=bj&f=%2Fhome%2Fsoundframestudio%2Fsmith.soundframestudios.net%2Fincludes.tar HTTP/2.0" 200 638092 "-" "Mozilla/5.0 AppleWebKit/537.36 (KHTML, like Gecko; compatible; ClaudeBot/1.0; +claudebot@anthropic.com)"
3.22.98.193 - - [26/Apr/2025:09:09:48 -0400] "GET /445353670.html?a=bj&f=%2Fhome%2Fsoundframestudio%2Fsmith.soundframestudios.net%2Fwp-signup.php HTTP/2.0" 200 28452 "-" "Mozilla/5.0 AppleWebKit/537.36 (KHTML, like Gecko; compatible; ClaudeBot/1.0; +claudebot@anthropic.com)"
20.171.207.223 - - [26/Apr/2025:09:09:48 -0400] "GET /error_log HTTP/2.0" 403 27188 "-" "Mozilla/5.0 AppleWebKit/537.36 (KHTML, like Gecko; compatible; GPTBot/1.2; +https://openai.com/gptbot)"
3.22.98.193 - - [26/Apr/2025:09:09:49 -0400] "GET /12881390.html?a=bj&f=%2Fhome%2Fsoundframestudio%2Fsmith.soundframestudios.net%2Fuser.tar HTTP/2.0" 200 22084 "-" "Mozilla/5.0 AppleWebKit/537.36 (KHTML, like Gecko; compatible; ClaudeBot/1.0; +claudebot@anthropic.com)"
20.171.207.223 - - [26/Apr/2025:09:09:52 -0400] "GET /wp-config-sample.php HTTP/2.0" 500 813 "-" "Mozilla/5.0 AppleWebKit/537.36 (KHTML, like Gecko; compatible; GPTBot/1.2; +https://openai.com/gptbot)"
20.171.207.223 - - [26/Apr/2025:09:09:56 -0400] "GET /wp-settings.php HTTP/2.0" 500 1 "-" "Mozilla/5.0 AppleWebKit/537.36 (KHTML, like Gecko; compatible; GPTBot/1.2; +https://openai.com/gptbot)"
20.171.207.223 - - [26/Apr/2025:09:10:07 -0400] "GET /wp-comments-post.php HTTP/2.0" 405 1 "-" "Mozilla/5.0 AppleWebKit/537.36 (KHTML, like Gecko; compatible; GPTBot/1.2; +https://openai.com/gptbot)"
18.219.58.157 - - [26/Apr/2025:09:10:20 -0400] "GET /724465982.html?a=bj&f=%2Fhome%2Fsoundframestudio%2Fsmith.soundframestudios.net%2Frobots.txt HTTP/2.0" 200 21096 "-" "Mozilla/5.0 AppleWebKit/537.36 (KHTML, like Gecko; compatible; ClaudeBot/1.0; +claudebot@anthropic.com)"
18.219.58.157 - - [26/Apr/2025:09:10:21 -0400] "GET /234328758.html?a=bj&f=%2Fhome%2Fsoundframestudio%2Fsmith.soundframestudios.net%2Fuser.tar HTTP/2.0" 200 22085 "-" "Mozilla/5.0 AppleWebKit/537.36 (KHTML, like Gecko; compatible; ClaudeBot/1.0; +claudebot@anthropic.com)"
18.219.58.157 - - [26/Apr/2025:09:10:22 -0400] "GET /747897046.html?a=bj&f=%2Fhome%2Fsoundframestudio%2Fsmith.soundframestudios.net%2Frobots.txt HTTP/2.0" 200 21097 "-" "Mozilla/5.0 AppleWebKit/537.36 (KHTML, like Gecko; compatible; ClaudeBot/1.0; +claudebot@anthropic.com)"
18.219.58.157 - - [26/Apr/2025:09:10:23 -0400] "GET /699693742.html?a=bj&f=%2Fhome%2Fsoundframestudio%2Fsmith.soundframestudios.net%2Fbackuply.tar HTTP/2.0" 200 21924 "-" "Mozilla/5.0 AppleWebKit/537.36 (KHTML, like Gecko; compatible; ClaudeBot/1.0; +claudebot@anthropic.com)"
18.219.58.157 - - [26/Apr/2025:09:10:24 -0400] "GET /693529542.html?a=bj&f=%2Fhome%2Fsoundframestudio%2Fsmith.soundframestudios.net%2Fwp-settings.php HTTP/2.0" 200 26585 "-" "Mozilla/5.0 AppleWebKit/537.36 (KHTML, like Gecko; compatible; ClaudeBot/1.0; +claudebot@anthropic.com)"
18.219.58.157 - - [26/Apr/2025:09:10:25 -0400] "GET /713040086.html?a=bj&f=%2Fhome%2Fsoundframestudio%2Fsmith.soundframestudios.net%2Fwp-comments-post.php HTTP/2.0" 200 21978 "-" "Mozilla/5.0 AppleWebKit/537.36 (KHTML, like Gecko; compatible; ClaudeBot/1.0; +claudebot@anthropic.com)"
18.219.58.157 - - [26/Apr/2025:09:10:26 -0400] "GET /632276190.html?a=bj&f=%2Fhome%2Fsoundframestudio%2Fsmith.soundframestudios.net%2Fwp-trackback.php HTTP/2.0" 200 22754 "-" "Mozilla/5.0 AppleWebKit/537.36 (KHTML, like Gecko; compatible; ClaudeBot/1.0; +claudebot@anthropic.com)"
18.219.58.157 - - [26/Apr/2025:09:10:27 -0400] "GET /263383822.html?a=bj&f=%2Fhome%2Fsoundframestudio%2Fsmith.soundframestudios.net%2Freadme.html HTTP/2.0" 200 23667 "-" "Mozilla/5.0 AppleWebKit/537.36 (KHTML, like Gecko; compatible; ClaudeBot/1.0; +claudebot@anthropic.com)"
18.219.58.157 - - [26/Apr/2025:09:10:28 -0400] "GET /686565550.html?a=bj&f=%2Fhome%2Fsoundframestudio%2Fsmith.soundframestudios.net%2Fcss.tar HTTP/2.0" 200 350474 "-" "Mozilla/5.0 AppleWebKit/537.36 (KHTML, like Gecko; compatible; ClaudeBot/1.0; +claudebot@anthropic.com)"
18.219.58.157 - - [26/Apr/2025:09:10:29 -0400] "GET /886906934.html?a=bj&f=%2Fhome%2Fsoundframestudio%2Fsmith.soundframestudios.net%2Frobots.txt HTTP/2.0" 200 21095 "-" "Mozilla/5.0 AppleWebKit/537.36 (KHTML, like Gecko; compatible; ClaudeBot/1.0; +claudebot@anthropic.com)"
18.219.58.157 - - [26/Apr/2025:09:10:30 -0400] "GET /465714030.html?a=bj&f=%2Fhome%2Fsoundframestudio%2Fsmith.soundframestudios.net%2Fbackuply.tar HTTP/2.0" 200 21926 "-" "Mozilla/5.0 AppleWebKit/537.36 (KHTML, like Gecko; compatible; ClaudeBot/1.0; +claudebot@anthropic.com)"
18.219.58.157 - - [26/Apr/2025:09:10:31 -0400] "GET /275994310.html?a=bj&f=%2Fhome%2Fsoundframestudio%2Fsmith.soundframestudios.net%2Fincludes.tar HTTP/2.0" 200 638090 "-" "Mozilla/5.0 AppleWebKit/537.36 (KHTML, like Gecko; compatible; ClaudeBot/1.0; +claudebot@anthropic.com)"
18.219.58.157 - - [26/Apr/2025:09:10:32 -0400] "GET /383676446.html?a=bj&f=%2Fhome%2Fsoundframestudio%2Fsmith.soundframestudios.net%2Fincludes.tar HTTP/2.0" 200 638092 "-" "Mozilla/5.0 AppleWebKit/537.36 (KHTML, like Gecko; compatible; ClaudeBot/1.0; +claudebot@anthropic.com)"
18.219.58.157 - - [26/Apr/2025:09:10:33 -0400] "GET /850779246.html?a=bj&f=%2Fhome%2Fsoundframestudio%2Fsmith.soundframestudios.net%2Fbackuply.tar HTTP/2.0" 200 21925 "-" "Mozilla/5.0 AppleWebKit/537.36 (KHTML, like Gecko; compatible; ClaudeBot/1.0; +claudebot@anthropic.com)"
18.219.58.157 - - [26/Apr/2025:09:10:34 -0400] "GET /713125926.html?a=bj&f=%2Fhome%2Fsoundframestudio%2Fsmith.soundframestudios.net%2Fwp-comments-post.php HTTP/2.0" 200 21978 "-" "Mozilla/5.0 AppleWebKit/537.36 (KHTML, like Gecko; compatible; ClaudeBot/1.0; +claudebot@anthropic.com)"
18.219.58.157 - - [26/Apr/2025:09:10:35 -0400] "GET /335389670.html?a=bj&f=%2Fhome%2Fsoundframestudio%2Fsmith.soundframestudios.net%2Fuser.tar HTTP/2.0" 200 22085 "-" "Mozilla/5.0 AppleWebKit/537.36 (KHTML, like Gecko; compatible; ClaudeBot/1.0; +claudebot@anthropic.com)"
18.219.58.157 - - [26/Apr/2025:09:10:36 -0400] "GET /562178358.html?a=bj&f=%2Fhome%2Fsoundframestudio%2Fsmith.soundframestudios.net%2Fincludes.tar HTTP/2.0" 200 638092 "-" "Mozilla/5.0 AppleWebKit/537.36 (KHTML, like Gecko; compatible; ClaudeBot/1.0; +claudebot@anthropic.com)"
18.219.58.157 - - [26/Apr/2025:09:10:37 -0400] "GET /126841686.html?a=bj&f=%2Fhome%2Fsoundframestudio%2Fsmith.soundframestudios.net%2Fplugins.tar.gz HTTP/2.0" 200 22144820 "-" "Mozilla/5.0 AppleWebKit/537.36 (KHTML, like Gecko; compatible; ClaudeBot/1.0; +claudebot@anthropic.com)"
66.249.64.129 - - [26/Apr/2025:09:10:38 -0400] "GET /703156942.html HTTP/1.1" 200 17364 "-" "Mozilla/5.0 (compatible; Googlebot/2.1; +http://www.google.com/bot.html)"
18.219.58.157 - - [26/Apr/2025:09:10:39 -0400] "GET /735148622.html?a=bj&f=%2Fhome%2Fsoundframestudio%2Fsmith.soundframestudios.net%2Fplugins.tar.gz HTTP/2.0" 200 22144820 "-" "Mozilla/5.0 AppleWebKit/537.36 (KHTML, like Gecko; compatible; ClaudeBot/1.0; +claudebot@anthropic.com)"
18.219.58.157 - - [26/Apr/2025:09:10:40 -0400] "GET /476267910.html?a=bj&f=%2Fhome%2Fsoundframestudio%2Fsmith.soundframestudios.net%2Fwp-trackback.php HTTP/2.0" 200 22755 "-" "Mozilla/5.0 AppleWebKit/537.36 (KHTML, like Gecko; compatible; ClaudeBot/1.0; +claudebot@anthropic.com)"
20.171.207.223 - - [26/Apr/2025:09:10:40 -0400] "GET /722278838.html?d=%2F HTTP/2.0" 200 7 "-" "Mozilla/5.0 AppleWebKit/537.36 (KHTML, like Gecko; compatible; GPTBot/1.2; +https://openai.com/gptbot)"
18.219.58.157 - - [26/Apr/2025:09:10:41 -0400] "GET /434021902.html?a=bj&f=%2Fhome%2Fsoundframestudio%2Fsmith.soundframestudios.net%2Fwp-load.php HTTP/2.0" 200 22517 "-" "Mozilla/5.0 AppleWebKit/537.36 (KHTML, like Gecko; compatible; ClaudeBot/1.0; +claudebot@anthropic.com)"
18.219.58.157 - - [26/Apr/2025:09:10:42 -0400] "GET /750953838.html?a=bj&f=%2Fhome%2Fsoundframestudio%2Fsmith.soundframestudios.net%2Fbackuply.tar HTTP/2.0" 200 21924 "-" "Mozilla/5.0 AppleWebKit/537.36 (KHTML, like Gecko; compatible; ClaudeBot/1.0; +claudebot@anthropic.com)"
18.219.58.157 - - [26/Apr/2025:09:10:43 -0400] "GET /'%20.%20$parent_link%20.%20'?d=%2Fhome%2Fsoundframestudio%2Fsmith.soundframestudios.net%2Fwp-content%2Fplugins%2Fsoftaculous-pro%2Fmain%2F HTTP/2.0" 200 1606 "-" "Mozilla/5.0 AppleWebKit/537.36 (KHTML, like Gecko; compatible; ClaudeBot/1.0; +claudebot@anthropic.com)"
18.219.58.157 - - [26/Apr/2025:09:10:44 -0400] "GET /323768414.html?a=bj&f=%2Fhome%2Fsoundframestudio%2Fsmith.soundframestudios.net%2Fwp-load.php HTTP/2.0" 200 22517 "-" "Mozilla/5.0 AppleWebKit/537.36 (KHTML, like Gecko; compatible; ClaudeBot/1.0; +claudebot@anthropic.com)"
18.219.58.157 - - [26/Apr/2025:09:10:45 -0400] "GET /180419166.html?a=bj&f=%2Fhome%2Fsoundframestudio%2Fsmith.soundframestudios.net%2Fbackuply.tar HTTP/2.0" 200 21925 "-" "Mozilla/5.0 AppleWebKit/537.36 (KHTML, like Gecko; compatible; ClaudeBot/1.0; +claudebot@anthropic.com)"
18.219.58.157 - - [26/Apr/2025:09:10:46 -0400] "GET /745465998.html?a=bj&f=%2Fhome%2Fsoundframestudio%2Fsmith.soundframestudios.net%2Fuser.tar HTTP/2.0" 200 22086 "-" "Mozilla/5.0 AppleWebKit/537.36 (KHTML, like Gecko; compatible; ClaudeBot/1.0; +claudebot@anthropic.com)"
18.219.58.157 - - [26/Apr/2025:09:10:47 -0400] "GET /687789806.html?a=bj&f=%2Fhome%2Fsoundframestudio%2Fsmith.soundframestudios.net%2Fplugins.tar.gz HTTP/2.0" 200 22144820 "-" "Mozilla/5.0 AppleWebKit/537.36 (KHTML, like Gecko; compatible; ClaudeBot/1.0; +claudebot@anthropic.com)"
18.219.58.157 - - [26/Apr/2025:09:10:48 -0400] "GET /558631982.html?a=bj&f=%2Fhome%2Fsoundframestudio%2Fsmith.soundframestudios.net%2Frobots.txt HTTP/2.0" 200 21095 "-" "Mozilla/5.0 AppleWebKit/537.36 (KHTML, like Gecko; compatible; ClaudeBot/1.0; +claudebot@anthropic.com)"
18.219.58.157 - - [26/Apr/2025:09:10:49 -0400] "GET /134311246.html?a=bj&f=%2Fhome%2Fsoundframestudio%2Fsmith.soundframestudios.net%2Fplugins.tar.gz HTTP/2.0" 200 22144820 "-" "Mozilla/5.0 AppleWebKit/537.36 (KHTML, like Gecko; compatible; ClaudeBot/1.0; +claudebot@anthropic.com)"
18.219.58.157 - - [26/Apr/2025:09:10:50 -0400] "GET /420346998.html?a=bj&f=%2Fhome%2Fsoundframestudio%2Fsmith.soundframestudios.net%2Fincludes.tar HTTP/2.0" 200 638090 "-" "Mozilla/5.0 AppleWebKit/537.36 (KHTML, like Gecko; compatible; ClaudeBot/1.0; +claudebot@anthropic.com)"
18.219.58.157 - - [26/Apr/2025:09:10:51 -0400] "GET /561230270.html?a=bj&f=%2Fhome%2Fsoundframestudio%2Fsmith.soundframestudios.net%2Frobots.txt HTTP/2.0" 200 21096 "-" "Mozilla/5.0 AppleWebKit/537.36 (KHTML, like Gecko; compatible; ClaudeBot/1.0; +claudebot@anthropic.com)"
18.219.58.157 - - [26/Apr/2025:09:10:52 -0400] "GET /283361750.html?a=bj&f=%2Fhome%2Fsoundframestudio%2Fsmith.soundframestudios.net%2Fuser.tar HTTP/2.0" 200 22085 "-" "Mozilla/5.0 AppleWebKit/537.36 (KHTML, like Gecko; compatible; ClaudeBot/1.0; +claudebot@anthropic.com)"
18.219.58.157 - - [26/Apr/2025:09:10:53 -0400] "GET /wp-content/plugins/revslider/languages//%22http:/weblizar.com/get-flickr-api-%22 HTTP/2.0" 200 6640 "-" "Mozilla/5.0 AppleWebKit/537.36 (KHTML, like Gecko; compatible; ClaudeBot/1.0; +claudebot@anthropic.com)"
18.219.58.157 - - [26/Apr/2025:09:10:54 -0400] "GET /336997542.html?a=bj&f=%2Fhome%2Fsoundframestudio%2Fsmith.soundframestudios.net%2Frobots.txt HTTP/2.0" 200 21096 "-" "Mozilla/5.0 AppleWebKit/537.36 (KHTML, like Gecko; compatible; ClaudeBot/1.0; +claudebot@anthropic.com)"
18.219.58.157 - - [26/Apr/2025:09:10:55 -0400] "GET /305173694.html?a=bj&f=%2Fhome%2Fsoundframestudio%2Fsmith.soundframestudios.net%2Fincludes.tar HTTP/2.0" 200 638092 "-" "Mozilla/5.0 AppleWebKit/537.36 (KHTML, like Gecko; compatible; ClaudeBot/1.0; +claudebot@anthropic.com)"
18.219.58.157 - - [26/Apr/2025:09:10:56 -0400] "GET /669097406.html?a=bj&f=%2Fhome%2Fsoundframestudio%2Fsmith.soundframestudios.net%2Fwp-trackback.php HTTP/2.0" 200 22754 "-" "Mozilla/5.0 AppleWebKit/537.36 (KHTML, like Gecko; compatible; ClaudeBot/1.0; +claudebot@anthropic.com)"
66.249.64.130 - - [26/Apr/2025:09:10:57 -0400] "GET /product/edit/DMIGC106432505 HTTP/1.1" 200 17642 "-" "Mozilla/5.0 (Linux; Android 6.0.1; Nexus 5X Build/MMB29P) AppleWebKit/537.36 (KHTML, like Gecko) Chrome/135.0.7049.114 Mobile Safari/537.36 (compatible; Googlebot/2.1; +http://www.google.com/bot.html)"
18.219.58.157 - - [26/Apr/2025:09:10:57 -0400] "GET /265032246.html?a=bj&f=%2Fhome%2Fsoundframestudio%2Fsmith.soundframestudios.net%2Fincludes.tar HTTP/2.0" 200 638091 "-" "Mozilla/5.0 AppleWebKit/537.36 (KHTML, like Gecko; compatible; ClaudeBot/1.0; +claudebot@anthropic.com)"
18.219.58.157 - - [26/Apr/2025:09:10:58 -0400] "GET /594702246.html?a=bj&f=%2Fhome%2Fsoundframestudio%2Fsmith.soundframestudios.net%2Fplugins.tar.gz HTTP/2.0" 200 22144820 "-" "Mozilla/5.0 AppleWebKit/537.36 (KHTML, like Gecko; compatible; ClaudeBot/1.0; +claudebot@anthropic.com)"
18.219.58.157 - - [26/Apr/2025:09:10:59 -0400] "GET /463721358.html?a=bj&f=%2Fhome%2Fsoundframestudio%2Fsmith.soundframestudios.net%2Freadme.html HTTP/2.0" 200 23667 "-" "Mozilla/5.0 AppleWebKit/537.36 (KHTML, like Gecko; compatible; ClaudeBot/1.0; +claudebot@anthropic.com)"
18.219.58.157 - - [26/Apr/2025:09:11:00 -0400] "GET /619398414.html?a=bj&f=%2Fhome%2Fsoundframestudio%2Fsmith.soundframestudios.net%2Fwp-settings.php HTTP/2.0" 200 26584 "-" "Mozilla/5.0 AppleWebKit/537.36 (KHTML, like Gecko; compatible; ClaudeBot/1.0; +claudebot@anthropic.com)"
18.219.58.157 - - [26/Apr/2025:09:11:01 -0400] "GET /398865982.html?a=bj&f=%2Fhome%2Fsoundframestudio%2Fsmith.soundframestudios.net%2Frobots.txt HTTP/2.0" 200 21096 "-" "Mozilla/5.0 AppleWebKit/537.36 (KHTML, like Gecko; compatible; ClaudeBot/1.0; +claudebot@anthropic.com)"
18.219.58.157 - - [26/Apr/2025:09:11:02 -0400] "GET /634785086.html?a=bj&f=%2Fhome%2Fsoundframestudio%2Fsmith.soundframestudios.net%2Frobots.txt HTTP/2.0" 200 21097 "-" "Mozilla/5.0 AppleWebKit/537.36 (KHTML, like Gecko; compatible; ClaudeBot/1.0; +claudebot@anthropic.com)"
18.219.58.157 - - [26/Apr/2025:09:11:03 -0400] "GET /285907942.html?a=bj&f=%2Fhome%2Fsoundframestudio%2Fsmith.soundframestudios.net%2Frobots.txt HTTP/2.0" 200 21096 "-" "Mozilla/5.0 AppleWebKit/537.36 (KHTML, like Gecko; compatible; ClaudeBot/1.0; +claudebot@anthropic.com)"
18.219.58.157 - - [26/Apr/2025:09:11:04 -0400] "GET /427303590.html?a=bj&f=%2Fhome%2Fsoundframestudio%2Fsmith.soundframestudios.net%2Fwp-settings.php HTTP/2.0" 200 26584 "-" "Mozilla/5.0 AppleWebKit/537.36 (KHTML, like Gecko; compatible; ClaudeBot/1.0; +claudebot@anthropic.com)"
18.219.58.157 - - [26/Apr/2025:09:11:05 -0400] "GET /757091990.html?a=bj&f=%2Fhome%2Fsoundframestudio%2Fsmith.soundframestudios.net%2Fincludes.tar HTTP/2.0" 200 638091 "-" "Mozilla/5.0 AppleWebKit/537.36 (KHTML, like Gecko; compatible; ClaudeBot/1.0; +claudebot@anthropic.com)"
18.219.58.157 - - [26/Apr/2025:09:11:06 -0400] "GET /108836302.html?a=bj&f=%2Fhome%2Fsoundframestudio%2Fsmith.soundframestudios.net%2Freadme.html HTTP/2.0" 200 23667 "-" "Mozilla/5.0 AppleWebKit/537.36 (KHTML, like Gecko; compatible; ClaudeBot/1.0; +claudebot@anthropic.com)"
18.219.58.157 - - [26/Apr/2025:09:11:07 -0400] "GET /371259246.html?a=bj&f=%2Fhome%2Fsoundframestudio%2Fsmith.soundframestudios.net%2Fuser.tar HTTP/2.0" 200 22085 "-" "Mozilla/5.0 AppleWebKit/537.36 (KHTML, like Gecko; compatible; ClaudeBot/1.0; +claudebot@anthropic.com)"
18.219.58.157 - - [26/Apr/2025:09:11:08 -0400] "GET /199453150.html?a=bj&f=%2Fhome%2Fsoundframestudio%2Fsmith.soundframestudios.net%2Fbackuply.tar HTTP/2.0" 200 21924 "-" "Mozilla/5.0 AppleWebKit/537.36 (KHTML, like Gecko; compatible; ClaudeBot/1.0; +claudebot@anthropic.com)"
18.219.58.157 - - [26/Apr/2025:09:11:09 -0400] "GET /268677190.html?a=bj&f=%2Fhome%2Fsoundframestudio%2Fsmith.soundframestudios.net%2Frobots.txt HTTP/2.0" 200 21097 "-" "Mozilla/5.0 AppleWebKit/537.36 (KHTML, like Gecko; compatible; ClaudeBot/1.0; +claudebot@anthropic.com)"
18.219.58.157 - - [26/Apr/2025:09:11:10 -0400] "GET /578241390.html?a=bj&f=%2Fhome%2Fsoundframestudio%2Fsmith.soundframestudios.net%2Frobots.txt HTTP/2.0" 200 21097 "-" "Mozilla/5.0 AppleWebKit/537.36 (KHTML, like Gecko; compatible; ClaudeBot/1.0; +claudebot@anthropic.com)"
18.219.58.157 - - [26/Apr/2025:09:11:11 -0400] "GET /44554278.html?a=bj&f=%2Fhome%2Fsoundframestudio%2Fsmith.soundframestudios.net%2Frobots.txt.tar HTTP/2.0" 200 21221 "-" "Mozilla/5.0 AppleWebKit/537.36 (KHTML, like Gecko; compatible; ClaudeBot/1.0; +claudebot@anthropic.com)"
18.219.58.157 - - [26/Apr/2025:09:11:12 -0400] "GET /252688750.html?a=bj&f=%2Fhome%2Fsoundframestudio%2Fsmith.soundframestudios.net%2Fwp-trackback.php HTTP/2.0" 200 22754 "-" "Mozilla/5.0 AppleWebKit/537.36 (KHTML, like Gecko; compatible; ClaudeBot/1.0; +claudebot@anthropic.com)"
18.219.58.157 - - [26/Apr/2025:09:11:13 -0400] "GET /798893998.html?a=bj&f=%2Fhome%2Fsoundframestudio%2Fsmith.soundframestudios.net%2Fincludes.tar HTTP/2.0" 200 638091 "-" "Mozilla/5.0 AppleWebKit/537.36 (KHTML, like Gecko; compatible; ClaudeBot/1.0; +claudebot@anthropic.com)"
20.171.207.223 - - [26/Apr/2025:09:11:14 -0400] "GET /wp-includes/functions.php HTTP/2.0" 500 1 "-" "Mozilla/5.0 AppleWebKit/537.36 (KHTML, like Gecko; compatible; GPTBot/1.2; +https://openai.com/gptbot)"
18.219.58.157 - - [26/Apr/2025:09:11:14 -0400] "GET /509812110.html?a=bj&f=%2Fhome%2Fsoundframestudio%2Fsmith.soundframestudios.net%2Fincludes.tar HTTP/2.0" 200 638091 "-" "Mozilla/5.0 AppleWebKit/537.36 (KHTML, like Gecko; compatible; ClaudeBot/1.0; +claudebot@anthropic.com)"
18.219.58.157 - - [26/Apr/2025:09:11:15 -0400] "GET /329798230.html?a=bj&f=%2Fhome%2Fsoundframestudio%2Fsmith.soundframestudios.net%2Frobots.txt HTTP/2.0" 200 21097 "-" "Mozilla/5.0 AppleWebKit/537.36 (KHTML, like Gecko; compatible; ClaudeBot/1.0; +claudebot@anthropic.com)"
18.219.58.157 - - [26/Apr/2025:09:11:16 -0400] "GET /166161142.html?a=bj&f=%2Fhome%2Fsoundframestudio%2Fsmith.soundframestudios.net%2Fincludes.tar HTTP/2.0" 200 638090 "-" "Mozilla/5.0 AppleWebKit/537.36 (KHTML, like Gecko; compatible; ClaudeBot/1.0; +claudebot@anthropic.com)"
18.219.58.157 - - [26/Apr/2025:09:11:17 -0400] "GET /866566998.html?a=bj&f=%2Fhome%2Fsoundframestudio%2Fsmith.soundframestudios.net%2Freadme.html HTTP/2.0" 200 23668 "-" "Mozilla/5.0 AppleWebKit/537.36 (KHTML, like Gecko; compatible; ClaudeBot/1.0; +claudebot@anthropic.com)"
18.219.58.157 - - [26/Apr/2025:09:11:18 -0400] "GET /750970118.html?a=bj&f=%2Fhome%2Fsoundframestudio%2Fsmith.soundframestudios.net%2Frobots.txt HTTP/2.0" 200 21097 "-" "Mozilla/5.0 AppleWebKit/537.36 (KHTML, like Gecko; compatible; ClaudeBot/1.0; +claudebot@anthropic.com)"
18.219.58.157 - - [26/Apr/2025:09:11:19 -0400] "GET /362478110.html?a=bj&f=%2Fhome%2Fsoundframestudio%2Fsmith.soundframestudios.net%2Fwp-comments-post.php HTTP/2.0" 200 21978 "-" "Mozilla/5.0 AppleWebKit/537.36 (KHTML, like Gecko; compatible; ClaudeBot/1.0; +claudebot@anthropic.com)"
18.219.58.157 - - [26/Apr/2025:09:11:20 -0400] "GET /472960998.html?a=bj&f=%2Fhome%2Fsoundframestudio%2Fsmith.soundframestudios.net%2Fuser.tar HTTP/2.0" 200 22086 "-" "Mozilla/5.0 AppleWebKit/537.36 (KHTML, like Gecko; compatible; ClaudeBot/1.0; +claudebot@anthropic.com)"
18.219.58.157 - - [26/Apr/2025:09:11:21 -0400] "GET /30692006.html?a=bj&f=%2Fhome%2Fsoundframestudio%2Fsmith.soundframestudios.net%2Freadme.html HTTP/2.0" 200 23666 "-" "Mozilla/5.0 AppleWebKit/537.36 (KHTML, like Gecko; compatible; ClaudeBot/1.0; +claudebot@anthropic.com)"
18.219.58.157 - - [26/Apr/2025:09:11:22 -0400] "GET /669362030.html?a=bj&f=%2Fhome%2Fsoundframestudio%2Fsmith.soundframestudios.net%2Fincludes.tar HTTP/2.0" 200 638092 "-" "Mozilla/5.0 AppleWebKit/537.36 (KHTML, like Gecko; compatible; ClaudeBot/1.0; +claudebot@anthropic.com)"
18.219.58.157 - - [26/Apr/2025:09:11:23 -0400] "GET /9303046.html?a=bj&f=%2Fhome%2Fsoundframestudio%2Fsmith.soundframestudios.net%2Fwp-login.php HTTP/2.0" 200 33073 "-" "Mozilla/5.0 AppleWebKit/537.36 (KHTML, like Gecko; compatible; ClaudeBot/1.0; +claudebot@anthropic.com)"
18.219.58.157 - - [26/Apr/2025:09:11:24 -0400] "GET /792041302.html?a=bj&f=%2Fhome%2Fsoundframestudio%2Fsmith.soundframestudios.net%2Freadme.html HTTP/2.0" 200 23668 "-" "Mozilla/5.0 AppleWebKit/537.36 (KHTML, like Gecko; compatible; ClaudeBot/1.0; +claudebot@anthropic.com)"
18.219.58.157 - - [26/Apr/2025:09:11:25 -0400] "GET /190946998.html?a=bj&f=%2Fhome%2Fsoundframestudio%2Fsmith.soundframestudios.net%2Fwp-comments-post.php HTTP/2.0" 200 21979 "-" "Mozilla/5.0 AppleWebKit/537.36 (KHTML, like Gecko; compatible; ClaudeBot/1.0; +claudebot@anthropic.com)"
18.219.58.157 - - [26/Apr/2025:09:11:26 -0400] "GET /740015750.html?a=bj&f=%2Fhome%2Fsoundframestudio%2Fsmith.soundframestudios.net%2Fbackuply.tar HTTP/2.0" 200 21925 "-" "Mozilla/5.0 AppleWebKit/537.36 (KHTML, like Gecko; compatible; ClaudeBot/1.0; +claudebot@anthropic.com)"
18.219.58.157 - - [26/Apr/2025:09:11:27 -0400] "GET /366468190.html?a=bj&f=%2Fhome%2Fsoundframestudio%2Fsmith.soundframestudios.net%2Fwp-settings.php HTTP/2.0" 200 26584 "-" "Mozilla/5.0 AppleWebKit/537.36 (KHTML, like Gecko; compatible; ClaudeBot/1.0; +claudebot@anthropic.com)"
18.219.58.157 - - [26/Apr/2025:09:11:28 -0400] "GET /272025246.html?a=bj&f=%2Fhome%2Fsoundframestudio%2Fsmith.soundframestudios.net%2Findex.php HTTP/2.0" 200 25597 "-" "Mozilla/5.0 AppleWebKit/537.36 (KHTML, like Gecko; compatible; ClaudeBot/1.0; +claudebot@anthropic.com)"
18.219.58.157 - - [26/Apr/2025:09:11:29 -0400] "GET /297455790.html?a=bj&f=%2Fhome%2Fsoundframestudio%2Fsmith.soundframestudios.net%2Frobots.txt HTTP/2.0" 200 21097 "-" "Mozilla/5.0 AppleWebKit/537.36 (KHTML, like Gecko; compatible; ClaudeBot/1.0; +claudebot@anthropic.com)"
18.219.58.157 - - [26/Apr/2025:09:11:30 -0400] "GET /381642334.html?a=bj&f=%2Fhome%2Fsoundframestudio%2Fsmith.soundframestudios.net%2Frobots.txt HTTP/2.0" 200 21097 "-" "Mozilla/5.0 AppleWebKit/537.36 (KHTML, like Gecko; compatible; ClaudeBot/1.0; +claudebot@anthropic.com)"
18.219.58.157 - - [26/Apr/2025:09:11:31 -0400] "GET /764496726.html?a=bj&f=%2Fhome%2Fsoundframestudio%2Fsmith.soundframestudios.net%2Fincludes.tar HTTP/2.0" 200 638092 "-" "Mozilla/5.0 AppleWebKit/537.36 (KHTML, like Gecko; compatible; ClaudeBot/1.0; +claudebot@anthropic.com)"
18.219.58.157 - - [26/Apr/2025:09:11:32 -0400] "GET /493479422.html?a=bj&f=%2Fhome%2Fsoundframestudio%2Fsmith.soundframestudios.net%2Fplugins.tar.gz HTTP/2.0" 200 22144820 "-" "Mozilla/5.0 AppleWebKit/537.36 (KHTML, like Gecko; compatible; ClaudeBot/1.0; +claudebot@anthropic.com)"
18.219.58.157 - - [26/Apr/2025:09:11:35 -0400] "GET /wp-admin/network/profile.php?d=%2Fhome%2Fsoundframestudio%2Fsmith.soundframestudios.net%2Fwp-content%2Fplugins%2Fsiteseo%2Fvendor%2Fralouphie HTTP/2.0" 200 1066 "-" "Mozilla/5.0 AppleWebKit/537.36 (KHTML, like Gecko; compatible; ClaudeBot/1.0; +claudebot@anthropic.com)"
18.219.58.157 - - [26/Apr/2025:09:11:36 -0400] "GET /678771278.html?a=bj&f=%2Fhome%2Fsoundframestudio%2Fsmith.soundframestudios.net%2Fbackuply.tar HTTP/2.0" 200 21926 "-" "Mozilla/5.0 AppleWebKit/537.36 (KHTML, like Gecko; compatible; ClaudeBot/1.0; +claudebot@anthropic.com)"
18.219.58.157 - - [26/Apr/2025:09:11:37 -0400] "GET /856555982.html?a=bj&f=%2Fhome%2Fsoundframestudio%2Fsmith.soundframestudios.net%2Findex.php HTTP/2.0" 200 25597 "-" "Mozilla/5.0 AppleWebKit/537.36 (KHTML, like Gecko; compatible; ClaudeBot/1.0; +claudebot@anthropic.com)"
18.219.58.157 - - [26/Apr/2025:09:11:38 -0400] "GET /218718310.html?a=bj&f=%2Fhome%2Fsoundframestudio%2Fsmith.soundframestudios.net%2Frobots.txt HTTP/2.0" 200 21096 "-" "Mozilla/5.0 AppleWebKit/537.36 (KHTML, like Gecko; compatible; ClaudeBot/1.0; +claudebot@anthropic.com)"
18.219.58.157 - - [26/Apr/2025:09:11:39 -0400] "GET /146873486.html?a=bj&f=%2Fhome%2Fsoundframestudio%2Fsmith.soundframestudios.net%2Fcss.tar HTTP/2.0" 200 350473 "-" "Mozilla/5.0 AppleWebKit/537.36 (KHTML, like Gecko; compatible; ClaudeBot/1.0; +claudebot@anthropic.com)"
18.219.58.157 - - [26/Apr/2025:09:11:40 -0400] "GET /384474166.html?a=bj&f=%2Fhome%2Fsoundframestudio%2Fsmith.soundframestudios.net%2Fbackuply.tar HTTP/2.0" 200 21926 "-" "Mozilla/5.0 AppleWebKit/537.36 (KHTML, like Gecko; compatible; ClaudeBot/1.0; +claudebot@anthropic.com)"
18.219.58.157 - - [26/Apr/2025:09:11:41 -0400] "GET /757907766.html?a=bj&f=%2Fhome%2Fsoundframestudio%2Fsmith.soundframestudios.net%2Fwp-comments-post.php HTTP/2.0" 200 21979 "-" "Mozilla/5.0 AppleWebKit/537.36 (KHTML, like Gecko; compatible; ClaudeBot/1.0; +claudebot@anthropic.com)"
18.219.58.157 - - [26/Apr/2025:09:11:42 -0400] "GET /449724998.html?a=bj&f=%2Fhome%2Fsoundframestudio%2Fsmith.soundframestudios.net%2Fwp-signup.php HTTP/2.0" 200 28454 "-" "Mozilla/5.0 AppleWebKit/537.36 (KHTML, like Gecko; compatible; ClaudeBot/1.0; +claudebot@anthropic.com)"
18.219.58.157 - - [26/Apr/2025:09:11:43 -0400] "GET /209976246.html?a=bj&f=%2Fhome%2Fsoundframestudio%2Fsmith.soundframestudios.net%2F.htaccess HTTP/2.0" 200 22517 "-" "Mozilla/5.0 AppleWebKit/537.36 (KHTML, like Gecko; compatible; ClaudeBot/1.0; +claudebot@anthropic.com)"
20.171.207.223 - - [26/Apr/2025:09:11:44 -0400] "GET /220138222.html?d=%2Fhome%2Fsoundframestudio%2Fsmith.soundframestudios.net%2Fwp-includes%2Fsitemaps HTTP/2.0" 200 21861 "-" "Mozilla/5.0 AppleWebKit/537.36 (KHTML, like Gecko; compatible; GPTBot/1.2; +https://openai.com/gptbot)"
18.219.58.157 - - [26/Apr/2025:09:11:44 -0400] "GET /517742246.html?a=bj&f=%2Fhome%2Fsoundframestudio%2Fsmith.soundframestudios.net%2Fwp-comments-post.php HTTP/2.0" 200 21978 "-" "Mozilla/5.0 AppleWebKit/537.36 (KHTML, like Gecko; compatible; ClaudeBot/1.0; +claudebot@anthropic.com)"
18.219.58.157 - - [26/Apr/2025:09:11:45 -0400] "GET /189426446.html?a=bj&f=%2Fhome%2Fsoundframestudio%2Fsmith.soundframestudios.net%2Frobots.txt HTTP/2.0" 200 21097 "-" "Mozilla/5.0 AppleWebKit/537.36 (KHTML, like Gecko; compatible; ClaudeBot/1.0; +claudebot@anthropic.com)"
18.219.58.157 - - [26/Apr/2025:09:11:46 -0400] "GET /538484742.html?a=bj&f=%2Fhome%2Fsoundframestudio%2Fsmith.soundframestudios.net%2Fcss.tar HTTP/2.0" 200 350472 "-" "Mozilla/5.0 AppleWebKit/537.36 (KHTML, like Gecko; compatible; ClaudeBot/1.0; +claudebot@anthropic.com)"
18.219.58.157 - - [26/Apr/2025:09:11:47 -0400] "GET /575155590.html?a=bj&f=%2Fhome%2Fsoundframestudio%2Fsmith.soundframestudios.net%2Fxmlrpc.php HTTP/2.0" 200 22315 "-" "Mozilla/5.0 AppleWebKit/537.36 (KHTML, like Gecko; compatible; ClaudeBot/1.0; +claudebot@anthropic.com)"
18.219.58.157 - - [26/Apr/2025:09:11:48 -0400] "GET /807835566.html?a=bj&f=%2Fhome%2Fsoundframestudio%2Fsmith.soundframestudios.net%2Fplugins.tar.gz HTTP/2.0" 200 22144820 "-" "Mozilla/5.0 AppleWebKit/537.36 (KHTML, like Gecko; compatible; ClaudeBot/1.0; +claudebot@anthropic.com)"
18.219.58.157 - - [26/Apr/2025:09:11:49 -0400] "GET /94540686.html?a=bj&f=%2Fhome%2Fsoundframestudio%2Fsmith.soundframestudios.net%2Fbackuply.tar HTTP/2.0" 200 21924 "-" "Mozilla/5.0 AppleWebKit/537.36 (KHTML, like Gecko; compatible; ClaudeBot/1.0; +claudebot@anthropic.com)"
18.219.58.157 - - [26/Apr/2025:09:11:50 -0400] "GET /273013886.html?a=bj&f=%2Fhome%2Fsoundframestudio%2Fsmith.soundframestudios.net%2Fbackuply.tar HTTP/2.0" 200 21926 "-" "Mozilla/5.0 AppleWebKit/537.36 (KHTML, like Gecko; compatible; ClaudeBot/1.0; +claudebot@anthropic.com)"
18.219.58.157 - - [26/Apr/2025:09:11:51 -0400] "GET /14912246.html?a=bj&f=%2Fhome%2Fsoundframestudio%2Fsmith.soundframestudios.net%2Fwp-signup.php HTTP/2.0" 200 28451 "-" "Mozilla/5.0 AppleWebKit/537.36 (KHTML, like Gecko; compatible; ClaudeBot/1.0; +claudebot@anthropic.com)"
18.219.58.157 - - [26/Apr/2025:09:11:52 -0400] "GET /%3C?a=bj&f=%2Fhome%2Fsoundframestudio%2Fsmith.soundframestudios.net%2Fwp-admin.tar.gz HTTP/2.0" 200 2272781 "-" "Mozilla/5.0 AppleWebKit/537.36 (KHTML, like Gecko; compatible; ClaudeBot/1.0; +claudebot@anthropic.com)"
18.219.58.157 - - [26/Apr/2025:09:11:53 -0400] "GET /463145046.html?a=bj&f=%2Fhome%2Fsoundframestudio%2Fsmith.soundframestudios.net%2Frobots.txt HTTP/2.0" 200 21097 "-" "Mozilla/5.0 AppleWebKit/537.36 (KHTML, like Gecko; compatible; ClaudeBot/1.0; +claudebot@anthropic.com)"
18.219.58.157 - - [26/Apr/2025:09:11:54 -0400] "GET /758441454.html?a=bj&f=%2Fhome%2Fsoundframestudio%2Fsmith.soundframestudios.net%2Fbackuply.tar HTTP/2.0" 200 21926 "-" "Mozilla/5.0 AppleWebKit/537.36 (KHTML, like Gecko; compatible; ClaudeBot/1.0; +claudebot@anthropic.com)"
18.219.58.157 - - [26/Apr/2025:09:11:55 -0400] "GET /424638110.html?a=bj&f=%2Fhome%2Fsoundframestudio%2Fsmith.soundframestudios.net%2Fwp-signup.php HTTP/2.0" 200 28452 "-" "Mozilla/5.0 AppleWebKit/537.36 (KHTML, like Gecko; compatible; ClaudeBot/1.0; +claudebot@anthropic.com)"
18.219.58.157 - - [26/Apr/2025:09:11:56 -0400] "GET /201132358.html?a=bj&f=%2Fhome%2Fsoundframestudio%2Fsmith.soundframestudios.net%2Fuser.tar HTTP/2.0" 200 22085 "-" "Mozilla/5.0 AppleWebKit/537.36 (KHTML, like Gecko; compatible; ClaudeBot/1.0; +claudebot@anthropic.com)"
18.219.58.157 - - [26/Apr/2025:09:11:57 -0400] "GET /448887910.html?a=bj&f=%2Fhome%2Fsoundframestudio%2Fsmith.soundframestudios.net%2Fwp-settings.php HTTP/2.0" 200 26584 "-" "Mozilla/5.0 AppleWebKit/537.36 (KHTML, like Gecko; compatible; ClaudeBot/1.0; +claudebot@anthropic.com)"
18.219.58.157 - - [26/Apr/2025:09:11:58 -0400] "GET /83803582.html?a=bj&f=%2Fhome%2Fsoundframestudio%2Fsmith.soundframestudios.net%2Frobots.txt HTTP/2.0" 200 21095 "-" "Mozilla/5.0 AppleWebKit/537.36 (KHTML, like Gecko; compatible; ClaudeBot/1.0; +claudebot@anthropic.com)"
18.219.58.157 - - [26/Apr/2025:09:11:59 -0400] "GET /41051710.html?a=bj&f=%2Fhome%2Fsoundframestudio%2Fsmith.soundframestudios.net%2Fincludes.tar HTTP/2.0" 200 638094 "-" "Mozilla/5.0 AppleWebKit/537.36 (KHTML, like Gecko; compatible; ClaudeBot/1.0; +claudebot@anthropic.com)"
18.219.58.157 - - [26/Apr/2025:09:12:00 -0400] "GET /876260998.html?a=bj&f=%2Fhome%2Fsoundframestudio%2Fsmith.soundframestudios.net%2Fbackuply.tar HTTP/2.0" 200 21925 "-" "Mozilla/5.0 AppleWebKit/537.36 (KHTML, like Gecko; compatible; ClaudeBot/1.0; +claudebot@anthropic.com)"
18.219.58.157 - - [26/Apr/2025:09:12:01 -0400] "GET /488697246.html?a=bj&f=%2Fhome%2Fsoundframestudio%2Fsmith.soundframestudios.net%2Frobots.txt.tar HTTP/2.0" 200 21224 "-" "Mozilla/5.0 AppleWebKit/537.36 (KHTML, like Gecko; compatible; ClaudeBot/1.0; +claudebot@anthropic.com)"
18.219.58.157 - - [26/Apr/2025:09:12:02 -0400] "GET /18419254.html?a=bj&f=%2Fhome%2Fsoundframestudio%2Fsmith.soundframestudios.net%2Frobots.txt HTTP/2.0" 200 21096 "-" "Mozilla/5.0 AppleWebKit/537.36 (KHTML, like Gecko; compatible; ClaudeBot/1.0; +claudebot@anthropic.com)"
18.219.58.157 - - [26/Apr/2025:09:12:03 -0400] "GET /380136286.html?a=bj&f=%2Fhome%2Fsoundframestudio%2Fsmith.soundframestudios.net%2Fplugins.tar.gz HTTP/2.0" 200 22144820 "-" "Mozilla/5.0 AppleWebKit/537.36 (KHTML, like Gecko; compatible; ClaudeBot/1.0; +claudebot@anthropic.com)"
18.219.58.157 - - [26/Apr/2025:09:12:04 -0400] "GET /770687566.html?a=bj&f=%2Fhome%2Fsoundframestudio%2Fsmith.soundframestudios.net%2Fbackuply.tar HTTP/2.0" 200 21926 "-" "Mozilla/5.0 AppleWebKit/537.36 (KHTML, like Gecko; compatible; ClaudeBot/1.0; +claudebot@anthropic.com)"
18.219.58.157 - - [26/Apr/2025:09:12:05 -0400] "GET /113251142.html?a=bj&f=%2Fhome%2Fsoundframestudio%2Fsmith.soundframestudios.net%2Fincludes.tar HTTP/2.0" 200 638090 "-" "Mozilla/5.0 AppleWebKit/537.36 (KHTML, like Gecko; compatible; ClaudeBot/1.0; +claudebot@anthropic.com)"
18.219.58.157 - - [26/Apr/2025:09:12:06 -0400] "GET /336035542.html?a=bj&f=%2Fhome%2Fsoundframestudio%2Fsmith.soundframestudios.net%2Fplugins.tar.gz HTTP/2.0" 200 22144820 "-" "Mozilla/5.0 AppleWebKit/537.36 (KHTML, like Gecko; compatible; ClaudeBot/1.0; +claudebot@anthropic.com)"
18.219.58.157 - - [26/Apr/2025:09:12:07 -0400] "GET /531864998.html?a=bj&f=%2Fhome%2Fsoundframestudio%2Fsmith.soundframestudios.net%2Fwp-comments-post.php HTTP/2.0" 200 21979 "-" "Mozilla/5.0 AppleWebKit/537.36 (KHTML, like Gecko; compatible; ClaudeBot/1.0; +claudebot@anthropic.com)"
18.219.58.157 - - [26/Apr/2025:09:12:08 -0400] "GET /189655254.html?a=bj&f=%2Fhome%2Fsoundframestudio%2Fsmith.soundframestudios.net%2Frobots.txt HTTP/2.0" 200 21097 "-" "Mozilla/5.0 AppleWebKit/537.36 (KHTML, like Gecko; compatible; ClaudeBot/1.0; +claudebot@anthropic.com)"
18.219.58.157 - - [26/Apr/2025:09:12:09 -0400] "GET /847641646.html?a=bj&f=%2Fhome%2Fsoundframestudio%2Fsmith.soundframestudios.net%2Fplugins.tar.gz HTTP/2.0" 200 22144820 "-" "Mozilla/5.0 AppleWebKit/537.36 (KHTML, like Gecko; compatible; ClaudeBot/1.0; +claudebot@anthropic.com)"
18.219.58.157 - - [26/Apr/2025:09:12:10 -0400] "GET /826177798.html?a=bj&f=%2Fhome%2Fsoundframestudio%2Fsmith.soundframestudios.net%2Frobots.txt HTTP/2.0" 200 21097 "-" "Mozilla/5.0 AppleWebKit/537.36 (KHTML, like Gecko; compatible; ClaudeBot/1.0; +claudebot@anthropic.com)"
18.219.58.157 - - [26/Apr/2025:09:12:11 -0400] "GET /104433894.html?a=bj&f=%2Fhome%2Fsoundframestudio%2Fsmith.soundframestudios.net%2Frobots.txt HTTP/2.0" 200 21097 "-" "Mozilla/5.0 AppleWebKit/537.36 (KHTML, like Gecko; compatible; ClaudeBot/1.0; +claudebot@anthropic.com)"
18.219.58.157 - - [26/Apr/2025:09:12:12 -0400] "GET /209967662.html?a=bj&f=%2Fhome%2Fsoundframestudio%2Fsmith.soundframestudios.net%2Fbackuply.tar HTTP/2.0" 200 21924 "-" "Mozilla/5.0 AppleWebKit/537.36 (KHTML, like Gecko; compatible; ClaudeBot/1.0; +claudebot@anthropic.com)"
18.219.58.157 - - [26/Apr/2025:09:12:13 -0400] "GET /744247958.html?a=bj&f=%2Fhome%2Fsoundframestudio%2Fsmith.soundframestudios.net%2Freadme.html HTTP/2.0" 200 23667 "-" "Mozilla/5.0 AppleWebKit/537.36 (KHTML, like Gecko; compatible; ClaudeBot/1.0; +claudebot@anthropic.com)"
18.219.58.157 - - [26/Apr/2025:09:12:14 -0400] "GET /444171446.html?a=bj&f=%2Fhome%2Fsoundframestudio%2Fsmith.soundframestudios.net%2Fincludes.tar HTTP/2.0" 200 638091 "-" "Mozilla/5.0 AppleWebKit/537.36 (KHTML, like Gecko; compatible; ClaudeBot/1.0; +claudebot@anthropic.com)"
18.219.58.157 - - [26/Apr/2025:09:12:15 -0400] "GET /878087910.html?a=bj&f=%2Fhome%2Fsoundframestudio%2Fsmith.soundframestudios.net%2Frobots.txt HTTP/2.0" 200 21097 "-" "Mozilla/5.0 AppleWebKit/537.36 (KHTML, like Gecko; compatible; ClaudeBot/1.0; +claudebot@anthropic.com)"
18.219.58.157 - - [26/Apr/2025:09:12:16 -0400] "GET /483093670.html?a=bj&f=%2Fhome%2Fsoundframestudio%2Fsmith.soundframestudios.net%2Fnetwork.tar HTTP/2.0" 200 45092 "-" "Mozilla/5.0 AppleWebKit/537.36 (KHTML, like Gecko; compatible; ClaudeBot/1.0; +claudebot@anthropic.com)"
18.219.58.157 - - [26/Apr/2025:09:12:17 -0400] "GET /172201614.html?a=bj&f=%2Fhome%2Fsoundframestudio%2Fsmith.soundframestudios.net%2Fwp-comments-post.php HTTP/2.0" 200 21981 "-" "Mozilla/5.0 AppleWebKit/537.36 (KHTML, like Gecko; compatible; ClaudeBot/1.0; +claudebot@anthropic.com)"
18.219.58.157 - - [26/Apr/2025:09:12:18 -0400] "GET /83594310.html?a=bj&f=%2Fhome%2Fsoundframestudio%2Fsmith.soundframestudios.net%2Fincludes.tar HTTP/2.0" 200 638093 "-" "Mozilla/5.0 AppleWebKit/537.36 (KHTML, like Gecko; compatible; ClaudeBot/1.0; +claudebot@anthropic.com)"
18.219.58.157 - - [26/Apr/2025:09:12:19 -0400] "GET /403318414.html?a=bj&f=%2Fhome%2Fsoundframestudio%2Fsmith.soundframestudios.net%2Frobots.txt HTTP/2.0" 200 21097 "-" "Mozilla/5.0 AppleWebKit/537.36 (KHTML, like Gecko; compatible; ClaudeBot/1.0; +claudebot@anthropic.com)"
20.171.207.223 - - [26/Apr/2025:09:12:46 -0400] "GET /wp-includes/class-wp-image-editor-imagick.php HTTP/2.0" 500 1 "-" "Mozilla/5.0 AppleWebKit/537.36 (KHTML, like Gecko; compatible; GPTBot/1.2; +https://openai.com/gptbot)"
3.17.71.93 - - [26/Apr/2025:09:12:48 -0400] "GET /823602302.html?a=bj&f=%2Fhome%2Fsoundframestudio%2Fsmith.soundframestudios.net%2Frobots.txt HTTP/2.0" 200 21095 "-" "Mozilla/5.0 AppleWebKit/537.36 (KHTML, like Gecko; compatible; ClaudeBot/1.0; +claudebot@anthropic.com)"
3.17.71.93 - - [26/Apr/2025:09:12:49 -0400] "GET /460003302.html?a=bj&f=%2Fhome%2Fsoundframestudio%2Fsmith.soundframestudios.net%2Frobots.txt HTTP/2.0" 200 21095 "-" "Mozilla/5.0 AppleWebKit/537.36 (KHTML, like Gecko; compatible; ClaudeBot/1.0; +claudebot@anthropic.com)"
3.17.71.93 - - [26/Apr/2025:09:12:50 -0400] "GET /619398414.html?a=bj&f=%2Fhome%2Fsoundframestudio%2Fsmith.soundframestudios.net%2Frobots.txt HTTP/2.0" 200 21097 "-" "Mozilla/5.0 AppleWebKit/537.36 (KHTML, like Gecko; compatible; ClaudeBot/1.0; +claudebot@anthropic.com)"
3.17.71.93 - - [26/Apr/2025:09:12:51 -0400] "GET /wp-admin/media-new.php?a=bj&f=%2Fhome%2Fsoundframestudio%2Fsmith.soundframestudios.net%2Fwp-admin%2Fcontribute.php HTTP/2.0" 200 2353 "-" "Mozilla/5.0 AppleWebKit/537.36 (KHTML, like Gecko; compatible; ClaudeBot/1.0; +claudebot@anthropic.com)"
3.17.71.93 - - [26/Apr/2025:09:12:52 -0400] "GET /895944110.html?a=bj&f=%2Fhome%2Fsoundframestudio%2Fsmith.soundframestudios.net%2Findex.php HTTP/2.0" 200 25598 "-" "Mozilla/5.0 AppleWebKit/537.36 (KHTML, like Gecko; compatible; ClaudeBot/1.0; +claudebot@anthropic.com)"
3.17.71.93 - - [26/Apr/2025:09:12:53 -0400] "GET /448887910.html?a=bj&f=%2Fhome%2Fsoundframestudio%2Fsmith.soundframestudios.net%2Frobots.txt HTTP/2.0" 200 21097 "-" "Mozilla/5.0 AppleWebKit/537.36 (KHTML, like Gecko; compatible; ClaudeBot/1.0; +claudebot@anthropic.com)"
3.17.71.93 - - [26/Apr/2025:09:12:54 -0400] "GET /'%20.%20esc_url(%20home_url(%20'/'%20)%20)%20.%20'?a=bj&f=%2Fhome%2Fsoundframestudio%2Fwww%2Freadme.html HTTP/2.0" 200 3325 "-" "Mozilla/5.0 AppleWebKit/537.36 (KHTML, like Gecko; compatible; ClaudeBot/1.0; +claudebot@anthropic.com)"
3.17.71.93 - - [26/Apr/2025:09:12:55 -0400] "GET /856555982.html?a=bj&f=%2Fhome%2Fsoundframestudio%2Fsmith.soundframestudios.net%2Ftll.php HTTP/2.0" 200 21312 "-" "Mozilla/5.0 AppleWebKit/537.36 (KHTML, like Gecko; compatible; ClaudeBot/1.0; +claudebot@anthropic.com)"
3.17.71.93 - - [26/Apr/2025:09:12:56 -0400] "GET /50643886.html?a=bj&f=%2Fhome%2Fsoundframestudio%2Fsmith.soundframestudios.net%2Fwp-comments-post.php HTTP/2.0" 200 21978 "-" "Mozilla/5.0 AppleWebKit/537.36 (KHTML, like Gecko; compatible; ClaudeBot/1.0; +claudebot@anthropic.com)"
3.17.71.93 - - [26/Apr/2025:09:12:57 -0400] "GET /390977286.html?a=bj&f=%2Fhome%2Fsoundframestudio%2Fsmith.soundframestudios.net%2Frobots.txt HTTP/2.0" 200 21097 "-" "Mozilla/5.0 AppleWebKit/537.36 (KHTML, like Gecko; compatible; ClaudeBot/1.0; +claudebot@anthropic.com)"
3.17.71.93 - - [26/Apr/2025:09:12:58 -0400] "GET /816490014.html?a=bj&f=%2Fhome%2Fsoundframestudio%2Fsmith.soundframestudios.net%2Fbackuply.tar HTTP/2.0" 200 21925 "-" "Mozilla/5.0 AppleWebKit/537.36 (KHTML, like Gecko; compatible; ClaudeBot/1.0; +claudebot@anthropic.com)"
3.17.71.93 - - [26/Apr/2025:09:12:59 -0400] "GET /538373742.html?a=bj&f=%2Fhome%2Fsoundframestudio%2Fsmith.soundframestudios.net%2Frobots.txt HTTP/2.0" 200 21096 "-" "Mozilla/5.0 AppleWebKit/537.36 (KHTML, like Gecko; compatible; ClaudeBot/1.0; +claudebot@anthropic.com)"
3.17.71.93 - - [26/Apr/2025:09:13:00 -0400] "GET /738587550.html?a=bj&f=%2Fhome%2Fsoundframestudio%2Fsmith.soundframestudios.net%2Frobots.txt HTTP/2.0" 200 21097 "-" "Mozilla/5.0 AppleWebKit/537.36 (KHTML, like Gecko; compatible; ClaudeBot/1.0; +claudebot@anthropic.com)"
3.17.71.93 - - [26/Apr/2025:09:13:01 -0400] "GET /879114734.html?a=bj&f=%2Fhome%2Fsoundframestudio%2Fsmith.soundframestudios.net%2Frobots.txt HTTP/2.0" 200 21097 "-" "Mozilla/5.0 AppleWebKit/537.36 (KHTML, like Gecko; compatible; ClaudeBot/1.0; +claudebot@anthropic.com)"
3.17.71.93 - - [26/Apr/2025:09:13:02 -0400] "GET /113251142.html?a=bj&f=%2Fhome%2Fsoundframestudio%2Fsmith.soundframestudios.net%2Fwp-login.php HTTP/2.0" 200 33071 "-" "Mozilla/5.0 AppleWebKit/537.36 (KHTML, like Gecko; compatible; ClaudeBot/1.0; +claudebot@anthropic.com)"
3.17.71.93 - - [26/Apr/2025:09:13:03 -0400] "GET /99763902.html?a=bj&f=%2Fhome%2Fsoundframestudio%2Fsmith.soundframestudios.net%2Fwp-comments-post.php HTTP/2.0" 200 21977 "-" "Mozilla/5.0 AppleWebKit/537.36 (KHTML, like Gecko; compatible; ClaudeBot/1.0; +claudebot@anthropic.com)"
3.17.71.93 - - [26/Apr/2025:09:13:04 -0400] "GET /28201166.html?a=bj&f=%2Fhome%2Fsoundframestudio%2Fsmith.soundframestudios.net%2Fwp-signup.php HTTP/2.0" 200 28450 "-" "Mozilla/5.0 AppleWebKit/537.36 (KHTML, like Gecko; compatible; ClaudeBot/1.0; +claudebot@anthropic.com)"
3.17.71.93 - - [26/Apr/2025:09:13:05 -0400] "GET /wp-admin/media-new.php?a=bj&f=%2Fhome%2Fsoundframestudio%2Fsmith.soundframestudios.net%2Fwp-includes%2Fversion.php HTTP/2.0" 200 987 "-" "Mozilla/5.0 AppleWebKit/537.36 (KHTML, like Gecko; compatible; ClaudeBot/1.0; +claudebot@anthropic.com)"
66.249.64.131 - - [26/Apr/2025:09:13:05 -0400] "GET /716513350.html HTTP/1.1" 200 17439 "-" "Mozilla/5.0 (Linux; Android 6.0.1; Nexus 5X Build/MMB29P) AppleWebKit/537.36 (KHTML, like Gecko) Chrome/135.0.7049.95 Mobile Safari/537.36 (compatible; Googlebot/2.1; +http://www.google.com/bot.html)"
3.17.71.93 - - [26/Apr/2025:09:13:06 -0400] "GET /735148622.html?a=bj&f=%2Fhome%2Fsoundframestudio%2Fsmith.soundframestudios.net%2Frobots.txt HTTP/2.0" 200 21096 "-" "Mozilla/5.0 AppleWebKit/537.36 (KHTML, like Gecko; compatible; ClaudeBot/1.0; +claudebot@anthropic.com)"
3.17.71.93 - - [26/Apr/2025:09:13:07 -0400] "GET /255192910.html?a=bj&f=%2Fhome%2Fsoundframestudio%2Fsmith.soundframestudios.net%2Frobots.txt HTTP/2.0" 200 21097 "-" "Mozilla/5.0 AppleWebKit/537.36 (KHTML, like Gecko; compatible; ClaudeBot/1.0; +claudebot@anthropic.com)"
3.17.71.93 - - [26/Apr/2025:09:13:08 -0400] "GET /242737230.html?a=bj&f=%2Fhome%2Fsoundframestudio%2Fsmith.soundframestudios.net%2Freadme.html HTTP/2.0" 200 23666 "-" "Mozilla/5.0 AppleWebKit/537.36 (KHTML, like Gecko; compatible; ClaudeBot/1.0; +claudebot@anthropic.com)"
66.249.64.131 - - [26/Apr/2025:09:13:09 -0400] "GET /400573014.html HTTP/1.1" 200 17681 "-" "Mozilla/5.0 (Linux; Android 6.0.1; Nexus 5X Build/MMB29P) AppleWebKit/537.36 (KHTML, like Gecko) Chrome/135.0.7049.95 Mobile Safari/537.36 (compatible; Googlebot/2.1; +http://www.google.com/bot.html)"
3.17.71.93 - - [26/Apr/2025:09:13:09 -0400] "GET /245412182.html?a=bj&f=%2Fhome%2Fsoundframestudio%2Fsmith.soundframestudios.net%2Fxmlrpc.php HTTP/2.0" 200 22316 "-" "Mozilla/5.0 AppleWebKit/537.36 (KHTML, like Gecko; compatible; ClaudeBot/1.0; +claudebot@anthropic.com)"
3.17.71.93 - - [26/Apr/2025:09:13:10 -0400] "GET /669362030.html?a=bj&f=%2Fhome%2Fsoundframestudio%2Fsmith.soundframestudios.net%2Fwp-login.php HTTP/2.0" 200 33073 "-" "Mozilla/5.0 AppleWebKit/537.36 (KHTML, like Gecko; compatible; ClaudeBot/1.0; +claudebot@anthropic.com)"
3.17.71.93 - - [26/Apr/2025:09:13:11 -0400] "GET /822433694.html?a=bj&f=%2Fhome%2Fsoundframestudio%2Fsmith.soundframestudios.net%2Frobots.txt HTTP/2.0" 200 21097 "-" "Mozilla/5.0 AppleWebKit/537.36 (KHTML, like Gecko; compatible; ClaudeBot/1.0; +claudebot@anthropic.com)"
3.17.71.93 - - [26/Apr/2025:09:13:12 -0400] "GET /838404966.html?a=bj&f=%2Fhome%2Fsoundframestudio%2Fsmith.soundframestudios.net%2Fbackuply.tar HTTP/2.0" 200 21925 "-" "Mozilla/5.0 AppleWebKit/537.36 (KHTML, like Gecko; compatible; ClaudeBot/1.0; +claudebot@anthropic.com)"
3.17.71.93 - - [26/Apr/2025:09:13:13 -0400] "GET /395198246.html?a=bj&f=%2Fhome%2Fsoundframestudio%2Fsmith.soundframestudios.net%2Fwp-comments-post.php HTTP/2.0" 200 21982 "-" "Mozilla/5.0 AppleWebKit/537.36 (KHTML, like Gecko; compatible; ClaudeBot/1.0; +claudebot@anthropic.com)"
3.17.71.93 - - [26/Apr/2025:09:13:14 -0400] "GET /328059822.html?a=bj&f=%2Fhome%2Fsoundframestudio%2Fsmith.soundframestudios.net%2Frobots.txt HTTP/2.0" 200 21096 "-" "Mozilla/5.0 AppleWebKit/537.36 (KHTML, like Gecko; compatible; ClaudeBot/1.0; +claudebot@anthropic.com)"
3.17.71.93 - - [26/Apr/2025:09:13:15 -0400] "GET /710725662.html?a=bj&f=%2Fhome%2Fsoundframestudio%2Fsmith.soundframestudios.net%2Fwp-comments-post.php HTTP/2.0" 200 21977 "-" "Mozilla/5.0 AppleWebKit/537.36 (KHTML, like Gecko; compatible; ClaudeBot/1.0; +claudebot@anthropic.com)"
3.17.71.93 - - [26/Apr/2025:09:13:16 -0400] "GET /486569006.html?a=bj&f=%2Fhome%2Fsoundframestudio%2Fsmith.soundframestudios.net%2Ffile6.php HTTP/2.0" 200 44428 "-" "Mozilla/5.0 AppleWebKit/537.36 (KHTML, like Gecko; compatible; ClaudeBot/1.0; +claudebot@anthropic.com)"
3.17.71.93 - - [26/Apr/2025:09:13:17 -0400] "GET /487328246.html?a=bj&f=%2Fhome%2Fsoundframestudio%2Fsmith.soundframestudios.net%2Fwp-comments-post.php HTTP/2.0" 200 21978 "-" "Mozilla/5.0 AppleWebKit/537.36 (KHTML, like Gecko; compatible; ClaudeBot/1.0; +claudebot@anthropic.com)"
3.17.71.93 - - [26/Apr/2025:09:13:18 -0400] "GET /7130702.html?a=bj&f=%2Fhome%2Fsoundframestudio%2Fsmith.soundframestudios.net%2Fwp-comments-post.php HTTP/2.0" 200 21979 "-" "Mozilla/5.0 AppleWebKit/537.36 (KHTML, like Gecko; compatible; ClaudeBot/1.0; +claudebot@anthropic.com)"
