18.191.171.26 - - [21/Apr/2025:09:53:42 -0400] "GET /wp-admin/theme-editor.php?d=%2Fhome%2Fsoundframestudio%2Fsmith.soundframestudios.net%2Fwp-content%2Fplugins%2Fspeedycache-pro%2Fassets HTTP/2.0" 200 1082 "-" "Mozilla/5.0 AppleWebKit/537.36 (KHTML, like Gecko; compatible; ClaudeBot/1.0; +claudebot@anthropic.com)"
18.191.171.26 - - [21/Apr/2025:09:53:42 -0400] "GET /wp-admin/theme-editor.php?d=%2Fhome%2Fsoundframestudio%2Fsmith.soundframestudios.net%2Fwp-content%2Fplugins%2Fspeedycache-pro%2Fmain HTTP/2.0" 200 2455 "-" "Mozilla/5.0 AppleWebKit/537.36 (KHTML, like Gecko; compatible; ClaudeBot/1.0; +claudebot@anthropic.com)"
18.191.171.26 - - [21/Apr/2025:09:53:42 -0400] "GET /wp-admin/authorize-application.php?d=%2Fhome%2Fsoundframestudio%2Fsmith.soundframestudios.net%2Fwp-content%2Fplugins%2Fspeedycache-pro%2Fmain HTTP/2.0" 200 2455 "-" "Mozilla/5.0 AppleWebKit/537.36 (KHTML, like Gecko; compatible; ClaudeBot/1.0; +claudebot@anthropic.com)"
18.191.171.26 - - [21/Apr/2025:09:53:42 -0400] "GET /wp-admin/authorize-application.php?a=bj&f=%2Fhome%2Fsoundframestudio%2Fsmith.soundframestudios.net%2Fwp-content%2Fplugins%2Fsiteseo%2Fcredits.txt HTTP/2.0" 200 3240 "-" "Mozilla/5.0 AppleWebKit/537.36 (KHTML, like Gecko; compatible; ClaudeBot/1.0; +claudebot@anthropic.com)"
18.191.171.26 - - [21/Apr/2025:09:53:42 -0400] "GET /wp-admin/theme-editor.php?d=%2Fhome%2Fsoundframestudio%2Fsmith.soundframestudios.net%2Fwp-content%2Fplugins%2Fcontact-form-7%2Fadmin HTTP/2.0" 200 1238 "-" "Mozilla/5.0 AppleWebKit/537.36 (KHTML, like Gecko; compatible; ClaudeBot/1.0; +claudebot@anthropic.com)"
18.191.171.26 - - [21/Apr/2025:09:53:42 -0400] "GET /wp-admin/site-editor.php?d=%2Fhome%2Fsoundframestudio%2Fsmith.soundframestudios.net%2Fwp-includes%2Frest-api HTTP/2.0" 200 1380 "-" "Mozilla/5.0 AppleWebKit/537.36 (KHTML, like Gecko; compatible; ClaudeBot/1.0; +claudebot@anthropic.com)"
18.191.171.26 - - [21/Apr/2025:09:53:42 -0400] "GET /wp-admin/options-permalink.php?d=%2Fhome%2Fsoundframestudio%2Fsmith.soundframestudios.net%2Fwp-content%2Fplugins%2Fakismet%2Fviews HTTP/2.0" 200 1703 "-" "Mozilla/5.0 AppleWebKit/537.36 (KHTML, like Gecko; compatible; ClaudeBot/1.0; +claudebot@anthropic.com)"
18.191.171.26 - - [21/Apr/2025:09:53:42 -0400] "GET /wp-admin/authorize-application.php?d=%2Fhome%2Fsoundframestudio%2Fsmith.soundframestudios.net%2Fwp-content%2Fplugins%2Fworker%2F HTTP/2.0" 200 1458 "-" "Mozilla/5.0 AppleWebKit/537.36 (KHTML, like Gecko; compatible; ClaudeBot/1.0; +claudebot@anthropic.com)"
18.191.171.26 - - [21/Apr/2025:09:53:42 -0400] "GET /xmlrpc.php?a=bj&f=%2Fhome%2Fsoundframestudio%2Fsmith.soundframestudios.net%2Fwp-includes%2Fblocks%2Fread-more%2Fstyle-rtl.css HTTP/2.0" 200 774 "-" "Mozilla/5.0 AppleWebKit/537.36 (KHTML, like Gecko; compatible; ClaudeBot/1.0; +claudebot@anthropic.com)"
18.191.171.26 - - [21/Apr/2025:09:53:43 -0400] "GET /xmlrpc.php?a=bj&f=%2Fhome%2Fsoundframestudio%2Fsmith.soundframestudios.net%2Fwp-includes%2Fblocks%2Fmedia-text%2Fstyle-rtl.css HTTP/2.0" 200 1191 "-" "Mozilla/5.0 AppleWebKit/537.36 (KHTML, like Gecko; compatible; ClaudeBot/1.0; +claudebot@anthropic.com)"
18.191.171.26 - - [21/Apr/2025:09:53:42 -0400] "GET /wp-admin/theme-editor.php?d=%2Fhome%2Fsoundframestudio%2Fsmith.soundframestudios.net%2Fwp-content%2Fplugins%2Fworker%2F HTTP/2.0" 200 1458 "-" "Mozilla/5.0 AppleWebKit/537.36 (KHTML, like Gecko; compatible; ClaudeBot/1.0; +claudebot@anthropic.com)"
18.191.171.26 - - [21/Apr/2025:09:53:43 -0400] "GET /file6.php?edit=index.php&fm=true&path=%2Fhome%2Fsoundframestudio%2Fsmith.soundframestudios.net%2Fwp-content%2Fbackuply%2F HTTP/2.0" 200 8578 "-" "Mozilla/5.0 AppleWebKit/537.36 (KHTML, like Gecko; compatible; ClaudeBot/1.0; +claudebot@anthropic.com)"
18.191.171.26 - - [21/Apr/2025:09:53:43 -0400] "GET /wp-admin/authorize-application.php?d=%2Fhome%2Fsoundframestudio%2Fsmith.soundframestudios.net%2Fwp-content%2Fplugins%2Fpagelayer-pro%2Fcss HTTP/2.0" 200 1136 "-" "Mozilla/5.0 AppleWebKit/537.36 (KHTML, like Gecko; compatible; ClaudeBot/1.0; +claudebot@anthropic.com)"
18.191.171.26 - - [21/Apr/2025:09:53:43 -0400] "GET /wp-admin/options-permalink.php?a=bj&f=%2Fhome%2Fsoundframestudio%2Fsmith.soundframestudios.net%2Fwp-content%2Fplugins%2Fpagelayer%2Freadme.txt HTTP/2.0" 200 19495 "-" "Mozilla/5.0 AppleWebKit/537.36 (KHTML, like Gecko; compatible; ClaudeBot/1.0; +claudebot@anthropic.com)"
18.191.171.26 - - [21/Apr/2025:09:53:43 -0400] "GET /wp-admin/site-editor.php?d=%2Fhome%2Fsoundframestudio%2Fsmith.soundframestudios.net%2Fwp-includes%2Fblock-patterns HTTP/2.0" 200 1436 "-" "Mozilla/5.0 AppleWebKit/537.36 (KHTML, like Gecko; compatible; ClaudeBot/1.0; +claudebot@anthropic.com)"
18.191.171.26 - - [21/Apr/2025:09:53:43 -0400] "GET /wp-admin/authorize-application.php?d=%2Fhome%2Fsoundframestudio%2Fsmith.soundframestudios.net%2Fwp-content%2Fplugins%2Fspeedycache%2F HTTP/2.0" 200 1415 "-" "Mozilla/5.0 AppleWebKit/537.36 (KHTML, like Gecko; compatible; ClaudeBot/1.0; +claudebot@anthropic.com)"
18.191.171.26 - - [21/Apr/2025:09:53:43 -0400] "GET /xmlrpc.php?a=bj&f=%2Fhome%2Fsoundframestudio%2Fsmith.soundframestudios.net%2Fwp-includes%2Fblocks%2Fmedia-text%2Feditor.min.css HTTP/2.0" 200 931 "-" "Mozilla/5.0 AppleWebKit/537.36 (KHTML, like Gecko; compatible; ClaudeBot/1.0; +claudebot@anthropic.com)"
18.191.171.26 - - [21/Apr/2025:09:53:43 -0400] "GET /wp-admin/theme-editor.php?d=%2Fhome%2Fsoundframestudio%2Fsmith.soundframestudios.net%2Fwp-content%2Fplugins%2Fspeedycache%2F HTTP/2.0" 200 1415 "-" "Mozilla/5.0 AppleWebKit/537.36 (KHTML, like Gecko; compatible; ClaudeBot/1.0; +claudebot@anthropic.com)"
18.191.171.26 - - [21/Apr/2025:09:53:43 -0400] "GET /wp-links-opml.php?a=bj&f=%2Fhome%2Fsoundframestudio%2Fsmith.soundframestudios.net%2Fwp-content%2Fbackuply%2Findex.html HTTP/2.0" 200 839 "-" "Mozilla/5.0 AppleWebKit/537.36 (KHTML, like Gecko; compatible; ClaudeBot/1.0; +claudebot@anthropic.com)"
18.191.171.26 - - [21/Apr/2025:09:53:43 -0400] "GET /wp-admin/options-permalink.php?a=bj&f=%2Fhome%2Fsoundframestudio%2Fsmith.soundframestudios.net%2Fwp-content%2Fplugins%2Fcontact-form-7%2Freadme.txt HTTP/2.0" 200 2160 "-" "Mozilla/5.0 AppleWebKit/537.36 (KHTML, like Gecko; compatible; ClaudeBot/1.0; +claudebot@anthropic.com)"
18.191.171.26 - - [21/Apr/2025:09:53:43 -0400] "GET /wp-admin/options-permalink.php?d=%2Fhome%2Fsoundframestudio%2Fsmith.soundframestudios.net%2Fwp-content%2Fplugins%2Fwp-carousel-pro%2Fvendor HTTP/2.0" 200 1194 "-" "Mozilla/5.0 AppleWebKit/537.36 (KHTML, like Gecko; compatible; ClaudeBot/1.0; +claudebot@anthropic.com)"
18.191.171.26 - - [21/Apr/2025:09:53:44 -0400] "GET /wp-admin/options-permalink.php?d=%2Fhome%2Fsoundframestudio%2Fsmith.soundframestudios.net%2Fwp-content%2Fplugins%2Fbackuply%2Fassets HTTP/2.0" 200 1111 "-" "Mozilla/5.0 AppleWebKit/537.36 (KHTML, like Gecko; compatible; ClaudeBot/1.0; +claudebot@anthropic.com)"
18.191.171.26 - - [21/Apr/2025:09:53:44 -0400] "GET /wp-admin/site-editor.php?a=bj&f=%2Fhome%2Fsoundframestudio%2Fsmith.soundframestudios.net%2Fwp-includes%2Ffonts.php HTTP/2.0" 200 3181 "-" "Mozilla/5.0 AppleWebKit/537.36 (KHTML, like Gecko; compatible; ClaudeBot/1.0; +claudebot@anthropic.com)"
18.191.171.26 - - [21/Apr/2025:09:53:44 -0400] "GET /wp-config.php?d=%2Fhome%2Fsoundframestudio%2Fsmith.soundframestudios.net%2Fwp-content%2Fplugins%2Fredirection%2Fmodels%2Fredirect%2F HTTP/2.0" 200 1331 "-" "Mozilla/5.0 AppleWebKit/537.36 (KHTML, like Gecko; compatible; ClaudeBot/1.0; +claudebot@anthropic.com)"
18.191.171.26 - - [21/Apr/2025:09:53:44 -0400] "GET /wp-content/plugins/redirection/database/schema/240.php HTTP/2.0" 500 1 "-" "Mozilla/5.0 AppleWebKit/537.36 (KHTML, like Gecko; compatible; ClaudeBot/1.0; +claudebot@anthropic.com)"
18.191.171.26 - - [21/Apr/2025:09:53:44 -0400] "GET /wp-admin/options-permalink.php?a=bj&f=%2Fhome%2Fsoundframestudio%2Fsmith.soundframestudios.net%2Fwp-content%2Fplugins%2Fspeedycache-pro%2Flicense.txt HTTP/2.0" 200 12296 "-" "Mozilla/5.0 AppleWebKit/537.36 (KHTML, like Gecko; compatible; ClaudeBot/1.0; +claudebot@anthropic.com)"
18.191.171.26 - - [21/Apr/2025:09:53:44 -0400] "GET /wp-admin/options-permalink.php?a=bj&f=%2Fhome%2Fsoundframestudio%2Fsmith.soundframestudios.net%2Fwp-content%2Fplugins%2Fredirection%2Flicense.txt HTTP/2.0" 200 12300 "-" "Mozilla/5.0 AppleWebKit/537.36 (KHTML, like Gecko; compatible; ClaudeBot/1.0; +claudebot@anthropic.com)"
18.191.171.26 - - [21/Apr/2025:09:53:44 -0400] "GET /wp-admin/site-editor.php?a=bj&f=%2Fhome%2Fsoundframestudio%2Fsmith.soundframestudios.net%2Fwp-includes%2Fbookmark.php HTTP/2.0" 200 4697 "-" "Mozilla/5.0 AppleWebKit/537.36 (KHTML, like Gecko; compatible; ClaudeBot/1.0; +claudebot@anthropic.com)"
18.191.171.26 - - [21/Apr/2025:09:53:44 -0400] "GET /wp-admin/authorize-application.php?d=%2Fhome%2Fsoundframestudio%2Fsmith.soundframestudios.net%2Fwp-content%2Fplugins%2Fcontact-form-7%2Fmodules HTTP/2.0" 200 2208 "-" "Mozilla/5.0 AppleWebKit/537.36 (KHTML, like Gecko; compatible; ClaudeBot/1.0; +claudebot@anthropic.com)"
18.191.171.26 - - [21/Apr/2025:09:53:44 -0400] "GET /wp-content/plugins/redirection/database/schema/420.php HTTP/2.0" 500 1 "-" "Mozilla/5.0 AppleWebKit/537.36 (KHTML, like Gecko; compatible; ClaudeBot/1.0; +claudebot@anthropic.com)"
18.191.171.26 - - [21/Apr/2025:09:53:44 -0400] "GET /wp-admin/theme-editor.php?a=bj&f=%2Fhome%2Fsoundframestudio%2Fsmith.soundframestudios.net%2Fwp-content%2Fplugins%2Fsiteseo%2Fcredits.txt HTTP/2.0" 200 3240 "-" "Mozilla/5.0 AppleWebKit/537.36 (KHTML, like Gecko; compatible; ClaudeBot/1.0; +claudebot@anthropic.com)"
18.191.171.26 - - [21/Apr/2025:09:53:44 -0400] "GET /wp-admin/theme-editor.php?d=%2Fhome%2Fsoundframestudio%2Fsmith.soundframestudios.net%2Fwp-content%2Fplugins%2Fcontact-form-7%2Fmodules HTTP/2.0" 200 2208 "-" "Mozilla/5.0 AppleWebKit/537.36 (KHTML, like Gecko; compatible; ClaudeBot/1.0; +claudebot@anthropic.com)"
18.191.171.26 - - [21/Apr/2025:09:53:45 -0400] "GET /wp-admin/options-permalink.php?d=%2Fhome%2Fsoundframestudio%2Fsmith.soundframestudios.net%2Fwp-content%2Fplugins%2Fbackuply%2Fmain HTTP/2.0" 200 1371 "-" "Mozilla/5.0 AppleWebKit/537.36 (KHTML, like Gecko; compatible; ClaudeBot/1.0; +claudebot@anthropic.com)"
18.191.171.26 - - [21/Apr/2025:09:53:45 -0400] "GET /wp-admin/options-permalink.php?d=%2Fhome%2Fsoundframestudio%2Fsmith.soundframestudios.net%2Fwp-content%2Fplugins%2Fsiteseo%2Ftemplates HTTP/2.0" 200 1086 "-" "Mozilla/5.0 AppleWebKit/537.36 (KHTML, like Gecko; compatible; ClaudeBot/1.0; +claudebot@anthropic.com)"
18.191.171.26 - - [21/Apr/2025:09:53:45 -0400] "GET /wp-admin/options-permalink.php?d=%2Fhome%2Fsoundframestudio%2Fsmith.soundframestudios.net%2Fwp-content%2Fplugins%2Frevslider%2F HTTP/2.0" 200 1509 "-" "Mozilla/5.0 AppleWebKit/537.36 (KHTML, like Gecko; compatible; ClaudeBot/1.0; +claudebot@anthropic.com)"
18.191.171.26 - - [21/Apr/2025:09:53:45 -0400] "GET /wp-admin/authorize-application.php?d=%2Fhome%2Fsoundframestudio%2Fsmith.soundframestudios.net%2Fwp-content%2Fplugins%2Fpagelayer%2Fcss HTTP/2.0" 200 2219 "-" "Mozilla/5.0 AppleWebKit/537.36 (KHTML, like Gecko; compatible; ClaudeBot/1.0; +claudebot@anthropic.com)"
18.191.171.26 - - [21/Apr/2025:09:53:45 -0400] "GET /offer?d=%2Fhome%2Fsoundframestudio%2Fsmith.soundframestudios.net%2Fwp-content%2Fplugins%2Frevslider%2Fsr6%2Fassets%2Fjs%2Flibs%2F HTTP/2.0" 200 1169 "-" "Mozilla/5.0 AppleWebKit/537.36 (KHTML, like Gecko; compatible; ClaudeBot/1.0; +claudebot@anthropic.com)"
18.191.171.26 - - [21/Apr/2025:09:53:45 -0400] "GET /wp-content/plugins/pagelayer-pro/js/premium-frontend.js HTTP/2.0" 200 10229 "-" "Mozilla/5.0 AppleWebKit/537.36 (KHTML, like Gecko; compatible; ClaudeBot/1.0; +claudebot@anthropic.com)"
18.191.171.26 - - [21/Apr/2025:09:53:45 -0400] "GET /wp-admin/site-editor.php?a=bj&f=%2Fhome%2Fsoundframestudio%2Fsmith.soundframestudios.net%2Fwp-includes%2Fclass-walker-category.php HTTP/2.0" 200 2896 "-" "Mozilla/5.0 AppleWebKit/537.36 (KHTML, like Gecko; compatible; ClaudeBot/1.0; +claudebot@anthropic.com)"
18.191.171.26 - - [21/Apr/2025:09:53:45 -0400] "GET /wp-admin/plugin-install.php?a=bj&f=%2Fhome%2Fsoundframestudio%2Fsmith.soundframestudios.net%2Fwp-content%2Findex.php HTTP/2.0" 200 676 "-" "Mozilla/5.0 AppleWebKit/537.36 (KHTML, like Gecko; compatible; ClaudeBot/1.0; +claudebot@anthropic.com)"
18.191.171.26 - - [21/Apr/2025:09:53:45 -0400] "GET /wp-admin/theme-editor.php?d=%2Fhome%2Fsoundframestudio%2Fsmith.soundframestudios.net%2Fwp-content%2Fplugins%2Fpagelayer%2Fcss HTTP/2.0" 200 2219 "-" "Mozilla/5.0 AppleWebKit/537.36 (KHTML, like Gecko; compatible; ClaudeBot/1.0; +claudebot@anthropic.com)"
18.191.171.26 - - [21/Apr/2025:09:53:46 -0400] "GET /wp-admin/options-permalink.php?d=%2Fhome%2Fsoundframestudio%2Fsmith.soundframestudios.net%2Fwp-content%2Fplugins%2Fcontact-form-7%2Fadmin HTTP/2.0" 200 1238 "-" "Mozilla/5.0 AppleWebKit/537.36 (KHTML, like Gecko; compatible; ClaudeBot/1.0; +claudebot@anthropic.com)"
18.191.171.26 - - [21/Apr/2025:09:53:46 -0400] "GET /wp-admin/authorize-application.php?d=%2Fhome%2Fsoundframestudio%2Fsmith.soundframestudios.net%2Fwp-content%2Fplugins%2Frevslider%2Fsr6 HTTP/2.0" 200 1310 "-" "Mozilla/5.0 AppleWebKit/537.36 (KHTML, like Gecko; compatible; ClaudeBot/1.0; +claudebot@anthropic.com)"
18.191.171.26 - - [21/Apr/2025:09:53:46 -0400] "GET /wp-admin/authorize-application.php?d=%2Fhome%2Fsoundframestudio%2Fsmith.soundframestudios.net%2Fwp-content%2Fplugins%2Fwp-carousel-pro%2F HTTP/2.0" 200 1355 "-" "Mozilla/5.0 AppleWebKit/537.36 (KHTML, like Gecko; compatible; ClaudeBot/1.0; +claudebot@anthropic.com)"
18.191.171.26 - - [21/Apr/2025:09:53:46 -0400] "GET /wp-admin/theme-editor.php?d=%2Fhome%2Fsoundframestudio%2Fsmith.soundframestudios.net%2Fwp-content%2Fplugins%2Fwp-carousel-pro%2F HTTP/2.0" 200 1355 "-" "Mozilla/5.0 AppleWebKit/537.36 (KHTML, like Gecko; compatible; ClaudeBot/1.0; +claudebot@anthropic.com)"
18.191.171.26 - - [21/Apr/2025:09:53:46 -0400] "GET /wp-content/plugins/redirection/models/url/upload.php HTTP/2.0" 200 573 "-" "Mozilla/5.0 AppleWebKit/537.36 (KHTML, like Gecko; compatible; ClaudeBot/1.0; +claudebot@anthropic.com)"
18.191.171.26 - - [21/Apr/2025:09:53:46 -0400] "GET /wp-admin/authorize-application.php?d=%2Fhome%2Fsoundframestudio%2Fsmith.soundframestudios.net%2Fwp-content%2Fplugins%2Fcontact-form-7%2Fincludes HTTP/2.0" 200 2415 "-" "Mozilla/5.0 AppleWebKit/537.36 (KHTML, like Gecko; compatible; ClaudeBot/1.0; +claudebot@anthropic.com)"
18.191.171.26 - - [21/Apr/2025:09:53:46 -0400] "GET /wp-content/plugins/redirection/models/redirect/redirect.php HTTP/2.0" 200 1 "-" "Mozilla/5.0 AppleWebKit/537.36 (KHTML, like Gecko; compatible; ClaudeBot/1.0; +claudebot@anthropic.com)"
18.191.171.26 - - [21/Apr/2025:09:53:46 -0400] "GET /wp-admin/options-permalink.php?d=%2Fhome%2Fsoundframestudio%2Fsmith.soundframestudios.net%2Fwp-content%2Fplugins%2Fpagelayer-pro%2Fcss HTTP/2.0" 200 1136 "-" "Mozilla/5.0 AppleWebKit/537.36 (KHTML, like Gecko; compatible; ClaudeBot/1.0; +claudebot@anthropic.com)"
18.191.171.26 - - [21/Apr/2025:09:53:46 -0400] "GET /wp-admin/options-permalink.php?d=%2Fhome%2Fsoundframestudio%2Fsmith.soundframestudios.net%2Fwp-content%2Fplugins%2Fspeedycache-pro%2Fassets HTTP/2.0" 200 1082 "-" "Mozilla/5.0 AppleWebKit/537.36 (KHTML, like Gecko; compatible; ClaudeBot/1.0; +claudebot@anthropic.com)"
18.191.171.26 - - [21/Apr/2025:09:53:46 -0400] "GET /offer?d=%2Fhome%2Fsoundframestudio%2Fsmith.soundframestudios.net%2Fwp-includes%2Fjs%2Fdist%2Fscript-modules%2Fa11y HTTP/2.0" 200 1205 "-" "Mozilla/5.0 AppleWebKit/537.36 (KHTML, like Gecko; compatible; ClaudeBot/1.0; +claudebot@anthropic.com)"
18.191.171.26 - - [21/Apr/2025:09:53:46 -0400] "GET /wp-admin/authorize-application.php?d=%2Fhome%2Fsoundframestudio%2Fsmith.soundframestudios.net%2Fwp-content%2Fplugins%2Fworker%2Fpublickeys HTTP/2.0" 200 1759 "-" "Mozilla/5.0 AppleWebKit/537.36 (KHTML, like Gecko; compatible; ClaudeBot/1.0; +claudebot@anthropic.com)"
18.191.171.26 - - [21/Apr/2025:09:53:47 -0400] "GET /wp-config.php?d=%2Fhome%2Fsoundframestudio%2Fsmith.soundframestudios.net%2Fwp-content%2Fplugins%2Fredirection%2Fmodels%2Furl%2F HTTP/2.0" 200 1628 "-" "Mozilla/5.0 AppleWebKit/537.36 (KHTML, like Gecko; compatible; ClaudeBot/1.0; +claudebot@anthropic.com)"
18.191.171.26 - - [21/Apr/2025:09:53:47 -0400] "GET /wp-admin/theme-editor.php?d=%2Fhome%2Fsoundframestudio%2Fsmith.soundframestudios.net%2Fwp-content%2Fplugins%2Fworker%2Fpublickeys HTTP/2.0" 200 1759 "-" "Mozilla/5.0 AppleWebKit/537.36 (KHTML, like Gecko; compatible; ClaudeBot/1.0; +claudebot@anthropic.com)"
18.191.171.26 - - [21/Apr/2025:09:53:47 -0400] "GET /wp-admin/theme-editor.php?d=%2Fhome%2Fsoundframestudio%2Fsmith.soundframestudios.net%2Fwp-content%2Fplugins%2Fcontact-form-7%2Fincludes HTTP/2.0" 200 2415 "-" "Mozilla/5.0 AppleWebKit/537.36 (KHTML, like Gecko; compatible; ClaudeBot/1.0; +claudebot@anthropic.com)"
18.191.171.26 - - [21/Apr/2025:09:53:47 -0400] "GET /wp-admin/authorize-application.php?d=%2Fhome%2Fsoundframestudio%2Fsmith.soundframestudios.net%2Fwp-content%2Fplugins%2Fredirection%2Fimages HTTP/2.0" 200 1195 "-" "Mozilla/5.0 AppleWebKit/537.36 (KHTML, like Gecko; compatible; ClaudeBot/1.0; +claudebot@anthropic.com)"
18.191.171.26 - - [21/Apr/2025:09:53:47 -0400] "GET /wp-blog-header.php?a=bj&f=%2Fhome%2Fsoundframestudio%2Fpublic_html%2Fwp-content%2Fplugins%2Frevslider%2Fpublic%2Fassets%2Fsources%2Fyoutube.png HTTP/2.0" 200 11361 "-" "Mozilla/5.0 AppleWebKit/537.36 (KHTML, like Gecko; compatible; ClaudeBot/1.0; +claudebot@anthropic.com)"
18.191.171.26 - - [21/Apr/2025:09:53:47 -0400] "GET /wp-admin/options-permalink.php?a=bj&f=%2Fhome%2Fsoundframestudio%2Fsmith.soundframestudios.net%2Fwp-content%2Fplugins%2Fbackuply%2Flicense.txt HTTP/2.0" 200 9616 "-" "Mozilla/5.0 AppleWebKit/537.36 (KHTML, like Gecko; compatible; ClaudeBot/1.0; +claudebot@anthropic.com)"
18.191.171.26 - - [21/Apr/2025:09:53:47 -0400] "GET /wp-admin/options-permalink.php?a=bj&f=%2Fhome%2Fsoundframestudio%2Fsmith.soundframestudios.net%2Fwp-content%2Fplugins%2Fakismet%2Freadme.txt HTTP/2.0" 200 3065 "-" "Mozilla/5.0 AppleWebKit/537.36 (KHTML, like Gecko; compatible; ClaudeBot/1.0; +claudebot@anthropic.com)"
18.191.171.26 - - [21/Apr/2025:09:53:47 -0400] "GET /wp-admin/authorize-application.php?d=%2Fhome%2Fsoundframestudio%2Fsmith.soundframestudios.net%2Fwp-content%2Fplugins%2Fcontact-form-7%2Flanguages HTTP/2.0" 200 1125 "-" "Mozilla/5.0 AppleWebKit/537.36 (KHTML, like Gecko; compatible; ClaudeBot/1.0; +claudebot@anthropic.com)"
18.191.171.26 - - [21/Apr/2025:09:53:47 -0400] "GET /wp-admin/authorize-application.php?a=bj&f=%2Fhome%2Fsoundframestudio%2Fsmith.soundframestudios.net%2Fwp-content%2Fplugins%2Fspeedycache%2Flicense.txt HTTP/2.0" 200 12294 "-" "Mozilla/5.0 AppleWebKit/537.36 (KHTML, like Gecko; compatible; ClaudeBot/1.0; +claudebot@anthropic.com)"
18.191.171.26 - - [21/Apr/2025:09:53:47 -0400] "GET /wp-admin/theme-editor.php?d=%2Fhome%2Fsoundframestudio%2Fsmith.soundframestudios.net%2Fwp-content%2Fplugins%2Fredirection%2Fimages HTTP/2.0" 200 1195 "-" "Mozilla/5.0 AppleWebKit/537.36 (KHTML, like Gecko; compatible; ClaudeBot/1.0; +claudebot@anthropic.com)"
18.191.171.26 - - [21/Apr/2025:09:53:47 -0400] "GET /wp-admin/options-permalink.php?d=%2Fhome%2Fsoundframestudio%2Fsmith.soundframestudios.net%2Fwp-content%2Fplugins%2Fspeedycache%2F HTTP/2.0" 200 1415 "-" "Mozilla/5.0 AppleWebKit/537.36 (KHTML, like Gecko; compatible; ClaudeBot/1.0; +claudebot@anthropic.com)"
18.191.171.26 - - [21/Apr/2025:09:53:48 -0400] "GET /wp-admin/authorize-application.php?d=%2Fhome%2Fsoundframestudio%2Fsmith.soundframestudios.net%2Fwp-content%2Fplugins%2Fredirection%2Ffileio HTTP/2.0" 200 1318 "-" "Mozilla/5.0 AppleWebKit/537.36 (KHTML, like Gecko; compatible; ClaudeBot/1.0; +claudebot@anthropic.com)"
18.191.171.26 - - [21/Apr/2025:09:53:48 -0400] "GET /wp-admin/theme-editor.php?d=%2Fhome%2Fsoundframestudio%2Fsmith.soundframestudios.net%2Fwp-content%2Fplugins%2Fcontact-form-7%2Flanguages HTTP/2.0" 200 1125 "-" "Mozilla/5.0 AppleWebKit/537.36 (KHTML, like Gecko; compatible; ClaudeBot/1.0; +claudebot@anthropic.com)"
18.191.171.26 - - [21/Apr/2025:09:53:48 -0400] "GET /wp-admin/options-permalink.php?d=%2Fhome%2Fsoundframestudio%2Fsmith.soundframestudios.net%2Fwp-content%2Fplugins%2Fworker%2F HTTP/2.0" 200 1458 "-" "Mozilla/5.0 AppleWebKit/537.36 (KHTML, like Gecko; compatible; ClaudeBot/1.0; +claudebot@anthropic.com)"
18.191.171.26 - - [21/Apr/2025:09:53:48 -0400] "GET /wp-admin/tools.php?a=bj&f=%2Fhome%2Fsoundframestudio%2Fsmith.soundframestudios.net%2Fwp-content%2Findex.php HTTP/2.0" 200 676 "-" "Mozilla/5.0 AppleWebKit/537.36 (KHTML, like Gecko; compatible; ClaudeBot/1.0; +claudebot@anthropic.com)"
18.191.171.26 - - [21/Apr/2025:09:53:48 -0400] "GET /wp-admin/theme-editor.php?d=%2Fhome%2Fsoundframestudio%2Fsmith.soundframestudios.net%2Fwp-content%2Fplugins%2Fredirection%2Ffileio HTTP/2.0" 200 1318 "-" "Mozilla/5.0 AppleWebKit/537.36 (KHTML, like Gecko; compatible; ClaudeBot/1.0; +claudebot@anthropic.com)"
18.191.171.26 - - [21/Apr/2025:09:53:48 -0400] "GET /wp-admin/options-permalink.php?d=%2Fhome%2Fsoundframestudio%2Fsmith.soundframestudios.net%2Fwp-content%2Fplugins%2Fspeedycache-pro%2Fmain HTTP/2.0" 200 2455 "-" "Mozilla/5.0 AppleWebKit/537.36 (KHTML, like Gecko; compatible; ClaudeBot/1.0; +claudebot@anthropic.com)"
18.191.171.26 - - [21/Apr/2025:09:53:48 -0400] "GET /file6.php?edit=status_key.php&fm=true&path=%2Fhome%2Fsoundframestudio%2Fsmith.soundframestudios.net%2Fwp-content%2Fbackuply%2F HTTP/2.0" 200 8618 "-" "Mozilla/5.0 AppleWebKit/537.36 (KHTML, like Gecko; compatible; ClaudeBot/1.0; +claudebot@anthropic.com)"
18.191.171.26 - - [21/Apr/2025:09:53:48 -0400] "GET /wp-admin/options-permalink.php?d=%2Fhome%2Fsoundframestudio%2Fsmith.soundframestudios.net%2Fwp-content%2Fplugins%2Fcontact-form-7%2Fmodules HTTP/2.0" 200 2208 "-" "Mozilla/5.0 AppleWebKit/537.36 (KHTML, like Gecko; compatible; ClaudeBot/1.0; +claudebot@anthropic.com)"
18.191.171.26 - - [21/Apr/2025:09:53:48 -0400] "GET /wp-admin/authorize-application.php?d=%2Fhome%2Fsoundframestudio%2Fsmith.soundframestudios.net%2Fwp-content%2Fplugins%2Fbackuply-pro%2F HTTP/2.0" 200 1363 "-" "Mozilla/5.0 AppleWebKit/537.36 (KHTML, like Gecko; compatible; ClaudeBot/1.0; +claudebot@anthropic.com)"
18.191.171.26 - - [21/Apr/2025:09:53:49 -0400] "GET /wp-content/plugins/redirection/database/schema/232.php HTTP/2.0" 500 1 "-" "Mozilla/5.0 AppleWebKit/537.36 (KHTML, like Gecko; compatible; ClaudeBot/1.0; +claudebot@anthropic.com)"
18.191.171.26 - - [21/Apr/2025:09:53:48 -0400] "GET /wp-admin/theme-editor.php?d=%2Fhome%2Fsoundframestudio%2Fsmith.soundframestudios.net%2Fwp-content%2Fplugins%2Fbackuply-pro%2F HTTP/2.0" 200 1363 "-" "Mozilla/5.0 AppleWebKit/537.36 (KHTML, like Gecko; compatible; ClaudeBot/1.0; +claudebot@anthropic.com)"
18.191.171.26 - - [21/Apr/2025:09:53:48 -0400] "GET /offer?d=%2Fhome%2Fsoundframestudio%2Fsmith.soundframestudios.net%2Fwp-includes%2Fjs%2Fdist%2Fscript-modules%2Finteractivity HTTP/2.0" 200 1295 "-" "Mozilla/5.0 AppleWebKit/537.36 (KHTML, like Gecko; compatible; ClaudeBot/1.0; +claudebot@anthropic.com)"
18.191.171.26 - - [21/Apr/2025:09:53:49 -0400] "GET /wp-admin/options-permalink.php?d=%2Fhome%2Fsoundframestudio%2Fsmith.soundframestudios.net%2Fwp-content%2Fplugins%2Fpagelayer%2Fcss HTTP/2.0" 200 2219 "-" "Mozilla/5.0 AppleWebKit/537.36 (KHTML, like Gecko; compatible; ClaudeBot/1.0; +claudebot@anthropic.com)"
18.191.171.26 - - [21/Apr/2025:09:53:49 -0400] "GET /wp-admin/options-permalink.php?d=%2Fhome%2Fsoundframestudio%2Fsmith.soundframestudios.net%2Fwp-content%2Fplugins%2Fcontact-form-7%2Fincludes HTTP/2.0" 200 2415 "-" "Mozilla/5.0 AppleWebKit/537.36 (KHTML, like Gecko; compatible; ClaudeBot/1.0; +claudebot@anthropic.com)"
18.191.171.26 - - [21/Apr/2025:09:53:49 -0400] "GET /wp-admin/authorize-application.php?d=%2Fhome%2Fsoundframestudio%2Fsmith.soundframestudios.net%2Fwp-content%2Fplugins%2Fpagelayer%2Flib HTTP/2.0" 200 1040 "-" "Mozilla/5.0 AppleWebKit/537.36 (KHTML, like Gecko; compatible; ClaudeBot/1.0; +claudebot@anthropic.com)"
18.191.171.26 - - [21/Apr/2025:09:53:49 -0400] "GET /wp-admin/theme-editor.php?d=%2Fhome%2Fsoundframestudio%2Fsmith.soundframestudios.net%2Fwp-content%2Fplugins%2Fpagelayer%2Flib HTTP/2.0" 200 1040 "-" "Mozilla/5.0 AppleWebKit/537.36 (KHTML, like Gecko; compatible; ClaudeBot/1.0; +claudebot@anthropic.com)"
18.191.171.26 - - [21/Apr/2025:09:53:49 -0400] "GET /wp-admin/options-permalink.php?d=%2Fhome%2Fsoundframestudio%2Fsmith.soundframestudios.net%2Fwp-content%2Fplugins%2Fredirection%2Fimages HTTP/2.0" 200 1195 "-" "Mozilla/5.0 AppleWebKit/537.36 (KHTML, like Gecko; compatible; ClaudeBot/1.0; +claudebot@anthropic.com)"
18.191.171.26 - - [21/Apr/2025:09:53:49 -0400] "GET /wp-admin/options-permalink.php?d=%2Fhome%2Fsoundframestudio%2Fsmith.soundframestudios.net%2Fwp-content%2Fplugins%2Frevslider%2Fsr6 HTTP/2.0" 200 1310 "-" "Mozilla/5.0 AppleWebKit/537.36 (KHTML, like Gecko; compatible; ClaudeBot/1.0; +claudebot@anthropic.com)"
18.191.171.26 - - [21/Apr/2025:09:53:49 -0400] "GET /wp-admin/authorize-application.php?d=%2Fhome%2Fsoundframestudio%2Fsmith.soundframestudios.net%2Fwp-content%2Fplugins%2Fbackuply%2F HTTP/2.0" 200 1742 "-" "Mozilla/5.0 AppleWebKit/537.36 (KHTML, like Gecko; compatible; ClaudeBot/1.0; +claudebot@anthropic.com)"
18.191.171.26 - - [21/Apr/2025:09:53:49 -0400] "GET /wp-admin/authorize-application.php?d=%2Fhome%2Fsoundframestudio%2Fsmith.soundframestudios.net%2Fwp-content%2Fplugins%2Fredirection%2F HTTP/2.0" 200 1900 "-" "Mozilla/5.0 AppleWebKit/537.36 (KHTML, like Gecko; compatible; ClaudeBot/1.0; +claudebot@anthropic.com)"
18.191.171.26 - - [21/Apr/2025:09:53:49 -0400] "GET /wp-admin/theme-editor.php?d=%2Fhome%2Fsoundframestudio%2Fsmith.soundframestudios.net%2Fwp-content%2Fplugins%2Fbackuply%2F HTTP/2.0" 200 1742 "-" "Mozilla/5.0 AppleWebKit/537.36 (KHTML, like Gecko; compatible; ClaudeBot/1.0; +claudebot@anthropic.com)"
18.191.171.26 - - [21/Apr/2025:09:53:49 -0400] "GET /wp-admin/site-editor.php?a=bj&f=%2Fhome%2Fsoundframestudio%2Fsmith.soundframestudios.net%2Fwp-content%2Fthemes%2Findex.php HTTP/2.0" 200 676 "-" "Mozilla/5.0 AppleWebKit/537.36 (KHTML, like Gecko; compatible; ClaudeBot/1.0; +claudebot@anthropic.com)"
20.171.207.212 - - [21/Apr/2025:09:53:49 -0400] "GET /?a=bj&f=%2Fhome%2Fsoundframestudio%2Fsmith.soundframestudios.net%2Fwp-content%2Fthemes%2Fbetheme%2Ffonts%2Fmfn%2Ficons.ttf HTTP/2.0" 200 119306 "-" "Mozilla/5.0 AppleWebKit/537.36 (KHTML, like Gecko; compatible; GPTBot/1.2; +https://openai.com/gptbot)"
18.191.171.26 - - [21/Apr/2025:09:53:50 -0400] "GET /wp-config.php?d=%2Fhome%2Fsoundframestudio%2Fsmith.soundframestudios.net%2Fwp-includes%2FRequests%2Fsrc%2FCookie%2F HTTP/2.0" 200 1118 "-" "Mozilla/5.0 AppleWebKit/537.36 (KHTML, like Gecko; compatible; ClaudeBot/1.0; +claudebot@anthropic.com)"
18.191.171.26 - - [21/Apr/2025:09:53:50 -0400] "GET /wp-admin/theme-editor.php?d=%2Fhome%2Fsoundframestudio%2Fsmith.soundframestudios.net%2Fwp-content%2Fplugins%2Fredirection%2F HTTP/2.0" 200 1900 "-" "Mozilla/5.0 AppleWebKit/537.36 (KHTML, like Gecko; compatible; ClaudeBot/1.0; +claudebot@anthropic.com)"
18.191.171.26 - - [21/Apr/2025:09:53:50 -0400] "GET /wp-admin/theme-editor.php?a=bj&f=%2Fhome%2Fsoundframestudio%2Fsmith.soundframestudios.net%2Fwp-content%2Fplugins%2Fspeedycache%2Flicense.txt HTTP/2.0" 200 12294 "-" "Mozilla/5.0 AppleWebKit/537.36 (KHTML, like Gecko; compatible; ClaudeBot/1.0; +claudebot@anthropic.com)"
18.191.171.26 - - [21/Apr/2025:09:53:50 -0400] "GET /wp-admin/authorize-application.php?d=%2Fhome%2Fsoundframestudio%2Fsmith.soundframestudios.net%2Fwp-content%2Fplugins%2Fpagelayer-pro%2Flanguages HTTP/2.0" 200 1122 "-" "Mozilla/5.0 AppleWebKit/537.36 (KHTML, like Gecko; compatible; ClaudeBot/1.0; +claudebot@anthropic.com)"
18.191.171.26 - - [21/Apr/2025:09:53:50 -0400] "GET /wp-links-opml.php?a=bj&f=%2Fhome%2Fsoundframestudio%2Fsmith.soundframestudios.net%2Fwp-content%2Fbackuply%2F.htaccess HTTP/2.0" 200 815 "-" "Mozilla/5.0 AppleWebKit/537.36 (KHTML, like Gecko; compatible; ClaudeBot/1.0; +claudebot@anthropic.com)"
18.191.171.26 - - [21/Apr/2025:09:53:50 -0400] "GET /wp-admin/theme-editor.php?d=%2Fhome%2Fsoundframestudio%2Fsmith.soundframestudios.net%2Fwp-content%2Fplugins%2Fpagelayer-pro%2Flanguages HTTP/2.0" 200 1122 "-" "Mozilla/5.0 AppleWebKit/537.36 (KHTML, like Gecko; compatible; ClaudeBot/1.0; +claudebot@anthropic.com)"
18.191.171.26 - - [21/Apr/2025:09:53:50 -0400] "GET /wp-admin/site-editor.php?a=bj&f=%2Fhome%2Fsoundframestudio%2Fsmith.soundframestudios.net%2Fwp-includes%2Fmedia.php HTTP/2.0" 200 47864 "-" "Mozilla/5.0 AppleWebKit/537.36 (KHTML, like Gecko; compatible; ClaudeBot/1.0; +claudebot@anthropic.com)"
18.191.171.26 - - [21/Apr/2025:09:53:50 -0400] "GET /wp-admin/site-editor.php?a=bj&f=%2Fhome%2Fsoundframestudio%2Fsmith.soundframestudios.net%2Fwp-includes%2Ffeed.php HTTP/2.0" 200 6472 "-" "Mozilla/5.0 AppleWebKit/537.36 (KHTML, like Gecko; compatible; ClaudeBot/1.0; +claudebot@anthropic.com)"
18.191.171.26 - - [21/Apr/2025:09:53:50 -0400] "GET /wp-admin/options-permalink.php?d=%2Fhome%2Fsoundframestudio%2Fsmith.soundframestudios.net%2Fwp-content%2Fplugins%2Fwp-carousel-pro%2F HTTP/2.0" 200 1355 "-" "Mozilla/5.0 AppleWebKit/537.36 (KHTML, like Gecko; compatible; ClaudeBot/1.0; +claudebot@anthropic.com)"
18.191.171.26 - - [21/Apr/2025:09:53:50 -0400] "GET /wp-admin/site-editor.php?a=bj&f=%2Fhome%2Fsoundframestudio%2Fsmith.soundframestudios.net%2Fwp-includes%2Fclass-wp-post.php HTTP/2.0" 200 2237 "-" "Mozilla/5.0 AppleWebKit/537.36 (KHTML, like Gecko; compatible; ClaudeBot/1.0; +claudebot@anthropic.com)"
18.191.171.26 - - [21/Apr/2025:09:53:50 -0400] "GET /wp-admin/options-permalink.php?a=bj&f=%2Fhome%2Fsoundframestudio%2Fsmith.soundframestudios.net%2Fwp-content%2Fplugins%2Fakismet%2Fchangelog.txt HTTP/2.0" 200 7852 "-" "Mozilla/5.0 AppleWebKit/537.36 (KHTML, like Gecko; compatible; ClaudeBot/1.0; +claudebot@anthropic.com)"
18.191.171.26 - - [21/Apr/2025:09:53:51 -0400] "GET /wp-admin/options-permalink.php?d=%2Fhome%2Fsoundframestudio%2Fsmith.soundframestudios.net%2Fwp-content%2Fplugins%2Fredirection%2Ffileio HTTP/2.0" 200 1318 "-" "Mozilla/5.0 AppleWebKit/537.36 (KHTML, like Gecko; compatible; ClaudeBot/1.0; +claudebot@anthropic.com)"
18.191.171.26 - - [21/Apr/2025:09:53:51 -0400] "GET /wp-content/plugins/redirection/database/schema/231.php HTTP/2.0" 500 1 "-" "Mozilla/5.0 AppleWebKit/537.36 (KHTML, like Gecko; compatible; ClaudeBot/1.0; +claudebot@anthropic.com)"
18.191.171.26 - - [21/Apr/2025:09:53:51 -0400] "GET /wp-admin/authorize-application.php?d=%2Fhome%2Fsoundframestudio%2Fsmith.soundframestudios.net%2Fwp-content%2Fplugins%2Fsiteseo%2Fclasses HTTP/2.0" 200 1411 "-" "Mozilla/5.0 AppleWebKit/537.36 (KHTML, like Gecko; compatible; ClaudeBot/1.0; +claudebot@anthropic.com)"
18.191.171.26 - - [21/Apr/2025:09:53:51 -0400] "GET /wp-admin/authorize-application.php?d=%2Fhome%2Fsoundframestudio%2Fsmith.soundframestudios.net%2Fwp-content%2Fplugins%2Frevslider%2Fadmin HTTP/2.0" 200 1305 "-" "Mozilla/5.0 AppleWebKit/537.36 (KHTML, like Gecko; compatible; ClaudeBot/1.0; +claudebot@anthropic.com)"
18.191.171.26 - - [21/Apr/2025:09:53:51 -0400] "GET /wp-admin/site-editor.php?a=bj&f=%2Fhome%2Fsoundframestudio%2Fsmith.soundframestudios.net%2Fwp-includes%2Fl10n.php HTTP/2.0" 200 12937 "-" "Mozilla/5.0 AppleWebKit/537.36 (KHTML, like Gecko; compatible; ClaudeBot/1.0; +claudebot@anthropic.com)"
18.191.171.26 - - [21/Apr/2025:09:53:51 -0400] "GET /wp-admin/theme-editor.php?d=%2Fhome%2Fsoundframestudio%2Fsmith.soundframestudios.net%2Fwp-content%2Fplugins%2Fsiteseo%2Fclasses HTTP/2.0" 200 1411 "-" "Mozilla/5.0 AppleWebKit/537.36 (KHTML, like Gecko; compatible; ClaudeBot/1.0; +claudebot@anthropic.com)"
18.191.171.26 - - [21/Apr/2025:09:53:51 -0400] "GET /wp-config.php?d=%2Fhome%2Fsoundframestudio%2Fsmith.soundframestudios.net%2Fwp-includes%2FRequests%2Fsrc%2FResponse%2F HTTP/2.0" 200 1122 "-" "Mozilla/5.0 AppleWebKit/537.36 (KHTML, like Gecko; compatible; ClaudeBot/1.0; +claudebot@anthropic.com)"
18.191.171.26 - - [21/Apr/2025:09:53:51 -0400] "GET /wp-links-opml.php?a=bj&f=%2Fhome%2Fsoundframestudio%2Fsmith.soundframestudios.net%2Fwp-content%2Fbackuply%2Findex.php HTTP/2.0" 200 813 "-" "Mozilla/5.0 AppleWebKit/537.36 (KHTML, like Gecko; compatible; ClaudeBot/1.0; +claudebot@anthropic.com)"
18.191.171.26 - - [21/Apr/2025:09:53:51 -0400] "GET /wp-admin/options-permalink.php?a=bj&f=%2Fhome%2Fsoundframestudio%2Fsmith.soundframestudios.net%2Fwp-content%2Fplugins%2Fspeedycache%2Freadme.txt HTTP/2.0" 200 7337 "-" "Mozilla/5.0 AppleWebKit/537.36 (KHTML, like Gecko; compatible; ClaudeBot/1.0; +claudebot@anthropic.com)"
18.191.171.26 - - [21/Apr/2025:09:53:51 -0400] "GET /xmlrpc.php?a=bj&f=%2Fhome%2Fsoundframestudio%2Fsmith.soundframestudios.net%2Fwp-includes%2Fblocks%2Fmedia-text%2Feditor-rtl.css HTTP/2.0" 200 949 "-" "Mozilla/5.0 AppleWebKit/537.36 (KHTML, like Gecko; compatible; ClaudeBot/1.0; +claudebot@anthropic.com)"
18.191.171.26 - - [21/Apr/2025:09:53:51 -0400] "GET /wp-admin/site-editor.php?a=bj&f=%2Fhome%2Fsoundframestudio%2Fsmith.soundframestudios.net%2Fwp-includes%2Fclass-wp-roles.php HTTP/2.0" 200 2867 "-" "Mozilla/5.0 AppleWebKit/537.36 (KHTML, like Gecko; compatible; ClaudeBot/1.0; +claudebot@anthropic.com)"
18.191.171.26 - - [21/Apr/2025:09:53:52 -0400] "GET /wp-trackback.php?d=%2Fhome%2Fsoundframestudio%2Fsmith.soundframestudios.net%2Fwp-includes%2FRequests%2Fsrc%2F HTTP/2.0" 200 2260 "-" "Mozilla/5.0 AppleWebKit/537.36 (KHTML, like Gecko; compatible; ClaudeBot/1.0; +claudebot@anthropic.com)"
18.191.171.26 - - [21/Apr/2025:09:53:52 -0400] "GET /wp-admin/site-editor.php?a=bj&f=%2Fhome%2Fsoundframestudio%2Fsmith.soundframestudios.net%2Fwp-includes%2Fpost.php HTTP/2.0" 200 56997 "-" "Mozilla/5.0 AppleWebKit/537.36 (KHTML, like Gecko; compatible; ClaudeBot/1.0; +claudebot@anthropic.com)"
18.191.171.26 - - [21/Apr/2025:09:53:52 -0400] "GET /wp-admin/authorize-application.php?a=bj&f=%2Fhome%2Fsoundframestudio%2Fsmith.soundframestudios.net%2Fwp-content%2Fplugins%2Fcontact-form-7%2Freadme.txt HTTP/2.0" 200 2160 "-" "Mozilla/5.0 AppleWebKit/537.36 (KHTML, like Gecko; compatible; ClaudeBot/1.0; +claudebot@anthropic.com)"
18.191.171.26 - - [21/Apr/2025:09:53:52 -0400] "GET /wp-admin/authorize-application.php?a=bj&f=%2Fhome%2Fsoundframestudio%2Fsmith.soundframestudios.net%2Fwp-content%2Fplugins%2Fspeedycache-pro%2Flicense.txt HTTP/2.0" 200 12296 "-" "Mozilla/5.0 AppleWebKit/537.36 (KHTML, like Gecko; compatible; ClaudeBot/1.0; +claudebot@anthropic.com)"
18.191.171.26 - - [21/Apr/2025:09:53:52 -0400] "GET /wp-admin/authorize-application.php?d=%2Fhome%2Fsoundframestudio%2Fsmith.soundframestudios.net%2Fwp-content%2Fplugins%2Fspeedycache-pro%2F HTTP/2.0" 200 1480 "-" "Mozilla/5.0 AppleWebKit/537.36 (KHTML, like Gecko; compatible; ClaudeBot/1.0; +claudebot@anthropic.com)"
18.191.171.26 - - [21/Apr/2025:09:53:52 -0400] "GET /wp-config.php?d=%2Fhome%2Fsoundframestudio%2Fsmith.soundframestudios.net%2Fwp-content%2Fplugins%2Fredirection%2Fmodels%2Flog%2F HTTP/2.0" 200 1236 "-" "Mozilla/5.0 AppleWebKit/537.36 (KHTML, like Gecko; compatible; ClaudeBot/1.0; +claudebot@anthropic.com)"
18.191.171.26 - - [21/Apr/2025:09:53:52 -0400] "GET /wp-admin/authorize-application.php?a=bj&f=%2Fhome%2Fsoundframestudio%2Fsmith.soundframestudios.net%2Fwp-content%2Fplugins%2Fpagelayer%2Freadme.txt HTTP/2.0" 200 19495 "-" "Mozilla/5.0 AppleWebKit/537.36 (KHTML, like Gecko; compatible; ClaudeBot/1.0; +claudebot@anthropic.com)"
18.191.171.26 - - [21/Apr/2025:09:53:52 -0400] "GET /wp-admin/authorize-application.php?d=%2Fhome%2Fsoundframestudio%2Fsmith.soundframestudios.net%2Fwp-content%2Fplugins%2Fpagelayer%2Flanguages HTTP/2.0" 200 1122 "-" "Mozilla/5.0 AppleWebKit/537.36 (KHTML, like Gecko; compatible; ClaudeBot/1.0; +claudebot@anthropic.com)"
18.191.171.26 - - [21/Apr/2025:09:53:52 -0400] "GET /wp-admin/options-permalink.php?a=bj&f=%2Fhome%2Fsoundframestudio%2Fsmith.soundframestudios.net%2Fwp-content%2Fplugins%2Fpagelayer%2Fpagelayer.php HTTP/2.0" 200 1308 "-" "Mozilla/5.0 AppleWebKit/537.36 (KHTML, like Gecko; compatible; ClaudeBot/1.0; +claudebot@anthropic.com)"
18.191.171.26 - - [21/Apr/2025:09:53:52 -0400] "GET /wp-admin/site-editor.php?a=bj&f=%2Fhome%2Fsoundframestudio%2Fsmith.soundframestudios.net%2Fwp-includes%2Fsitemaps.php HTTP/2.0" 200 1593 "-" "Mozilla/5.0 AppleWebKit/537.36 (KHTML, like Gecko; compatible; ClaudeBot/1.0; +claudebot@anthropic.com)"
18.191.171.26 - - [21/Apr/2025:09:53:52 -0400] "GET /wp-admin/site-editor.php?a=bj&f=%2Fhome%2Fsoundframestudio%2Fsmith.soundframestudios.net%2Fwp-includes%2Fembed-template.php HTTP/2.0" 200 829 "-" "Mozilla/5.0 AppleWebKit/537.36 (KHTML, like Gecko; compatible; ClaudeBot/1.0; +claudebot@anthropic.com)"
18.191.171.26 - - [21/Apr/2025:09:53:53 -0400] "GET /wp-trackback.php?d=%2Fhome%2Fsoundframestudio%2Fsmith.soundframestudios.net%2Fwp-includes%2FRequests%2Fsrc%2FCookie HTTP/2.0" 200 1183 "-" "Mozilla/5.0 AppleWebKit/537.36 (KHTML, like Gecko; compatible; ClaudeBot/1.0; +claudebot@anthropic.com)"
18.191.171.26 - - [21/Apr/2025:09:53:53 -0400] "GET /wp-admin/options-permalink.php?d=%2Fhome%2Fsoundframestudio%2Fsmith.soundframestudios.net%2Fwp-content%2Fplugins%2Fpagelayer-pro%2Flanguages HTTP/2.0" 200 1122 "-" "Mozilla/5.0 AppleWebKit/537.36 (KHTML, like Gecko; compatible; ClaudeBot/1.0; +claudebot@anthropic.com)"
20.171.207.212 - - [21/Apr/2025:09:53:52 -0400] "GET /?a=bj&f=%2Fhome%2Fsoundframestudio%2Fsmith.soundframestudios.net%2Fwp-content%2Fplugins%2Fwp-carousel-pro%2Fsrc%2FAdmin%2Fjs%2Fwp-carousel-pro-admin.min.js HTTP/2.0" 200 32683 "-" "Mozilla/5.0 AppleWebKit/537.36 (KHTML, like Gecko; compatible; GPTBot/1.2; +https://openai.com/gptbot)"
18.191.171.26 - - [21/Apr/2025:09:53:53 -0400] "GET /wp-admin/authorize-application.php?a=bj&f=%2Fhome%2Fsoundframestudio%2Fsmith.soundframestudios.net%2Fwp-content%2Fplugins%2Fredirection%2Flicense.txt HTTP/2.0" 200 12300 "-" "Mozilla/5.0 AppleWebKit/537.36 (KHTML, like Gecko; compatible; ClaudeBot/1.0; +claudebot@anthropic.com)"
18.191.171.26 - - [21/Apr/2025:09:53:53 -0400] "GET /wp-admin/options-permalink.php?d=%2Fhome%2Fsoundframestudio%2Fsmith.soundframestudios.net%2Fwp-content%2Fplugins%2Fbackuply-pro%2F HTTP/2.0" 200 1363 "-" "Mozilla/5.0 AppleWebKit/537.36 (KHTML, like Gecko; compatible; ClaudeBot/1.0; +claudebot@anthropic.com)"
18.191.171.26 - - [21/Apr/2025:09:53:53 -0400] "GET /wp-admin/site-editor.php?a=bj&f=%2Fhome%2Fsoundframestudio%2Fsmith.soundframestudios.net%2Fwp-includes%2Fpost-template.php HTTP/2.0" 200 15877 "-" "Mozilla/5.0 AppleWebKit/537.36 (KHTML, like Gecko; compatible; ClaudeBot/1.0; +claudebot@anthropic.com)"
18.191.171.26 - - [21/Apr/2025:09:53:53 -0400] "GET /wp-blog-header.php?a=bj&f=%2Fhome%2Fsoundframestudio%2Fpublic_html%2Fwp-includes%2Fjs%2Ftinymce%2Fskins%2Fwordpress%2Fimages%2Fembedded.png HTTP/2.0" 200 8920 "-" "Mozilla/5.0 AppleWebKit/537.36 (KHTML, like Gecko; compatible; ClaudeBot/1.0; +claudebot@anthropic.com)"
18.191.171.26 - - [21/Apr/2025:09:53:53 -0400] "GET /wp-content/plugins/redirection/database/schema/400.php HTTP/2.0" 500 1 "-" "Mozilla/5.0 AppleWebKit/537.36 (KHTML, like Gecko; compatible; ClaudeBot/1.0; +claudebot@anthropic.com)"
18.191.171.26 - - [21/Apr/2025:09:53:53 -0400] "GET /wp-admin/theme-editor.php?d=%2Fhome%2Fsoundframestudio%2Fsmith.soundframestudios.net%2Fwp-content%2Fplugins%2Fspeedycache-pro%2F HTTP/2.0" 200 1480 "-" "Mozilla/5.0 AppleWebKit/537.36 (KHTML, like Gecko; compatible; ClaudeBot/1.0; +claudebot@anthropic.com)"
18.191.171.26 - - [21/Apr/2025:09:53:53 -0400] "GET /wp-admin/theme-editor.php?d=%2Fhome%2Fsoundframestudio%2Fsmith.soundframestudios.net%2Fwp-content%2Fplugins%2Fpagelayer%2Flanguages HTTP/2.0" 200 1122 "-" "Mozilla/5.0 AppleWebKit/537.36 (KHTML, like Gecko; compatible; ClaudeBot/1.0; +claudebot@anthropic.com)"
18.191.171.26 - - [21/Apr/2025:09:53:58 -0400] "GET /wp-admin/options-permalink.php?a=bj&f=%2Fhome%2Fsoundframestudio%2Fsmith.soundframestudios.net%2Fwp-content%2Fplugins%2Fsoftaculous-pro%2Findex.php HTTP/2.0" 200 685 "-" "Mozilla/5.0 AppleWebKit/537.36 (KHTML, like Gecko; compatible; ClaudeBot/1.0; +claudebot@anthropic.com)"
18.191.171.26 - - [21/Apr/2025:09:54:03 -0400] "GET /wp-admin/authorize-application.php?d=%2Fhome%2Fsoundframestudio%2Fsmith.soundframestudios.net%2Fwp-content%2Fplugins%2Fsiteseo%2Flanguages HTTP/2.0" 200 1200 "-" "Mozilla/5.0 AppleWebKit/537.36 (KHTML, like Gecko; compatible; ClaudeBot/1.0; +claudebot@anthropic.com)"
18.191.171.26 - - [21/Apr/2025:09:54:08 -0400] "GET /wp-admin/options-permalink.php?a=bj&f=%2Fhome%2Fsoundframestudio%2Fsmith.soundframestudios.net%2Fwp-content%2Fplugins%2Fsiteseo%2Freadme.txt HTTP/2.0" 200 4934 "-" "Mozilla/5.0 AppleWebKit/537.36 (KHTML, like Gecko; compatible; ClaudeBot/1.0; +claudebot@anthropic.com)"
20.171.207.212 - - [21/Apr/2025:09:54:10 -0400] "GET /?a=bj&f=%2Fhome%2Fsoundframestudio%2Fsmith.soundframestudios.net%2Fwp-content%2Fthemes%2Fbetheme%2Fmuffin-options%2Fsvg%2Fitems%2Fpricing-item.svg HTTP/2.0" 200 32656 "-" "Mozilla/5.0 AppleWebKit/537.36 (KHTML, like Gecko; compatible; GPTBot/1.2; +https://openai.com/gptbot)"
20.171.207.212 - - [21/Apr/2025:09:54:13 -0400] "GET /?a=bj&f=%2Fhome%2Fsoundframestudio%2Fsmith.soundframestudios.net%2Fwp-content%2Fthemes%2Fbetheme%2Fmuffin-options%2Fsvg%2Fitems%2Fbefore-after.svg HTTP/2.0" 200 32702 "-" "Mozilla/5.0 AppleWebKit/537.36 (KHTML, like Gecko; compatible; GPTBot/1.2; +https://openai.com/gptbot)"
18.191.171.26 - - [21/Apr/2025:09:54:13 -0400] "GET /wp-blog-header.php?a=bj&f=%2Fhome%2Fsoundframestudio%2Fpublic_html%2Fwp-content%2Fplugins%2Frevslider%2Fpublic%2Fassets%2Fsources%2Ffacebook.png HTTP/2.0" 200 13417 "-" "Mozilla/5.0 AppleWebKit/537.36 (KHTML, like Gecko; compatible; ClaudeBot/1.0; +claudebot@anthropic.com)"
66.249.64.131 - - [21/Apr/2025:09:54:14 -0400] "GET /73747870.html HTTP/1.1" 200 17568 "-" "Mozilla/5.0 (Linux; Android 6.0.1; Nexus 5X Build/MMB29P) AppleWebKit/537.36 (KHTML, like Gecko) Chrome/135.0.7049.95 Mobile Safari/537.36 (compatible; Googlebot/2.1; +http://www.google.com/bot.html)"
66.249.64.129 - - [21/Apr/2025:09:54:14 -0400] "GET /888390190.html HTTP/1.1" 200 18535 "-" "Mozilla/5.0 (Linux; Android 6.0.1; Nexus 5X Build/MMB29P) AppleWebKit/537.36 (KHTML, like Gecko) Chrome/135.0.7049.95 Mobile Safari/537.36 (compatible; Googlebot/2.1; +http://www.google.com/bot.html)"
20.171.207.212 - - [21/Apr/2025:09:54:15 -0400] "GET /?a=bj&f=%2Fhome%2Fsoundframestudio%2Fsmith.soundframestudios.net%2Fwp-content%2Fthemes%2Fbetheme%2Fmuffin-options%2Fsvg%2Fothers%2Fgrid-width.svg HTTP/2.0" 200 32641 "-" "Mozilla/5.0 AppleWebKit/537.36 (KHTML, like Gecko; compatible; GPTBot/1.2; +https://openai.com/gptbot)"
20.171.207.212 - - [21/Apr/2025:09:54:16 -0400] "GET /?a=bj&f=%2Fhome%2Fsoundframestudio%2Fsmith.soundframestudios.net%2Fwp-content%2Fthemes%2Fbetheme%2Fmuffin-options%2Fsvg%2Fothers%2Fexport-import.svg HTTP/2.0" 200 32649 "-" "Mozilla/5.0 AppleWebKit/537.36 (KHTML, like Gecko; compatible; GPTBot/1.2; +https://openai.com/gptbot)"
66.249.64.131 - - [21/Apr/2025:09:54:17 -0400] "POST /get-message-notify HTTP/1.1" 200 18607 "https://smith.soundframestudios.net/73747870.html" "Mozilla/5.0 (Linux; Android 6.0.1; Nexus 5X Build/MMB29P) AppleWebKit/537.36 (KHTML, like Gecko) Chrome/134.0.6998.165 Mobile Safari/537.36 (compatible; Googlebot/2.1; +http://www.google.com/bot.html)"
18.191.171.26 - - [21/Apr/2025:09:54:18 -0400] "GET /wp-admin/options-permalink.php?d=%2Fhome%2Fsoundframestudio%2Fsmith.soundframestudios.net%2Fwp-content%2Fplugins%2Fpagelayer%2Flib HTTP/2.0" 200 1040 "-" "Mozilla/5.0 AppleWebKit/537.36 (KHTML, like Gecko; compatible; ClaudeBot/1.0; +claudebot@anthropic.com)"
66.249.64.129 - - [21/Apr/2025:09:54:18 -0400] "GET /479037286.html HTTP/1.1" 200 17863 "-" "Mozilla/5.0 (Linux; Android 6.0.1; Nexus 5X Build/MMB29P) AppleWebKit/537.36 (KHTML, like Gecko) Chrome/135.0.7049.95 Mobile Safari/537.36 (compatible; Googlebot/2.1; +http://www.google.com/bot.html)"
20.171.207.212 - - [21/Apr/2025:09:54:19 -0400] "GET /?a=bj&f=%2Fhome%2Fsoundframestudio%2Fsmith.soundframestudios.net%2Fwp-content%2Fthemes%2Fbetheme%2Fmuffin-options%2Fsvg%2Fothers%2Fintro-slider.svg HTTP/2.0" 200 32959 "-" "Mozilla/5.0 AppleWebKit/537.36 (KHTML, like Gecko; compatible; GPTBot/1.2; +https://openai.com/gptbot)"
20.171.207.212 - - [21/Apr/2025:09:54:21 -0400] "GET /?a=bj&f=%2Fhome%2Fsoundframestudio%2Fsmith.soundframestudios.net%2Fwp-content%2Fthemes%2Fbetheme%2Fmuffin-options%2Fsvg%2Fitems%2Fproduct-price.svg HTTP/2.0" 200 33082 "-" "Mozilla/5.0 AppleWebKit/537.36 (KHTML, like Gecko; compatible; GPTBot/1.2; +https://openai.com/gptbot)"
18.191.171.26 - - [21/Apr/2025:09:54:23 -0400] "GET /wp-admin/options-permalink.php?a=bj&f=%2Fhome%2Fsoundframestudio%2Fsmith.soundframestudios.net%2Fwp-content%2Fplugins%2Fworker%2Freadme.txt HTTP/2.0" 200 6149 "-" "Mozilla/5.0 AppleWebKit/537.36 (KHTML, like Gecko; compatible; ClaudeBot/1.0; +claudebot@anthropic.com)"
20.171.207.212 - - [21/Apr/2025:09:54:27 -0400] "GET /?a=bj&f=%2Fhome%2Fsoundframestudio%2Fsmith.soundframestudios.net%2Fwp-content%2Fthemes%2Fbetheme%2Fmuffin-options%2Fsvg%2Fothers%2Fwoo-logo.svg HTTP/2.0" 200 33777 "-" "Mozilla/5.0 AppleWebKit/537.36 (KHTML, like Gecko; compatible; GPTBot/1.2; +https://openai.com/gptbot)"
18.191.171.26 - - [21/Apr/2025:09:54:28 -0400] "GET /wp-admin/theme-editor.php?d=%2Fhome%2Fsoundframestudio%2Fsmith.soundframestudios.net%2Fwp-content%2Fplugins%2Fspeedycache%2Flib HTTP/2.0" 200 1095 "-" "Mozilla/5.0 AppleWebKit/537.36 (KHTML, like Gecko; compatible; ClaudeBot/1.0; +claudebot@anthropic.com)"
20.171.207.212 - - [21/Apr/2025:09:54:29 -0400] "GET /?a=bj&f=%2Fhome%2Fsoundframestudio%2Fsmith.soundframestudios.net%2Fwp-content%2Fthemes%2Fbetheme%2Fmuffin-options%2Fsvg%2Fothers%2Fbe-gradient.svg HTTP/2.0" 200 33516 "-" "Mozilla/5.0 AppleWebKit/537.36 (KHTML, like Gecko; compatible; GPTBot/1.2; +https://openai.com/gptbot)"
18.191.171.26 - - [21/Apr/2025:09:54:33 -0400] "GET /wp-admin/options-permalink.php?d=%2Fhome%2Fsoundframestudio%2Fsmith.soundframestudios.net%2Fwp-content%2Fplugins%2Fredirection%2F HTTP/2.0" 200 1900 "-" "Mozilla/5.0 AppleWebKit/537.36 (KHTML, like Gecko; compatible; ClaudeBot/1.0; +claudebot@anthropic.com)"
18.191.171.26 - - [21/Apr/2025:09:54:38 -0400] "GET /wp-admin/authorize-application.php?d=%2Fhome%2Fsoundframestudio%2Fsmith.soundframestudios.net%2Fwp-content%2Fplugins%2Fspeedycache%2Flib HTTP/2.0" 200 1095 "-" "Mozilla/5.0 AppleWebKit/537.36 (KHTML, like Gecko; compatible; ClaudeBot/1.0; +claudebot@anthropic.com)"
18.191.171.26 - - [21/Apr/2025:09:54:43 -0400] "GET /wp-admin/options-permalink.php?d=%2Fhome%2Fsoundframestudio%2Fsmith.soundframestudios.net%2Fwp-content%2Fplugins%2Fbackuply%2F HTTP/2.0" 200 1742 "-" "Mozilla/5.0 AppleWebKit/537.36 (KHTML, like Gecko; compatible; ClaudeBot/1.0; +claudebot@anthropic.com)"
20.171.207.212 - - [21/Apr/2025:09:54:46 -0400] "GET /?a=bj&f=%2Fhome%2Fsoundframestudio%2Fsmith.soundframestudios.net%2Fwp-content%2Fthemes%2Fbetheme%2Fmuffin-options%2Fsvg%2Fitems%2Fpost-related.svg HTTP/2.0" 200 32688 "-" "Mozilla/5.0 AppleWebKit/537.36 (KHTML, like Gecko; compatible; GPTBot/1.2; +https://openai.com/gptbot)"
18.191.171.26 - - [21/Apr/2025:09:54:48 -0400] "GET /wp-admin/authorize-application.php?a=bj&f=%2Fhome%2Fsoundframestudio%2Fsmith.soundframestudios.net%2Fwp-content%2Fplugins%2Fsoftaculous-pro%2Findex.php HTTP/2.0" 200 685 "-" "Mozilla/5.0 AppleWebKit/537.36 (KHTML, like Gecko; compatible; ClaudeBot/1.0; +claudebot@anthropic.com)"
66.249.64.129 - - [21/Apr/2025:09:54:52 -0400] "GET /148391966.html HTTP/1.1" 200 17112 "-" "Mozilla/5.0 (Linux; Android 6.0.1; Nexus 5X Build/MMB29P) AppleWebKit/537.36 (KHTML, like Gecko) Chrome/135.0.7049.95 Mobile Safari/537.36 (compatible; Googlebot/2.1; +http://www.google.com/bot.html)"
18.191.171.26 - - [21/Apr/2025:09:54:53 -0400] "GET /wp-admin/authorize-application.php?a=bj&f=%2Fhome%2Fsoundframestudio%2Fsmith.soundframestudios.net%2Fwp-content%2Fplugins%2Fbackuply%2Flicense.txt HTTP/2.0" 200 9616 "-" "Mozilla/5.0 AppleWebKit/537.36 (KHTML, like Gecko; compatible; ClaudeBot/1.0; +claudebot@anthropic.com)"
66.249.64.129 - - [21/Apr/2025:09:54:55 -0400] "POST /get-message-notify HTTP/1.1" 200 18607 "https://smith.soundframestudios.net/148391966.html" "Mozilla/5.0 (Linux; Android 6.0.1; Nexus 5X Build/MMB29P) AppleWebKit/537.36 (KHTML, like Gecko) Chrome/134.0.6998.165 Mobile Safari/537.36 (compatible; Googlebot/2.1; +http://www.google.com/bot.html)"
18.191.171.26 - - [21/Apr/2025:09:54:58 -0400] "GET /wp-admin/site-editor.php?a=bj&f=%2Fhome%2Fsoundframestudio%2Fsmith.soundframestudios.net%2Fwp-includes%2Fcategory.php HTTP/2.0" 200 4015 "-" "Mozilla/5.0 AppleWebKit/537.36 (KHTML, like Gecko; compatible; ClaudeBot/1.0; +claudebot@anthropic.com)"
20.171.207.212 - - [21/Apr/2025:09:55:01 -0400] "GET /?a=bj&f=%2Fhome%2Fsoundframestudio%2Fsmith.soundframestudios.net%2Fwp-content%2Fthemes%2Fbetheme%2Fmuffin-options%2Fsvg%2Fothers%2Fregister-now.svg HTTP/2.0" 200 33351 "-" "Mozilla/5.0 AppleWebKit/537.36 (KHTML, like Gecko; compatible; GPTBot/1.2; +https://openai.com/gptbot)"
18.191.171.26 - - [21/Apr/2025:09:55:03 -0400] "GET /wp-admin/site-editor.php?a=bj&f=%2Fhome%2Fsoundframestudio%2Fsmith.soundframestudios.net%2Fwp-includes%2Fregistration.php HTTP/2.0" 200 781 "-" "Mozilla/5.0 AppleWebKit/537.36 (KHTML, like Gecko; compatible; ClaudeBot/1.0; +claudebot@anthropic.com)"
18.191.171.26 - - [21/Apr/2025:09:55:08 -0400] "GET /wp-admin/site-editor.php?a=bj&f=%2Fhome%2Fsoundframestudio%2Fsmith.soundframestudios.net%2Fwp-includes%2Fclass-walker-category-dropdown.php HTTP/2.0" 200 1606 "-" "Mozilla/5.0 AppleWebKit/537.36 (KHTML, like Gecko; compatible; ClaudeBot/1.0; +claudebot@anthropic.com)"
