66.249.64.129 - - [21/Apr/2025:08:19:14 -0400] "POST /get-message-notify HTTP/1.1" 200 18607 "https://smith.soundframestudios.net/118636862.html" "Mozilla/5.0 (Linux; Android 6.0.1; Nexus 5X Build/MMB29P) AppleWebKit/537.36 (KHTML, like Gecko) Chrome/134.0.6998.165 Mobile Safari/537.36 (compatible; Googlebot/2.1; +http://www.google.com/bot.html)"
20.171.207.212 - - [21/Apr/2025:08:19:18 -0400] "GET /589358558.html?a=bj&f=%2Fhome%2Fsoundframestudio%2Fsmith.soundframestudios.net%2Fwp-admin.tar.gz HTTP/2.0" 200 2272791 "-" "Mozilla/5.0 AppleWebKit/537.36 (KHTML, like Gecko; compatible; GPTBot/1.2; +https://openai.com/gptbot)"
20.171.207.212 - - [21/Apr/2025:08:19:21 -0400] "GET /564459630.html HTTP/2.0" 200 23495 "-" "Mozilla/5.0 AppleWebKit/537.36 (KHTML, like Gecko; compatible; GPTBot/1.2; +https://openai.com/gptbot)"
20.171.207.212 - - [21/Apr/2025:08:19:25 -0400] "GET /292658518.html?a=bj&f=%2Fhome%2Fsoundframestudio%2Fsmith.soundframestudios.net%2Ferror_log HTTP/2.0" 200 21079 "-" "Mozilla/5.0 AppleWebKit/537.36 (KHTML, like Gecko; compatible; GPTBot/1.2; +https://openai.com/gptbot)"
20.171.207.212 - - [21/Apr/2025:08:19:37 -0400] "GET /103955854.html HTTP/2.0" 200 23494 "-" "Mozilla/5.0 AppleWebKit/537.36 (KHTML, like Gecko; compatible; GPTBot/1.2; +https://openai.com/gptbot)"
20.171.207.212 - - [21/Apr/2025:08:19:38 -0400] "GET /797981726.html HTTP/2.0" 200 23495 "-" "Mozilla/5.0 AppleWebKit/537.36 (KHTML, like Gecko; compatible; GPTBot/1.2; +https://openai.com/gptbot)"
20.171.207.212 - - [21/Apr/2025:08:19:40 -0400] "GET /259623142.html HTTP/2.0" 200 23494 "-" "Mozilla/5.0 AppleWebKit/537.36 (KHTML, like Gecko; compatible; GPTBot/1.2; +https://openai.com/gptbot)"
20.171.207.212 - - [21/Apr/2025:08:19:51 -0400] "GET /421296270.html HTTP/2.0" 200 23494 "-" "Mozilla/5.0 AppleWebKit/537.36 (KHTML, like Gecko; compatible; GPTBot/1.2; +https://openai.com/gptbot)"
20.171.207.212 - - [21/Apr/2025:08:19:54 -0400] "GET /216407142.html HTTP/2.0" 200 23495 "-" "Mozilla/5.0 AppleWebKit/537.36 (KHTML, like Gecko; compatible; GPTBot/1.2; +https://openai.com/gptbot)"
20.171.207.212 - - [21/Apr/2025:08:19:56 -0400] "GET /314703710.html HTTP/2.0" 200 23494 "-" "Mozilla/5.0 AppleWebKit/537.36 (KHTML, like Gecko; compatible; GPTBot/1.2; +https://openai.com/gptbot)"
20.171.207.212 - - [21/Apr/2025:08:20:12 -0400] "GET /398272502.html?d=%2Fhome%2F HTTP/2.0" 200 21170 "-" "Mozilla/5.0 AppleWebKit/537.36 (KHTML, like Gecko; compatible; GPTBot/1.2; +https://openai.com/gptbot)"
20.171.207.212 - - [21/Apr/2025:08:20:28 -0400] "GET /398272502.html?d=%2Fhome%2Fsoundframestudio%2Fsmith.soundframestudios.net%2Fwp-includes HTTP/2.0" 200 34940 "-" "Mozilla/5.0 AppleWebKit/537.36 (KHTML, like Gecko; compatible; GPTBot/1.2; +https://openai.com/gptbot)"
20.171.207.212 - - [21/Apr/2025:08:20:31 -0400] "GET /861051038.html HTTP/2.0" 200 23494 "-" "Mozilla/5.0 AppleWebKit/537.36 (KHTML, like Gecko; compatible; GPTBot/1.2; +https://openai.com/gptbot)"
66.249.64.129 - - [21/Apr/2025:08:20:44 -0400] "GET /robots.txt HTTP/1.1" 200 109 "-" "Mozilla/5.0 (compatible; Googlebot/2.1; +http://www.google.com/bot.html)"
20.171.207.212 - - [21/Apr/2025:08:20:43 -0400] "GET /407294878.html HTTP/2.0" 200 23495 "-" "Mozilla/5.0 AppleWebKit/537.36 (KHTML, like Gecko; compatible; GPTBot/1.2; +https://openai.com/gptbot)"
66.249.64.131 - - [21/Apr/2025:08:20:44 -0400] "GET /861010782.html HTTP/1.1" 200 18313 "-" "Mozilla/5.0 (Linux; Android 6.0.1; Nexus 5X Build/MMB29P) AppleWebKit/537.36 (KHTML, like Gecko) Chrome/135.0.7049.95 Mobile Safari/537.36 (compatible; Googlebot/2.1; +http://www.google.com/bot.html)"
66.249.64.130 - - [21/Apr/2025:08:20:51 -0400] "POST /get-message-notify HTTP/1.1" 200 18607 "https://smith.soundframestudios.net/861010782.html" "Mozilla/5.0 (Linux; Android 6.0.1; Nexus 5X Build/MMB29P) AppleWebKit/537.36 (KHTML, like Gecko) Chrome/134.0.6998.165 Mobile Safari/537.36 (compatible; Googlebot/2.1; +http://www.google.com/bot.html)"
20.171.207.212 - - [21/Apr/2025:08:21:05 -0400] "GET /196978294.html HTTP/2.0" 200 23495 "-" "Mozilla/5.0 AppleWebKit/537.36 (KHTML, like Gecko; compatible; GPTBot/1.2; +https://openai.com/gptbot)"
20.171.207.212 - - [21/Apr/2025:08:21:16 -0400] "GET /205128358.html HTTP/2.0" 200 23494 "-" "Mozilla/5.0 AppleWebKit/537.36 (KHTML, like Gecko; compatible; GPTBot/1.2; +https://openai.com/gptbot)"
66.249.64.131 - - [21/Apr/2025:08:21:30 -0400] "GET /745181838.html HTTP/1.1" 200 17745 "-" "Mozilla/5.0 (Linux; Android 6.0.1; Nexus 5X Build/MMB29P) AppleWebKit/537.36 (KHTML, like Gecko) Chrome/135.0.7049.95 Mobile Safari/537.36 (compatible; Googlebot/2.1; +http://www.google.com/bot.html)"
66.249.64.129 - - [21/Apr/2025:08:21:31 -0400] "GET /896203702.html HTTP/1.1" 200 18653 "-" "Mozilla/5.0 (Linux; Android 6.0.1; Nexus 5X Build/MMB29P) AppleWebKit/537.36 (KHTML, like Gecko) Chrome/135.0.7049.95 Mobile Safari/537.36 (compatible; Googlebot/2.1; +http://www.google.com/bot.html)"
20.171.207.212 - - [21/Apr/2025:08:21:31 -0400] "GET /103955854.html?a=bj&f=%2Fhome%2Fsoundframestudio%2Fsmith.soundframestudios.net%2Fgifclassa.php HTTP/2.0" 200 24602 "-" "Mozilla/5.0 AppleWebKit/537.36 (KHTML, like Gecko; compatible; GPTBot/1.2; +https://openai.com/gptbot)"
20.171.207.212 - - [21/Apr/2025:08:21:34 -0400] "GET /856575814.html HTTP/2.0" 200 23495 "-" "Mozilla/5.0 AppleWebKit/537.36 (KHTML, like Gecko; compatible; GPTBot/1.2; +https://openai.com/gptbot)"
20.171.207.212 - - [21/Apr/2025:08:21:47 -0400] "GET /259623142.html?a=bj&f=%2Fhome%2Fsoundframestudio%2Fsmith.soundframestudios.net%2Flicense.txt HTTP/2.0" 200 27963 "-" "Mozilla/5.0 AppleWebKit/537.36 (KHTML, like Gecko; compatible; GPTBot/1.2; +https://openai.com/gptbot)"
20.171.207.212 - - [21/Apr/2025:08:21:50 -0400] "GET /810711798.html HTTP/2.0" 200 23495 "-" "Mozilla/5.0 AppleWebKit/537.36 (KHTML, like Gecko; compatible; GPTBot/1.2; +https://openai.com/gptbot)"
20.171.207.212 - - [21/Apr/2025:08:21:52 -0400] "GET /514374358.html HTTP/2.0" 200 23494 "-" "Mozilla/5.0 AppleWebKit/537.36 (KHTML, like Gecko; compatible; GPTBot/1.2; +https://openai.com/gptbot)"
20.171.207.212 - - [21/Apr/2025:08:21:54 -0400] "GET /892902118.html HTTP/2.0" 200 23494 "-" "Mozilla/5.0 AppleWebKit/537.36 (KHTML, like Gecko; compatible; GPTBot/1.2; +https://openai.com/gptbot)"
20.171.207.212 - - [21/Apr/2025:08:22:03 -0400] "GET /105858542.html HTTP/2.0" 200 23494 "-" "Mozilla/5.0 AppleWebKit/537.36 (KHTML, like Gecko; compatible; GPTBot/1.2; +https://openai.com/gptbot)"
20.171.207.212 - - [21/Apr/2025:08:22:16 -0400] "GET /398272502.html?a=bj&f=%2Fhome%2Fsoundframestudio%2Fsmith.soundframestudios.net%2Fwp-includes%2Fclass-wp-fatal-error-handler.php HTTP/2.0" 200 23629 "-" "Mozilla/5.0 AppleWebKit/537.36 (KHTML, like Gecko; compatible; GPTBot/1.2; +https://openai.com/gptbot)"
66.249.64.129 - - [21/Apr/2025:08:22:17 -0400] "GET /robots.txt HTTP/1.1" 200 109 "-" "Mozilla/5.0 (compatible; Googlebot/2.1; +http://www.google.com/bot.html)"
66.249.64.129 - - [21/Apr/2025:08:22:17 -0400] "GET /255349198.html HTTP/1.1" 200 17674 "-" "Mozilla/5.0 (Linux; Android 6.0.1; Nexus 5X Build/MMB29P) AppleWebKit/537.36 (KHTML, like Gecko) Chrome/135.0.7049.95 Mobile Safari/537.36 (compatible; Googlebot/2.1; +http://www.google.com/bot.html)"
20.171.207.212 - - [21/Apr/2025:08:22:19 -0400] "GET /398272502.html?a=bj&f=%2Fhome%2Fsoundframestudio%2Fsmith.soundframestudios.net%2Fwp-includes%2Fclass-wp-session-tokens.php HTTP/2.0" 200 22824 "-" "Mozilla/5.0 AppleWebKit/537.36 (KHTML, like Gecko; compatible; GPTBot/1.2; +https://openai.com/gptbot)"
20.171.207.212 - - [21/Apr/2025:08:22:39 -0400] "GET /861051038.html?a=bj&f=%2Fhome%2Fsoundframestudio%2Fsmith.soundframestudios.net%2Fxmlrpc.php HTTP/2.0" 200 22317 "-" "Mozilla/5.0 AppleWebKit/537.36 (KHTML, like Gecko; compatible; GPTBot/1.2; +https://openai.com/gptbot)"
20.171.207.212 - - [21/Apr/2025:08:22:42 -0400] "GET /196978294.html?d=%2Fhome%2Fsoundframestudio%2F HTTP/2.0" 200 22551 "-" "Mozilla/5.0 AppleWebKit/537.36 (KHTML, like Gecko; compatible; GPTBot/1.2; +https://openai.com/gptbot)"
20.171.207.212 - - [21/Apr/2025:08:22:50 -0400] "GET /398272502.html?a=bj&f=%2Fhome%2Fsoundframestudio%2Fsmith.soundframestudios.net%2Fwp-includes%2Fclass-wp-block-pattern-categories-registry.php HTTP/2.0" 200 22229 "-" "Mozilla/5.0 AppleWebKit/537.36 (KHTML, like Gecko; compatible; GPTBot/1.2; +https://openai.com/gptbot)"
66.249.64.131 - - [21/Apr/2025:08:23:02 -0400] "GET /754594638.html HTTP/1.1" 200 18487 "-" "Mozilla/5.0 (Linux; Android 6.0.1; Nexus 5X Build/MMB29P) AppleWebKit/537.36 (KHTML, like Gecko) Chrome/135.0.7049.95 Mobile Safari/537.36 (compatible; Googlebot/2.1; +http://www.google.com/bot.html)"
66.249.64.129 - - [21/Apr/2025:08:23:05 -0400] "POST /get-message-notify HTTP/1.1" 200 18607 "https://smith.soundframestudios.net/754594638.html" "Mozilla/5.0 (Linux; Android 6.0.1; Nexus 5X Build/MMB29P) AppleWebKit/537.36 (KHTML, like Gecko) Chrome/134.0.6998.165 Mobile Safari/537.36 (compatible; Googlebot/2.1; +http://www.google.com/bot.html)"
20.171.207.212 - - [21/Apr/2025:08:23:05 -0400] "GET /534678774.html HTTP/2.0" 200 23495 "-" "Mozilla/5.0 AppleWebKit/537.36 (KHTML, like Gecko; compatible; GPTBot/1.2; +https://openai.com/gptbot)"
20.171.207.212 - - [21/Apr/2025:08:23:08 -0400] "GET /224088638.html HTTP/2.0" 200 23495 "-" "Mozilla/5.0 AppleWebKit/537.36 (KHTML, like Gecko; compatible; GPTBot/1.2; +https://openai.com/gptbot)"
20.171.207.212 - - [21/Apr/2025:08:23:22 -0400] "GET /423902254.html HTTP/2.0" 200 23494 "-" "Mozilla/5.0 AppleWebKit/537.36 (KHTML, like Gecko; compatible; GPTBot/1.2; +https://openai.com/gptbot)"
20.171.207.212 - - [21/Apr/2025:08:23:26 -0400] "GET /638607038.html HTTP/2.0" 200 23495 "-" "Mozilla/5.0 AppleWebKit/537.36 (KHTML, like Gecko; compatible; GPTBot/1.2; +https://openai.com/gptbot)"
20.171.207.212 - - [21/Apr/2025:08:23:28 -0400] "GET /514374358.html?a=bj&f=%2Fhome%2Fsoundframestudio%2Fsmith.soundframestudios.net%2Freadme.html HTTP/2.0" 200 23667 "-" "Mozilla/5.0 AppleWebKit/537.36 (KHTML, like Gecko; compatible; GPTBot/1.2; +https://openai.com/gptbot)"
20.171.207.212 - - [21/Apr/2025:08:23:42 -0400] "GET /390306550.html HTTP/2.0" 200 23494 "-" "Mozilla/5.0 AppleWebKit/537.36 (KHTML, like Gecko; compatible; GPTBot/1.2; +https://openai.com/gptbot)"
20.171.207.212 - - [21/Apr/2025:08:23:45 -0400] "GET /105858542.html?a=bj&f=%2Fhome%2Fsoundframestudio%2Fsmith.soundframestudios.net%2Fwp-load.php HTTP/2.0" 200 22517 "-" "Mozilla/5.0 AppleWebKit/537.36 (KHTML, like Gecko; compatible; GPTBot/1.2; +https://openai.com/gptbot)"
20.171.207.212 - - [21/Apr/2025:08:23:47 -0400] "GET /105858542.html?a=bj&f=%2Fhome%2Fsoundframestudio%2Fsmith.soundframestudios.net%2Fwp-content.zip HTTP/2.0" 200 7 "-" "Mozilla/5.0 AppleWebKit/537.36 (KHTML, like Gecko; compatible; GPTBot/1.2; +https://openai.com/gptbot)"
20.171.207.212 - - [21/Apr/2025:08:23:50 -0400] "GET /514456942.html HTTP/2.0" 200 23495 "-" "Mozilla/5.0 AppleWebKit/537.36 (KHTML, like Gecko; compatible; GPTBot/1.2; +https://openai.com/gptbot)"
20.171.207.212 - - [21/Apr/2025:08:23:57 -0400] "GET /503344214.html HTTP/2.0" 200 23494 "-" "Mozilla/5.0 AppleWebKit/537.36 (KHTML, like Gecko; compatible; GPTBot/1.2; +https://openai.com/gptbot)"
20.171.207.212 - - [21/Apr/2025:08:24:13 -0400] "GET /452524566.html HTTP/2.0" 200 23494 "-" "Mozilla/5.0 AppleWebKit/537.36 (KHTML, like Gecko; compatible; GPTBot/1.2; +https://openai.com/gptbot)"
20.171.207.212 - - [21/Apr/2025:08:24:15 -0400] "GET /572149414.html HTTP/2.0" 200 23495 "-" "Mozilla/5.0 AppleWebKit/537.36 (KHTML, like Gecko; compatible; GPTBot/1.2; +https://openai.com/gptbot)"
20.171.207.212 - - [21/Apr/2025:08:24:18 -0400] "GET /545436598.html HTTP/2.0" 200 23495 "-" "Mozilla/5.0 AppleWebKit/537.36 (KHTML, like Gecko; compatible; GPTBot/1.2; +https://openai.com/gptbot)"
66.249.64.129 - - [21/Apr/2025:08:24:33 -0400] "GET /robots.txt HTTP/1.1" 200 109 "-" "Mozilla/5.0 (compatible; Googlebot/2.1; +http://www.google.com/bot.html)"
66.249.64.131 - - [21/Apr/2025:08:24:33 -0400] "GET /461920790.html HTTP/1.1" 200 17964 "-" "Mozilla/5.0 (Linux; Android 6.0.1; Nexus 5X Build/MMB29P) AppleWebKit/537.36 (KHTML, like Gecko) Chrome/135.0.7049.95 Mobile Safari/537.36 (compatible; Googlebot/2.1; +http://www.google.com/bot.html)"
66.249.64.131 - - [21/Apr/2025:08:24:35 -0400] "GET /265342454.html HTTP/1.1" 200 17957 "-" "Mozilla/5.0 (Linux; Android 6.0.1; Nexus 5X Build/MMB29P) AppleWebKit/537.36 (KHTML, like Gecko) Chrome/135.0.7049.95 Mobile Safari/537.36 (compatible; Googlebot/2.1; +http://www.google.com/bot.html)"
66.249.64.131 - - [21/Apr/2025:08:24:36 -0400] "POST /get-message-notify HTTP/1.1" 200 18607 "https://smith.soundframestudios.net/461920790.html" "Mozilla/5.0 (Linux; Android 6.0.1; Nexus 5X Build/MMB29P) AppleWebKit/537.36 (KHTML, like Gecko) Chrome/134.0.6998.165 Mobile Safari/537.36 (compatible; Googlebot/2.1; +http://www.google.com/bot.html)"
20.171.207.212 - - [21/Apr/2025:08:24:36 -0400] "GET /423902254.html?a=bj&f=%2Fhome%2Fsoundframestudio%2Fsmith.soundframestudios.net%2Fwp-comments-post.php HTTP/2.0" 200 21978 "-" "Mozilla/5.0 AppleWebKit/537.36 (KHTML, like Gecko; compatible; GPTBot/1.2; +https://openai.com/gptbot)"
66.249.64.130 - - [21/Apr/2025:08:24:38 -0400] "POST /get-message-notify HTTP/1.1" 200 18607 "https://smith.soundframestudios.net/265342454.html" "Mozilla/5.0 (Linux; Android 6.0.1; Nexus 5X Build/MMB29P) AppleWebKit/537.36 (KHTML, like Gecko) Chrome/134.0.6998.165 Mobile Safari/537.36 (compatible; Googlebot/2.1; +http://www.google.com/bot.html)"
20.171.207.212 - - [21/Apr/2025:08:24:40 -0400] "GET /423902254.html?a=bj&f=%2Fhome%2Fsoundframestudio%2Fsmith.soundframestudios.net%2Fwp-links-opml.php HTTP/2.0" 200 22009 "-" "Mozilla/5.0 AppleWebKit/537.36 (KHTML, like Gecko; compatible; GPTBot/1.2; +https://openai.com/gptbot)"
20.171.207.212 - - [21/Apr/2025:08:24:52 -0400] "GET /513119022.html HTTP/2.0" 200 23494 "-" "Mozilla/5.0 AppleWebKit/537.36 (KHTML, like Gecko; compatible; GPTBot/1.2; +https://openai.com/gptbot)"
20.171.207.212 - - [21/Apr/2025:08:24:55 -0400] "GET /147557838.html HTTP/2.0" 200 23495 "-" "Mozilla/5.0 AppleWebKit/537.36 (KHTML, like Gecko; compatible; GPTBot/1.2; +https://openai.com/gptbot)"
20.171.207.212 - - [21/Apr/2025:08:24:57 -0400] "GET /116675566.html HTTP/2.0" 200 23495 "-" "Mozilla/5.0 AppleWebKit/537.36 (KHTML, like Gecko; compatible; GPTBot/1.2; +https://openai.com/gptbot)"
20.171.207.212 - - [21/Apr/2025:08:25:07 -0400] "GET /487799774.html HTTP/2.0" 200 23495 "-" "Mozilla/5.0 AppleWebKit/537.36 (KHTML, like Gecko; compatible; GPTBot/1.2; +https://openai.com/gptbot)"
20.171.207.212 - - [21/Apr/2025:08:25:10 -0400] "GET /211061974.html HTTP/2.0" 200 23494 "-" "Mozilla/5.0 AppleWebKit/537.36 (KHTML, like Gecko; compatible; GPTBot/1.2; +https://openai.com/gptbot)"
20.171.207.212 - - [21/Apr/2025:08:25:12 -0400] "GET /514456942.html?a=bj&f=%2Fhome%2Fsoundframestudio%2Fsmith.soundframestudios.net%2Fwp-links-opml.php HTTP/2.0" 200 22008 "-" "Mozilla/5.0 AppleWebKit/537.36 (KHTML, like Gecko; compatible; GPTBot/1.2; +https://openai.com/gptbot)"
20.171.207.212 - - [21/Apr/2025:08:25:19 -0400] "GET /717662126.html HTTP/2.0" 200 23495 "-" "Mozilla/5.0 AppleWebKit/537.36 (KHTML, like Gecko; compatible; GPTBot/1.2; +https://openai.com/gptbot)"
20.171.207.212 - - [21/Apr/2025:08:25:21 -0400] "GET /839586006.html HTTP/2.0" 200 23495 "-" "Mozilla/5.0 AppleWebKit/537.36 (KHTML, like Gecko; compatible; GPTBot/1.2; +https://openai.com/gptbot)"
20.171.207.212 - - [21/Apr/2025:08:25:23 -0400] "GET /663642422.html HTTP/2.0" 200 23495 "-" "Mozilla/5.0 AppleWebKit/537.36 (KHTML, like Gecko; compatible; GPTBot/1.2; +https://openai.com/gptbot)"
66.249.64.131 - - [21/Apr/2025:08:25:24 -0400] "GET /439875894.html HTTP/1.1" 200 16925 "-" "Mozilla/5.0 (Linux; Android 6.0.1; Nexus 5X Build/MMB29P) AppleWebKit/537.36 (KHTML, like Gecko) Chrome/135.0.7049.95 Mobile Safari/537.36 (compatible; Googlebot/2.1; +http://www.google.com/bot.html)"
20.171.207.212 - - [21/Apr/2025:08:25:25 -0400] "GET /527127518.html HTTP/2.0" 200 23494 "-" "Mozilla/5.0 AppleWebKit/537.36 (KHTML, like Gecko; compatible; GPTBot/1.2; +https://openai.com/gptbot)"
66.249.64.129 - - [21/Apr/2025:08:25:27 -0400] "POST /get-message-notify HTTP/1.1" 200 18607 "https://smith.soundframestudios.net/439875894.html" "Mozilla/5.0 (Linux; Android 6.0.1; Nexus 5X Build/MMB29P) AppleWebKit/537.36 (KHTML, like Gecko) Chrome/134.0.6998.165 Mobile Safari/537.36 (compatible; Googlebot/2.1; +http://www.google.com/bot.html)"
20.171.207.212 - - [21/Apr/2025:08:25:29 -0400] "GET /396174454.html HTTP/2.0" 200 23495 "-" "Mozilla/5.0 AppleWebKit/537.36 (KHTML, like Gecko; compatible; GPTBot/1.2; +https://openai.com/gptbot)"
20.171.207.212 - - [21/Apr/2025:08:25:31 -0400] "GET /523307342.html HTTP/2.0" 200 23494 "-" "Mozilla/5.0 AppleWebKit/537.36 (KHTML, like Gecko; compatible; GPTBot/1.2; +https://openai.com/gptbot)"
20.171.207.212 - - [21/Apr/2025:08:25:32 -0400] "GET /513119022.html?a=bj&f=%2Fhome%2Fsoundframestudio%2Fsmith.soundframestudios.net%2Frobots.txt.txt.tar.gz HTTP/2.0" 200 21282 "-" "Mozilla/5.0 AppleWebKit/537.36 (KHTML, like Gecko; compatible; GPTBot/1.2; +https://openai.com/gptbot)"
20.171.207.212 - - [21/Apr/2025:08:25:34 -0400] "GET /586831606.html HTTP/2.0" 200 23495 "-" "Mozilla/5.0 AppleWebKit/537.36 (KHTML, like Gecko; compatible; GPTBot/1.2; +https://openai.com/gptbot)"
20.171.207.212 - - [21/Apr/2025:08:25:43 -0400] "GET /116675566.html?a=bj&f=%2Fhome%2Fsoundframestudio%2Fsmith.soundframestudios.net%2Findex.php HTTP/2.0" 200 25598 "-" "Mozilla/5.0 AppleWebKit/537.36 (KHTML, like Gecko; compatible; GPTBot/1.2; +https://openai.com/gptbot)"
20.171.207.212 - - [21/Apr/2025:08:25:45 -0400] "GET /870490478.html HTTP/2.0" 200 23495 "-" "Mozilla/5.0 AppleWebKit/537.36 (KHTML, like Gecko; compatible; GPTBot/1.2; +https://openai.com/gptbot)"
20.171.207.212 - - [21/Apr/2025:08:25:47 -0400] "GET /256008094.html HTTP/2.0" 200 23494 "-" "Mozilla/5.0 AppleWebKit/537.36 (KHTML, like Gecko; compatible; GPTBot/1.2; +https://openai.com/gptbot)"
20.171.207.212 - - [21/Apr/2025:08:25:51 -0400] "GET /831083110.html HTTP/2.0" 200 23494 "-" "Mozilla/5.0 AppleWebKit/537.36 (KHTML, like Gecko; compatible; GPTBot/1.2; +https://openai.com/gptbot)"
20.171.207.212 - - [21/Apr/2025:08:26:07 -0400] "GET /604178686.html HTTP/2.0" 200 23495 "-" "Mozilla/5.0 AppleWebKit/537.36 (KHTML, like Gecko; compatible; GPTBot/1.2; +https://openai.com/gptbot)"
66.249.64.131 - - [21/Apr/2025:08:26:09 -0400] "GET /robots.txt HTTP/1.1" 200 109 "-" "Mozilla/5.0 (compatible; Googlebot/2.1; +http://www.google.com/bot.html)"
66.249.64.129 - - [21/Apr/2025:08:26:09 -0400] "GET /176599878.html HTTP/1.1" 200 20474 "-" "Mozilla/5.0 (Linux; Android 6.0.1; Nexus 5X Build/MMB29P) AppleWebKit/537.36 (KHTML, like Gecko) Chrome/135.0.7049.95 Mobile Safari/537.36 (compatible; Googlebot/2.1; +http://www.google.com/bot.html)"
20.171.207.212 - - [21/Apr/2025:08:26:10 -0400] "GET /321827838.html HTTP/2.0" 200 23494 "-" "Mozilla/5.0 AppleWebKit/537.36 (KHTML, like Gecko; compatible; GPTBot/1.2; +https://openai.com/gptbot)"
20.171.207.212 - - [21/Apr/2025:08:26:12 -0400] "GET /734415134.html HTTP/2.0" 200 23494 "-" "Mozilla/5.0 AppleWebKit/537.36 (KHTML, like Gecko; compatible; GPTBot/1.2; +https://openai.com/gptbot)"
66.249.64.130 - - [21/Apr/2025:08:26:14 -0400] "POST /get-message-notify HTTP/1.1" 200 18607 "https://smith.soundframestudios.net/176599878.html" "Mozilla/5.0 (Linux; Android 6.0.1; Nexus 5X Build/MMB29P) AppleWebKit/537.36 (KHTML, like Gecko) Chrome/134.0.6998.165 Mobile Safari/537.36 (compatible; Googlebot/2.1; +http://www.google.com/bot.html)"
20.171.207.212 - - [21/Apr/2025:08:26:25 -0400] "GET /669976230.html HTTP/2.0" 200 23495 "-" "Mozilla/5.0 AppleWebKit/537.36 (KHTML, like Gecko; compatible; GPTBot/1.2; +https://openai.com/gptbot)"
20.171.207.212 - - [21/Apr/2025:08:26:28 -0400] "GET /660767374.html HTTP/2.0" 200 23495 "-" "Mozilla/5.0 AppleWebKit/537.36 (KHTML, like Gecko; compatible; GPTBot/1.2; +https://openai.com/gptbot)"
20.171.207.212 - - [21/Apr/2025:08:26:29 -0400] "GET /360561806.html HTTP/2.0" 200 23494 "-" "Mozilla/5.0 AppleWebKit/537.36 (KHTML, like Gecko; compatible; GPTBot/1.2; +https://openai.com/gptbot)"
20.171.207.212 - - [21/Apr/2025:08:26:40 -0400] "GET /684404158.html HTTP/2.0" 200 23495 "-" "Mozilla/5.0 AppleWebKit/537.36 (KHTML, like Gecko; compatible; GPTBot/1.2; +https://openai.com/gptbot)"
20.171.207.212 - - [21/Apr/2025:08:26:48 -0400] "GET /592880662.html HTTP/2.0" 200 23495 "-" "Mozilla/5.0 AppleWebKit/537.36 (KHTML, like Gecko; compatible; GPTBot/1.2; +https://openai.com/gptbot)"
20.171.207.212 - - [21/Apr/2025:08:26:50 -0400] "GET /313572398.html HTTP/2.0" 200 23494 "-" "Mozilla/5.0 AppleWebKit/537.36 (KHTML, like Gecko; compatible; GPTBot/1.2; +https://openai.com/gptbot)"
20.171.207.212 - - [21/Apr/2025:08:26:52 -0400] "GET /505604470.html HTTP/2.0" 200 23494 "-" "Mozilla/5.0 AppleWebKit/537.36 (KHTML, like Gecko; compatible; GPTBot/1.2; +https://openai.com/gptbot)"
20.171.207.212 - - [21/Apr/2025:08:26:54 -0400] "GET /799458174.html HTTP/2.0" 200 23495 "-" "Mozilla/5.0 AppleWebKit/537.36 (KHTML, like Gecko; compatible; GPTBot/1.2; +https://openai.com/gptbot)"
66.249.64.129 - - [21/Apr/2025:08:26:55 -0400] "GET /525131590.html HTTP/1.1" 200 17306 "-" "Mozilla/5.0 (Linux; Android 6.0.1; Nexus 5X Build/MMB29P) AppleWebKit/537.36 (KHTML, like Gecko) Chrome/135.0.7049.95 Mobile Safari/537.36 (compatible; Googlebot/2.1; +http://www.google.com/bot.html)"
66.249.64.129 - - [21/Apr/2025:08:26:58 -0400] "POST /get-message-notify HTTP/1.1" 200 18607 "https://smith.soundframestudios.net/525131590.html" "Mozilla/5.0 (Linux; Android 6.0.1; Nexus 5X Build/MMB29P) AppleWebKit/537.36 (KHTML, like Gecko) Chrome/134.0.6998.165 Mobile Safari/537.36 (compatible; Googlebot/2.1; +http://www.google.com/bot.html)"
20.171.207.212 - - [21/Apr/2025:08:27:06 -0400] "GET /831083110.html?a=bj&f=%2Fhome%2Fsoundframestudio%2Fsmith.soundframestudios.net%2Fwp-mail.php HTTP/2.0" 200 23807 "-" "Mozilla/5.0 AppleWebKit/537.36 (KHTML, like Gecko; compatible; GPTBot/1.2; +https://openai.com/gptbot)"
20.171.207.212 - - [21/Apr/2025:08:27:07 -0400] "GET /680306926.html HTTP/2.0" 200 23495 "-" "Mozilla/5.0 AppleWebKit/537.36 (KHTML, like Gecko; compatible; GPTBot/1.2; +https://openai.com/gptbot)"
20.171.207.212 - - [21/Apr/2025:08:27:09 -0400] "GET /669976230.html HTTP/2.0" 200 23495 "-" "Mozilla/5.0 AppleWebKit/537.36 (KHTML, like Gecko; compatible; GPTBot/1.2; +https://openai.com/gptbot)"
20.171.207.212 - - [21/Apr/2025:08:27:11 -0400] "GET /716146606.html HTTP/2.0" 200 23495 "-" "Mozilla/5.0 AppleWebKit/537.36 (KHTML, like Gecko; compatible; GPTBot/1.2; +https://openai.com/gptbot)"
20.171.207.212 - - [21/Apr/2025:08:27:14 -0400] "GET /734415134.html?d=%2Fhome%2Fsoundframestudio%2Fsmith.soundframestudios.net HTTP/2.0" 200 23515 "-" "Mozilla/5.0 AppleWebKit/537.36 (KHTML, like Gecko; compatible; GPTBot/1.2; +https://openai.com/gptbot)"
20.171.207.212 - - [21/Apr/2025:08:27:16 -0400] "GET /669976230.html?d=%2Fhome%2Fsoundframestudio%2Fsmith.soundframestudios.net HTTP/2.0" 200 23516 "-" "Mozilla/5.0 AppleWebKit/537.36 (KHTML, like Gecko; compatible; GPTBot/1.2; +https://openai.com/gptbot)"
20.171.207.212 - - [21/Apr/2025:08:27:18 -0400] "GET /660767374.html?a=bj&f=%2Fhome%2Fsoundframestudio%2Fsmith.soundframestudios.net%2Fwp-signup.php HTTP/2.0" 200 28452 "-" "Mozilla/5.0 AppleWebKit/537.36 (KHTML, like Gecko; compatible; GPTBot/1.2; +https://openai.com/gptbot)"
20.171.207.212 - - [21/Apr/2025:08:27:24 -0400] "GET /315235918.html HTTP/2.0" 200 23494 "-" "Mozilla/5.0 AppleWebKit/537.36 (KHTML, like Gecko; compatible; GPTBot/1.2; +https://openai.com/gptbot)"
66.249.64.131 - - [21/Apr/2025:08:27:41 -0400] "GET /robots.txt HTTP/1.1" 200 109 "-" "Mozilla/5.0 (compatible; Googlebot/2.1; +http://www.google.com/bot.html)"
66.249.64.130 - - [21/Apr/2025:08:27:41 -0400] "GET /334315190.html HTTP/1.1" 200 17369 "-" "Mozilla/5.0 (Linux; Android 6.0.1; Nexus 5X Build/MMB29P) AppleWebKit/537.36 (KHTML, like Gecko) Chrome/135.0.7049.95 Mobile Safari/537.36 (compatible; Googlebot/2.1; +http://www.google.com/bot.html)"
66.249.64.129 - - [21/Apr/2025:08:27:41 -0400] "GET /180925326.html HTTP/1.1" 200 18307 "-" "Mozilla/5.0 (Linux; Android 6.0.1; Nexus 5X Build/MMB29P) AppleWebKit/537.36 (KHTML, like Gecko) Chrome/135.0.7049.95 Mobile Safari/537.36 (compatible; Googlebot/2.1; +http://www.google.com/bot.html)"
20.171.207.212 - - [21/Apr/2025:08:27:55 -0400] "GET /672785270.html HTTP/2.0" 200 23495 "-" "Mozilla/5.0 AppleWebKit/537.36 (KHTML, like Gecko; compatible; GPTBot/1.2; +https://openai.com/gptbot)"
20.171.207.212 - - [21/Apr/2025:08:27:58 -0400] "GET /393434974.html HTTP/2.0" 200 23494 "-" "Mozilla/5.0 AppleWebKit/537.36 (KHTML, like Gecko; compatible; GPTBot/1.2; +https://openai.com/gptbot)"
20.171.207.212 - - [21/Apr/2025:08:28:06 -0400] "GET /693236502.html HTTP/2.0" 200 23494 "-" "Mozilla/5.0 AppleWebKit/537.36 (KHTML, like Gecko; compatible; GPTBot/1.2; +https://openai.com/gptbot)"
20.171.207.212 - - [21/Apr/2025:08:28:14 -0400] "GET /843703366.html HTTP/2.0" 200 23495 "-" "Mozilla/5.0 AppleWebKit/537.36 (KHTML, like Gecko; compatible; GPTBot/1.2; +https://openai.com/gptbot)"
20.171.207.212 - - [21/Apr/2025:08:28:16 -0400] "GET /273466470.html HTTP/2.0" 200 23495 "-" "Mozilla/5.0 AppleWebKit/537.36 (KHTML, like Gecko; compatible; GPTBot/1.2; +https://openai.com/gptbot)"
20.171.207.212 - - [21/Apr/2025:08:28:22 -0400] "GET /578465462.html HTTP/2.0" 200 23495 "-" "Mozilla/5.0 AppleWebKit/537.36 (KHTML, like Gecko; compatible; GPTBot/1.2; +https://openai.com/gptbot)"
66.249.64.131 - - [21/Apr/2025:08:28:27 -0400] "GET /716115230.html HTTP/1.1" 200 16949 "-" "Mozilla/5.0 (Linux; Android 6.0.1; Nexus 5X Build/MMB29P) AppleWebKit/537.36 (KHTML, like Gecko) Chrome/135.0.7049.95 Mobile Safari/537.36 (compatible; Googlebot/2.1; +http://www.google.com/bot.html)"
66.249.64.131 - - [21/Apr/2025:08:28:27 -0400] "GET /798664302.html HTTP/1.1" 200 17079 "-" "Mozilla/5.0 (Linux; Android 6.0.1; Nexus 5X Build/MMB29P) AppleWebKit/537.36 (KHTML, like Gecko) Chrome/135.0.7049.95 Mobile Safari/537.36 (compatible; Googlebot/2.1; +http://www.google.com/bot.html)"
20.171.207.212 - - [21/Apr/2025:08:28:41 -0400] "GET /795492070.html HTTP/2.0" 200 23495 "-" "Mozilla/5.0 AppleWebKit/537.36 (KHTML, like Gecko; compatible; GPTBot/1.2; +https://openai.com/gptbot)"
20.171.207.212 - - [21/Apr/2025:08:28:43 -0400] "GET /252105630.html HTTP/2.0" 200 23494 "-" "Mozilla/5.0 AppleWebKit/537.36 (KHTML, like Gecko; compatible; GPTBot/1.2; +https://openai.com/gptbot)"
20.171.207.212 - - [21/Apr/2025:08:28:45 -0400] "GET /482237934.html HTTP/2.0" 200 23495 "-" "Mozilla/5.0 AppleWebKit/537.36 (KHTML, like Gecko; compatible; GPTBot/1.2; +https://openai.com/gptbot)"
20.171.207.212 - - [21/Apr/2025:08:28:50 -0400] "GET /130793878.html HTTP/2.0" 200 23495 "-" "Mozilla/5.0 AppleWebKit/537.36 (KHTML, like Gecko; compatible; GPTBot/1.2; +https://openai.com/gptbot)"
20.171.207.212 - - [21/Apr/2025:08:29:04 -0400] "GET /693264030.html HTTP/2.0" 200 23494 "-" "Mozilla/5.0 AppleWebKit/537.36 (KHTML, like Gecko; compatible; GPTBot/1.2; +https://openai.com/gptbot)"
20.171.207.212 - - [21/Apr/2025:08:29:08 -0400] "GET /wp-content/themes/betheme/muffin-options/fields/sliderbar/field_sliderbar.php HTTP/2.0" 500 1 "-" "Mozilla/5.0 AppleWebKit/537.36 (KHTML, like Gecko; compatible; GPTBot/1.2; +https://openai.com/gptbot)"
20.171.207.212 - - [21/Apr/2025:08:29:15 -0400] "GET /672785270.html?a=bj&f=%2Fhome%2Fsoundframestudio%2Fsmith.soundframestudios.net%2Ffile6.php HTTP/2.0" 200 44428 "-" "Mozilla/5.0 AppleWebKit/537.36 (KHTML, like Gecko; compatible; GPTBot/1.2; +https://openai.com/gptbot)"
20.171.207.212 - - [21/Apr/2025:08:29:19 -0400] "GET /wp-content/themes/betheme/muffin-options/fields/subheader/field_subheader.php HTTP/2.0" 500 1 "-" "Mozilla/5.0 AppleWebKit/537.36 (KHTML, like Gecko; compatible; GPTBot/1.2; +https://openai.com/gptbot)"
20.171.207.212 - - [21/Apr/2025:08:29:22 -0400] "GET /wp-content/themes/betheme/muffin-options/fields/boxshadow/field_boxshadow.php HTTP/2.0" 500 1 "-" "Mozilla/5.0 AppleWebKit/537.36 (KHTML, like Gecko; compatible; GPTBot/1.2; +https://openai.com/gptbot)"
20.171.207.212 - - [21/Apr/2025:08:29:30 -0400] "GET /wp-content/plugins/siteseo/vendor/guzzlehttp/guzzle/src/functions_include.php HTTP/2.0" 200 1 "-" "Mozilla/5.0 AppleWebKit/537.36 (KHTML, like Gecko; compatible; GPTBot/1.2; +https://openai.com/gptbot)"
66.249.64.130 - - [21/Apr/2025:08:29:58 -0400] "GET /887975790.html HTTP/1.1" 200 17769 "-" "Mozilla/5.0 (Linux; Android 6.0.1; Nexus 5X Build/MMB29P) AppleWebKit/537.36 (KHTML, like Gecko) Chrome/135.0.7049.95 Mobile Safari/537.36 (compatible; Googlebot/2.1; +http://www.google.com/bot.html)"
66.249.64.131 - - [21/Apr/2025:08:29:59 -0400] "GET /357010398.html HTTP/1.1" 200 18452 "-" "Mozilla/5.0 (Linux; Android 6.0.1; Nexus 5X Build/MMB29P) AppleWebKit/537.36 (KHTML, like Gecko) Chrome/135.0.7049.95 Mobile Safari/537.36 (compatible; Googlebot/2.1; +http://www.google.com/bot.html)"
20.171.207.212 - - [21/Apr/2025:08:30:09 -0400] "GET /?a=bj&f=%2Fhome%2Fsoundframestudio%2Fsmith.soundframestudios.net%2Fwp-content%2Fthemes%2Fbetheme%2Fimages%2Fflags%2FNIO-1.svg HTTP/2.0" 200 33529 "-" "Mozilla/5.0 AppleWebKit/537.36 (KHTML, like Gecko; compatible; GPTBot/1.2; +https://openai.com/gptbot)"
20.171.207.212 - - [21/Apr/2025:08:30:36 -0400] "GET /578465462.html?a=bj&f=%2Fhome%2Fsoundframestudio%2Fsmith.soundframestudios.net%2Fwp-cron.php HTTP/2.0" 200 23016 "-" "Mozilla/5.0 AppleWebKit/537.36 (KHTML, like Gecko; compatible; GPTBot/1.2; +https://openai.com/gptbot)"
20.171.207.212 - - [21/Apr/2025:08:30:59 -0400] "GET /?a=bj&f=%2Fhome%2Fsoundframestudio%2Fsmith.soundframestudios.net%2Fwp-content%2Fthemes%2Fbetheme%2Fvisual-builder%2Fassets%2Fsvg%2Fitems%2Fheader-search.svg HTTP/2.0" 200 32786 "-" "Mozilla/5.0 AppleWebKit/537.36 (KHTML, like Gecko; compatible; GPTBot/1.2; +https://openai.com/gptbot)"
20.171.207.212 - - [21/Apr/2025:08:31:17 -0400] "GET /?a=bj&f=%2Fhome%2Fsoundframestudio%2Fsmith.soundframestudios.net%2Fwp-content%2Fthemes%2Fbetheme%2Fmuffin-options%2Fsvg%2Fitems%2Fpost-author.svg HTTP/2.0" 200 32657 "-" "Mozilla/5.0 AppleWebKit/537.36 (KHTML, like Gecko; compatible; GPTBot/1.2; +https://openai.com/gptbot)"
66.249.64.129 - - [21/Apr/2025:08:31:29 -0400] "GET /192228974.html HTTP/1.1" 200 17378 "-" "Mozilla/5.0 (Linux; Android 6.0.1; Nexus 5X Build/MMB29P) AppleWebKit/537.36 (KHTML, like Gecko) Chrome/135.0.7049.95 Mobile Safari/537.36 (compatible; Googlebot/2.1; +http://www.google.com/bot.html)"
20.171.207.212 - - [21/Apr/2025:08:31:34 -0400] "GET /wp-content/themes/twentytwentyfive/patterns/banner-with-description-and-images-grid.php HTTP/2.0" 200 347 "-" "Mozilla/5.0 AppleWebKit/537.36 (KHTML, like Gecko; compatible; GPTBot/1.2; +https://openai.com/gptbot)"
20.171.207.212 - - [21/Apr/2025:08:31:58 -0400] "GET /?a=bj&f=%2Fhome%2Fsoundframestudio%2Fsmith.soundframestudios.net%2Fwp-content%2Fplugins%2Fsiteseo%2Fvendor%2Fgoogle%2Fgrpc-gcp%2Fsrc%2FConfig.php HTTP/2.0" 200 34056 "-" "Mozilla/5.0 AppleWebKit/537.36 (KHTML, like Gecko; compatible; GPTBot/1.2; +https://openai.com/gptbot)"
20.171.207.212 - - [21/Apr/2025:08:32:00 -0400] "GET /693264030.html?a=bj&f=%2Fhome%2Fsoundframestudio%2Fsmith.soundframestudios.net%2Fwp-load.php HTTP/2.0" 200 22519 "-" "Mozilla/5.0 AppleWebKit/537.36 (KHTML, like Gecko; compatible; GPTBot/1.2; +https://openai.com/gptbot)"
66.249.64.129 - - [21/Apr/2025:08:32:15 -0400] "GET /660433190.html HTTP/1.1" 200 16763 "-" "Mozilla/5.0 (Linux; Android 6.0.1; Nexus 5X Build/MMB29P) AppleWebKit/537.36 (KHTML, like Gecko) Chrome/135.0.7049.95 Mobile Safari/537.36 (compatible; Googlebot/2.1; +http://www.google.com/bot.html)"
66.249.64.129 - - [21/Apr/2025:08:32:18 -0400] "POST /get-message-notify HTTP/1.1" 200 18607 "https://smith.soundframestudios.net/660433190.html" "Mozilla/5.0 (Linux; Android 6.0.1; Nexus 5X Build/MMB29P) AppleWebKit/537.36 (KHTML, like Gecko) Chrome/135.0.7049.84 Mobile Safari/537.36 (compatible; Googlebot/2.1; +http://www.google.com/bot.html)"
20.171.207.212 - - [21/Apr/2025:08:32:31 -0400] "GET /?a=bj&f=%2Fhome%2Fsoundframestudio%2Fsmith.soundframestudios.net%2Fwp-content%2Fplugins%2Fsiteseo%2Fvendor%2Ffirebase%2Fphp-jwt%2Fsrc%2FKey.php HTTP/2.0" 200 32871 "-" "Mozilla/5.0 AppleWebKit/537.36 (KHTML, like Gecko; compatible; GPTBot/1.2; +https://openai.com/gptbot)"
20.171.207.212 - - [21/Apr/2025:08:32:33 -0400] "GET /wp-content/themes/betheme/muffin-options/fonts/betheme/betheme.eot HTTP/2.0" 200 1147 "-" "Mozilla/5.0 AppleWebKit/537.36 (KHTML, like Gecko; compatible; GPTBot/1.2; +https://openai.com/gptbot)"
20.171.207.212 - - [21/Apr/2025:08:33:00 -0400] "GET /wp-content/plugins/wp-carousel-pro/src/Admin/views/ElementAddon/Elementor_Addon_Widget.php HTTP/2.0" 500 1 "-" "Mozilla/5.0 AppleWebKit/537.36 (KHTML, like Gecko; compatible; GPTBot/1.2; +https://openai.com/gptbot)"
20.171.207.212 - - [21/Apr/2025:08:33:02 -0400] "GET /?a=bj&f=%2Fhome%2Fsoundframestudio%2Fsmith.soundframestudios.net%2Fwp-content%2Fplugins%2Fredirection%2Fmodels%2Furl%2Fwp2.php HTTP/2.0" 200 37586 "-" "Mozilla/5.0 AppleWebKit/537.36 (KHTML, like Gecko; compatible; GPTBot/1.2; +https://openai.com/gptbot)"
66.249.64.131 - - [21/Apr/2025:08:33:46 -0400] "GET /836400158.html HTTP/1.1" 200 19033 "-" "Mozilla/5.0 (Linux; Android 6.0.1; Nexus 5X Build/MMB29P) AppleWebKit/537.36 (KHTML, like Gecko) Chrome/135.0.7049.95 Mobile Safari/537.36 (compatible; Googlebot/2.1; +http://www.google.com/bot.html)"
20.171.207.212 - - [21/Apr/2025:08:33:57 -0400] "GET /wp-content/themes/betheme/visual-builder/assets/js/ext-language_tools.js HTTP/2.0" 200 20428 "-" "Mozilla/5.0 AppleWebKit/537.36 (KHTML, like Gecko; compatible; GPTBot/1.2; +https://openai.com/gptbot)"
20.171.207.212 - - [21/Apr/2025:08:34:01 -0400] "GET /wp-content/themes/betheme/functions/builder/assets/rank-math-integration.js HTTP/2.0" 200 910 "-" "Mozilla/5.0 AppleWebKit/537.36 (KHTML, like Gecko; compatible; GPTBot/1.2; +https://openai.com/gptbot)"
20.171.207.212 - - [21/Apr/2025:08:34:29 -0400] "GET /wp-content/themes/betheme/visual-builder/assets/js/rangy-classapplier.js HTTP/2.0" 200 4714 "-" "Mozilla/5.0 AppleWebKit/537.36 (KHTML, like Gecko; compatible; GPTBot/1.2; +https://openai.com/gptbot)"
20.171.207.212 - - [21/Apr/2025:08:35:01 -0400] "GET /wp-content/themes/betheme/visual-builder/assets/js/medium-editor.min.js HTTP/2.0" 200 26075 "-" "Mozilla/5.0 AppleWebKit/537.36 (KHTML, like Gecko; compatible; GPTBot/1.2; +https://openai.com/gptbot)"
20.171.207.212 - - [21/Apr/2025:08:35:05 -0400] "GET /wp-content/themes/betheme/visual-builder/assets/js/forms/rewrited_id.js HTTP/2.0" 200 1388 "-" "Mozilla/5.0 AppleWebKit/537.36 (KHTML, like Gecko; compatible; GPTBot/1.2; +https://openai.com/gptbot)"
66.249.64.130 - - [21/Apr/2025:08:35:16 -0400] "GET /553815470.html HTTP/1.1" 200 17630 "-" "Mozilla/5.0 (Linux; Android 6.0.1; Nexus 5X Build/MMB29P) AppleWebKit/537.36 (KHTML, like Gecko) Chrome/135.0.7049.95 Mobile Safari/537.36 (compatible; Googlebot/2.1; +http://www.google.com/bot.html)"
20.171.207.212 - - [21/Apr/2025:08:35:37 -0400] "GET /wp-content/themes/twentytwentyfour/patterns/hidden-post-meta.php HTTP/2.0" 200 240 "-" "Mozilla/5.0 AppleWebKit/537.36 (KHTML, like Gecko; compatible; GPTBot/1.2; +https://openai.com/gptbot)"
20.171.207.212 - - [21/Apr/2025:08:35:40 -0400] "GET /?a=bj&f=%2Fhome%2Fsoundframestudio%2Fsmith.soundframestudios.net%2Fwp-content%2Fuploads%2Frevslider%2Fhome-weddingvideos-1%2FCasting-Call-for-Businesses-HEADER-300x127.png HTTP/2.0" 200 84582 "-" "Mozilla/5.0 AppleWebKit/537.36 (KHTML, like Gecko; compatible; GPTBot/1.2; +https://openai.com/gptbot)"
20.171.207.212 - - [21/Apr/2025:08:36:00 -0400] "GET /?a=bj&f=%2Fhome%2Fsoundframestudio%2Fsmith.soundframestudios.net%2Fwp-content%2Fuploads%2Frevslider%2Fhome-weddingvideos-1%2FCasting-Call-for-Businesses-HEADER-960x540.png HTTP/2.0" 200 602404 "-" "Mozilla/5.0 AppleWebKit/537.36 (KHTML, like Gecko; compatible; GPTBot/1.2; +https://openai.com/gptbot)"
20.171.207.212 - - [21/Apr/2025:08:36:24 -0400] "GET /?a=bj&f=%2Fhome%2Fsoundframestudio%2Fsmith.soundframestudios.net%2Fwp-content%2Fuploads%2Frevslider%2Fhome-weddingvideos-1%2FCasting-Call-for-Businesses-HEADER-768x324.png HTTP/2.0" 200 302153 "-" "Mozilla/5.0 AppleWebKit/537.36 (KHTML, like Gecko; compatible; GPTBot/1.2; +https://openai.com/gptbot)"
20.171.207.212 - - [21/Apr/2025:08:36:27 -0400] "GET /?a=bj&f=%2Fhome%2Fsoundframestudio%2Fsmith.soundframestudios.net%2Fwp-content%2Fuploads%2Frevslider%2Fhome-weddingvideos-1%2FCasting-Call-for-Businesses-HEADER-480x203.png HTTP/2.0" 200 148998 "-" "Mozilla/5.0 AppleWebKit/537.36 (KHTML, like Gecko; compatible; GPTBot/1.2; +https://openai.com/gptbot)"
20.171.207.212 - - [21/Apr/2025:08:36:40 -0400] "GET /?a=bj&f=%2Fhome%2Fsoundframestudio%2Fsmith.soundframestudios.net%2Fwp-content%2Fuploads%2Frevslider%2Fhome-weddingvideos-1%2FCasting-Call-for-Businesses-HEADER-1200x506.png HTTP/2.0" 200 646452 "-" "Mozilla/5.0 AppleWebKit/537.36 (KHTML, like Gecko; compatible; GPTBot/1.2; +https://openai.com/gptbot)"
66.249.64.131 - - [21/Apr/2025:08:36:47 -0400] "GET /168410150.html HTTP/1.1" 200 16984 "-" "Mozilla/5.0 (Linux; Android 6.0.1; Nexus 5X Build/MMB29P) AppleWebKit/537.36 (KHTML, like Gecko) Chrome/135.0.7049.95 Mobile Safari/537.36 (compatible; Googlebot/2.1; +http://www.google.com/bot.html)"
66.249.64.131 - - [21/Apr/2025:08:36:47 -0400] "GET /729126502.html HTTP/1.1" 200 17017 "-" "Mozilla/5.0 (Linux; Android 6.0.1; Nexus 5X Build/MMB29P) AppleWebKit/537.36 (KHTML, like Gecko) Chrome/135.0.7049.95 Mobile Safari/537.36 (compatible; Googlebot/2.1; +http://www.google.com/bot.html)"
20.171.207.212 - - [21/Apr/2025:08:37:11 -0400] "GET /?a=bj&f=%2Fhome%2Fsoundframestudio%2Fsmith.soundframestudios.net%2Fwp-content%2Fuploads%2Frevslider%2Fhome-weddingvideos-1%2FCasting-Call-for-Businesses-HEADER-1200x540.png HTTP/2.0" 200 740386 "-" "Mozilla/5.0 AppleWebKit/537.36 (KHTML, like Gecko; compatible; GPTBot/1.2; +https://openai.com/gptbot)"
20.171.207.212 - - [21/Apr/2025:08:37:14 -0400] "GET /?a=bj&f=%2Fhome%2Fsoundframestudio%2Fsmith.soundframestudios.net%2Fwp-content%2Fuploads%2Frevslider%2Fhome-weddingvideos-1%2FCasting-Call-for-Businesses-HEADER-768x540.png HTTP/2.0" 200 463901 "-" "Mozilla/5.0 AppleWebKit/537.36 (KHTML, like Gecko; compatible; GPTBot/1.2; +https://openai.com/gptbot)"
20.171.207.212 - - [21/Apr/2025:08:37:30 -0400] "GET /?a=bj&f=%2Fhome%2Fsoundframestudio%2Fsmith.soundframestudios.net%2Fwp-content%2Fuploads%2Frevslider%2Fhome-weddingvideos-1%2FCasting-Call-for-Businesses-HEADER-1280x500.png HTTP/2.0" 200 739819 "-" "Mozilla/5.0 AppleWebKit/537.36 (KHTML, like Gecko; compatible; GPTBot/1.2; +https://openai.com/gptbot)"
66.249.64.131 - - [21/Apr/2025:08:37:33 -0400] "GET /682439014.html HTTP/1.1" 200 17579 "-" "Mozilla/5.0 (Linux; Android 6.0.1; Nexus 5X Build/MMB29P) AppleWebKit/537.36 (KHTML, like Gecko) Chrome/135.0.7049.95 Mobile Safari/537.36 (compatible; Googlebot/2.1; +http://www.google.com/bot.html)"
66.249.64.131 - - [21/Apr/2025:08:37:34 -0400] "GET /658960886.html HTTP/1.1" 200 17043 "-" "Mozilla/5.0 (Linux; Android 6.0.1; Nexus 5X Build/MMB29P) AppleWebKit/537.36 (KHTML, like Gecko) Chrome/135.0.7049.95 Mobile Safari/537.36 (compatible; GoogleOther)"
20.171.207.212 - - [21/Apr/2025:08:37:34 -0400] "GET /?a=bj&f=%2Fhome%2Fsoundframestudio%2Fsmith.soundframestudios.net%2Fwp-content%2Fuploads%2Frevslider%2Fhome-weddingvideos-1%2FCasting-Call-for-Businesses-HEADER-150x150.png HTTP/2.0" 200 64872 "-" "Mozilla/5.0 AppleWebKit/537.36 (KHTML, like Gecko; compatible; GPTBot/1.2; +https://openai.com/gptbot)"
66.249.64.129 - - [21/Apr/2025:08:37:36 -0400] "POST /get-message-notify HTTP/1.1" 200 18607 "https://smith.soundframestudios.net/682439014.html" "Mozilla/5.0 (Linux; Android 6.0.1; Nexus 5X Build/MMB29P) AppleWebKit/537.36 (KHTML, like Gecko) Chrome/134.0.6998.165 Mobile Safari/537.36 (compatible; Googlebot/2.1; +http://www.google.com/bot.html)"
20.171.207.212 - - [21/Apr/2025:08:37:38 -0400] "GET /?a=bj&f=%2Fhome%2Fsoundframestudio%2Fsmith.soundframestudios.net%2Fwp-content%2Fuploads%2Frevslider%2Fhome-weddingvideos-1%2FCasting-Call-for-Businesses-HEADER-500x211.png HTTP/2.0" 200 157330 "-" "Mozilla/5.0 AppleWebKit/537.36 (KHTML, like Gecko; compatible; GPTBot/1.2; +https://openai.com/gptbot)"
20.171.207.212 - - [21/Apr/2025:08:37:51 -0400] "GET /wp-content/plugins/siteseo/classes/Services/ContentAnalysis/GetContent/InternalLinks.php HTTP/2.0" 200 22 "-" "Mozilla/5.0 AppleWebKit/537.36 (KHTML, like Gecko; compatible; GPTBot/1.2; +https://openai.com/gptbot)"
20.171.207.212 - - [21/Apr/2025:08:37:53 -0400] "GET /wp-content/plugins/siteseo/classes/Services/ContentAnalysis/GetContent/Description.php HTTP/2.0" 200 22 "-" "Mozilla/5.0 AppleWebKit/537.36 (KHTML, like Gecko; compatible; GPTBot/1.2; +https://openai.com/gptbot)"
20.171.207.212 - - [21/Apr/2025:08:38:04 -0400] "GET /?d=%2Fhome%2Fsoundframestudio%2Fsmith.soundframestudios.net%2Fwp-content%2Fplugins%2Fsiteseo%2Fmain%2Fpublic%2Feditor%2Fprimary-category-select%2F HTTP/2.0" 200 33040 "-" "Mozilla/5.0 AppleWebKit/537.36 (KHTML, like Gecko; compatible; GPTBot/1.2; +https://openai.com/gptbot)"
20.171.207.212 - - [21/Apr/2025:08:38:19 -0400] "GET /wp-content/themes/betheme/muffin-options/fields/box_shadow/field_box_shadow.php HTTP/2.0" 500 1 "-" "Mozilla/5.0 AppleWebKit/537.36 (KHTML, like Gecko; compatible; GPTBot/1.2; +https://openai.com/gptbot)"
20.171.207.212 - - [21/Apr/2025:08:38:27 -0400] "GET /?a=bj&f=%2Fhome%2Fsoundframestudio%2Fsmith.soundframestudios.net%2Fwp-content%2Fthemes%2Ftwentytwentyfive%2Fpatterns%2Ftemplate-single-vertical-header-blog.php HTTP/2.0" 200 33850 "-" "Mozilla/5.0 AppleWebKit/537.36 (KHTML, like Gecko; compatible; GPTBot/1.2; +https://openai.com/gptbot)"
20.171.207.212 - - [21/Apr/2025:08:38:39 -0400] "GET /?a=bj&f=%2Fhome%2Fsoundframestudio%2Fsmith.soundframestudios.net%2Fwp-content%2Fthemes%2Ftwentytwentyfive%2Fpatterns%2Fhidden-sidebar.php HTTP/2.0" 200 33211 "-" "Mozilla/5.0 AppleWebKit/537.36 (KHTML, like Gecko; compatible; GPTBot/1.2; +https://openai.com/gptbot)"
20.171.207.212 - - [21/Apr/2025:08:38:42 -0400] "GET /?a=bj&f=%2Fhome%2Fsoundframestudio%2Fsmith.soundframestudios.net%2Fwp-content%2Fthemes%2Ftwentytwentyfour%2Ffunctions.php HTTP/2.0" 200 34047 "-" "Mozilla/5.0 AppleWebKit/537.36 (KHTML, like Gecko; compatible; GPTBot/1.2; +https://openai.com/gptbot)"
20.171.207.212 - - [21/Apr/2025:08:39:00 -0400] "GET /?a=bj&f=%2Fhome%2Fsoundframestudio%2Fsmith.soundframestudios.net%2Fwp-content%2Fthemes%2Ftwentytwentyfive%2Fpatterns%2Fpost-navigation.php HTTP/2.0" 200 32928 "-" "Mozilla/5.0 AppleWebKit/537.36 (KHTML, like Gecko; compatible; GPTBot/1.2; +https://openai.com/gptbot)"
20.171.207.212 - - [21/Apr/2025:08:39:02 -0400] "GET /?a=bj&f=%2Fhome%2Fsoundframestudio%2Fsmith.soundframestudios.net%2Fwp-content%2Fthemes%2Ftwentytwentythree%2Fpatterns%2Ffooter-default.php HTTP/2.0" 200 32888 "-" "Mozilla/5.0 AppleWebKit/537.36 (KHTML, like Gecko; compatible; GPTBot/1.2; +https://openai.com/gptbot)"
66.249.64.129 - - [21/Apr/2025:08:39:04 -0400] "GET /447555614.html HTTP/1.1" 200 17682 "-" "Mozilla/5.0 (Linux; Android 6.0.1; Nexus 5X Build/MMB29P) AppleWebKit/537.36 (KHTML, like Gecko) Chrome/135.0.7049.95 Mobile Safari/537.36 (compatible; Googlebot/2.1; +http://www.google.com/bot.html)"
20.171.207.212 - - [21/Apr/2025:08:39:21 -0400] "GET /?a=bj&f=%2Fhome%2Fsoundframestudio%2Fsmith.soundframestudios.net%2Fwp-content%2Fplugins%2Fredirection%2Fredirection-settings.php HTTP/2.0" 200 35679 "-" "Mozilla/5.0 AppleWebKit/537.36 (KHTML, like Gecko; compatible; GPTBot/1.2; +https://openai.com/gptbot)"
20.171.207.212 - - [21/Apr/2025:08:39:24 -0400] "GET /?a=bj&f=%2Fhome%2Fsoundframestudio%2Fsmith.soundframestudios.net%2Fwp-content%2Fthemes%2Ftwentytwentyfive%2Fpatterns%2Fevent-schedule.php HTTP/2.0" 200 34052 "-" "Mozilla/5.0 AppleWebKit/537.36 (KHTML, like Gecko; compatible; GPTBot/1.2; +https://openai.com/gptbot)"
20.171.207.212 - - [21/Apr/2025:08:39:30 -0400] "GET /?a=bj&f=%2Fhome%2Fsoundframestudio%2Fsmith.soundframestudios.net%2Fwp-content%2Fthemes%2Ftwentytwentyfive%2Fpatterns%2Fheader-centered.php HTTP/2.0" 200 32858 "-" "Mozilla/5.0 AppleWebKit/537.36 (KHTML, like Gecko; compatible; GPTBot/1.2; +https://openai.com/gptbot)"
20.171.207.212 - - [21/Apr/2025:08:39:49 -0400] "GET /?a=bj&f=%2Fhome%2Fsoundframestudio%2Fsmith.soundframestudios.net%2Fwp-content%2Fthemes%2Ftwentytwentyfive%2Fpatterns%2Ffooter-centered.php HTTP/2.0" 200 33024 "-" "Mozilla/5.0 AppleWebKit/537.36 (KHTML, like Gecko; compatible; GPTBot/1.2; +https://openai.com/gptbot)"
20.171.207.212 - - [21/Apr/2025:08:39:51 -0400] "GET /?a=bj&f=%2Fhome%2Fsoundframestudio%2Fsmith.soundframestudios.net%2Fwp-content%2Fthemes%2Ftwentytwentyfive%2Ffunctions.php HTTP/2.0" 200 33403 "-" "Mozilla/5.0 AppleWebKit/537.36 (KHTML, like Gecko; compatible; GPTBot/1.2; +https://openai.com/gptbot)"
20.171.207.212 - - [21/Apr/2025:08:40:17 -0400] "GET /wp-content/uploads/betheme/css/post-52.css?ver=1745239085 HTTP/2.0" 200 648 "-" "Mozilla/5.0 AppleWebKit/537.36 (KHTML, like Gecko; compatible; GPTBot/1.2; +https://openai.com/gptbot)"
20.171.207.212 - - [21/Apr/2025:08:40:20 -0400] "GET /?d=%2Fhome%2Fsoundframestudio%2Fsmith.soundframestudios.net%2Fwp-content%2Fplugins%2Fsiteseo%2Fmain%2F HTTP/2.0" 200 34545 "-" "Mozilla/5.0 AppleWebKit/537.36 (KHTML, like Gecko; compatible; GPTBot/1.2; +https://openai.com/gptbot)"
20.171.207.212 - - [21/Apr/2025:08:40:35 -0400] "GET /?d=%2Fhome%2Fsoundframestudio%2Fsmith.soundframestudios.net%2Fwp-content%2F HTTP/2.0" 200 33551 "-" "Mozilla/5.0 AppleWebKit/537.36 (KHTML, like Gecko; compatible; GPTBot/1.2; +https://openai.com/gptbot)"
66.249.64.130 - - [21/Apr/2025:08:40:37 -0400] "GET /346230966.html HTTP/1.1" 200 20594 "-" "Mozilla/5.0 (Linux; Android 6.0.1; Nexus 5X Build/MMB29P) AppleWebKit/537.36 (KHTML, like Gecko) Chrome/135.0.7049.95 Mobile Safari/537.36 (compatible; Googlebot/2.1; +http://www.google.com/bot.html)"
20.171.207.212 - - [21/Apr/2025:08:40:40 -0400] "GET /?d=%2Fhome%2Fsoundframestudio%2Fsmith.soundframestudios.net%2Fwp-content%2Fplugins%2Fsiteseo%2F HTTP/2.0" 200 33717 "-" "Mozilla/5.0 AppleWebKit/537.36 (KHTML, like Gecko; compatible; GPTBot/1.2; +https://openai.com/gptbot)"
20.171.207.212 - - [21/Apr/2025:08:40:42 -0400] "GET /?d=%2Fhome%2Fsoundframestudio%2Fsmith.soundframestudios.net%2Fwp-content%2Fplugins%2F HTTP/2.0" 200 33801 "-" "Mozilla/5.0 AppleWebKit/537.36 (KHTML, like Gecko; compatible; GPTBot/1.2; +https://openai.com/gptbot)"
20.171.207.212 - - [21/Apr/2025:08:41:00 -0400] "GET /?d=%2Fhome%2Fsoundframestudio%2Fsmith.soundframestudios.net%2Fwp-content%2Fplugins%2Fsiteseo%2Fmain%2Fpublic%2Feditor%2F HTTP/2.0" 200 32965 "-" "Mozilla/5.0 AppleWebKit/537.36 (KHTML, like Gecko; compatible; GPTBot/1.2; +https://openai.com/gptbot)"
20.171.207.212 - - [21/Apr/2025:08:41:04 -0400] "GET /wp-content/uploads/betheme/css/post-52.css?ver=1745239162 HTTP/2.0" 200 648 "-" "Mozilla/5.0 AppleWebKit/537.36 (KHTML, like Gecko; compatible; GPTBot/1.2; +https://openai.com/gptbot)"
20.171.207.212 - - [21/Apr/2025:08:41:13 -0400] "GET /?a=bj&f=%2Fhome%2Fsoundframestudio%2Fsmith.soundframestudios.net%2Fwp-content%2Fthemes%2Ftwentytwentyfive%2Fpatterns%2Fcta-newsletter.php HTTP/2.0" 200 33200 "-" "Mozilla/5.0 AppleWebKit/537.36 (KHTML, like Gecko; compatible; GPTBot/1.2; +https://openai.com/gptbot)"
66.249.64.129 - - [21/Apr/2025:08:41:23 -0400] "GET /225965574.html HTTP/1.1" 200 17815 "-" "Mozilla/5.0 (Linux; Android 6.0.1; Nexus 5X Build/MMB29P) AppleWebKit/537.36 (KHTML, like Gecko) Chrome/135.0.7049.95 Mobile Safari/537.36 (compatible; Googlebot/2.1; +http://www.google.com/bot.html)"
66.249.64.131 - - [21/Apr/2025:08:41:24 -0400] "GET /647719102.html HTTP/1.1" 200 18077 "-" "Mozilla/5.0 (Linux; Android 6.0.1; Nexus 5X Build/MMB29P) AppleWebKit/537.36 (KHTML, like Gecko) Chrome/135.0.7049.95 Mobile Safari/537.36 (compatible; Googlebot/2.1; +http://www.google.com/bot.html)"
66.249.64.130 - - [21/Apr/2025:08:41:24 -0400] "GET /861673230.html HTTP/1.1" 200 18034 "-" "Mozilla/5.0 (Linux; Android 6.0.1; Nexus 5X Build/MMB29P) AppleWebKit/537.36 (KHTML, like Gecko) Chrome/135.0.7049.95 Mobile Safari/537.36 (compatible; Googlebot/2.1; +http://www.google.com/bot.html)"
66.249.64.131 - - [21/Apr/2025:08:41:25 -0400] "GET /612189630.html HTTP/1.1" 200 17706 "-" "Mozilla/5.0 (Linux; Android 6.0.1; Nexus 5X Build/MMB29P) AppleWebKit/537.36 (KHTML, like Gecko) Chrome/135.0.7049.95 Mobile Safari/537.36 (compatible; Googlebot/2.1; +http://www.google.com/bot.html)"
66.249.64.129 - - [21/Apr/2025:08:41:27 -0400] "POST /get-message-notify HTTP/1.1" 200 18607 "https://smith.soundframestudios.net/647719102.html" "Mozilla/5.0 (Linux; Android 6.0.1; Nexus 5X Build/MMB29P) AppleWebKit/537.36 (KHTML, like Gecko) Chrome/134.0.6998.165 Mobile Safari/537.36 (compatible; Googlebot/2.1; +http://www.google.com/bot.html)"
20.171.207.212 - - [21/Apr/2025:08:41:28 -0400] "GET /?a=bj&f=%2Fhome%2Fsoundframestudio%2Fsmith.soundframestudios.net%2Fwp-content%2Fthemes%2Ftwentytwentyfive%2Fpatterns%2Fbanner-intro.php HTTP/2.0" 200 33021 "-" "Mozilla/5.0 AppleWebKit/537.36 (KHTML, like Gecko; compatible; GPTBot/1.2; +https://openai.com/gptbot)"
20.171.207.212 - - [21/Apr/2025:08:41:30 -0400] "GET /?a=bj&f=%2Fhome%2Fsoundframestudio%2Fsmith.soundframestudios.net%2Fwp-content%2Fthemes%2Ftwentytwentyfour%2Fpatterns%2Fhidden-sidebar.php HTTP/2.0" 200 33385 "-" "Mozilla/5.0 AppleWebKit/537.36 (KHTML, like Gecko; compatible; GPTBot/1.2; +https://openai.com/gptbot)"
