芝麻web文件管理V1.00
编辑当前文件:/home/soundframestudio/access-logs/soundframestudios.net-ssl_log
113.36.242.229 - - [23/Apr/2025:08:15:45 -0400] "POST /wp-login.php HTTP/2.0" 200 1750 "https://soundframestudios.net" "Mozilla/5.0 (Macintosh; Intel Mac OS X 13_3) AppleWebKit/537.36 (KHTML, like Gecko) Chrome/126.0.0.0 Safari/537.36 Edg/126.0.0.0"
66.249.64.228 - - [23/Apr/2025:08:18:10 -0400] "GET /shopdetail/12437397 HTTP/1.1" 404 20906 "-" "Mozilla/5.0 (Linux; Android 6.0.1; Nexus 5X Build/MMB29P) AppleWebKit/537.36 (KHTML, like Gecko) Chrome/135.0.7049.95 Mobile Safari/537.36 (compatible; Googlebot/2.1; +http://www.google.com/bot.html)"
66.249.64.227 - - [23/Apr/2025:08:21:25 -0400] "GET /shopdetail/9495342 HTTP/1.1" 404 20907 "-" "Mozilla/5.0 (compatible; Googlebot/2.1; +http://www.google.com/bot.html)"
103.52.147.82 - - [23/Apr/2025:08:21:46 -0400] "POST /wp-login.php HTTP/2.0" 200 1750 "https://soundframestudios.net" "Mozilla/5.0 (Macintosh; Intel Mac OS X 10_15_7) AppleWebKit/537.36 (KHTML, like Gecko) Chrome/114.0.5735.134 Safari/537.36"
66.249.64.227 - - [23/Apr/2025:08:21:51 -0400] "GET /shopdetail/27719264 HTTP/1.1" 404 20908 "-" "Mozilla/5.0 (compatible; Googlebot/2.1; +http://www.google.com/bot.html)"
66.249.64.226 - - [23/Apr/2025:08:25:09 -0400] "GET /shopdetail/22502619 HTTP/1.1" 404 20908 "-" "Mozilla/5.0 (Linux; Android 6.0.1; Nexus 5X Build/MMB29P) AppleWebKit/537.36 (KHTML, like Gecko) Chrome/135.0.7049.95 Mobile Safari/537.36 (compatible; Googlebot/2.1; +http://www.google.com/bot.html)"
162.214.206.216 - - [23/Apr/2025:08:27:47 -0400] "POST /wp-login.php HTTP/2.0" 200 1750 "https://soundframestudios.net" "Mozilla/5.0 (Macintosh; Intel Mac OS X 10_15_7) AppleWebKit/537.36 (KHTML, like Gecko) Chrome/113.0.5672.93 Safari/537.36"
67.223.118.141 - - [23/Apr/2025:08:33:52 -0400] "POST /wp-login.php HTTP/2.0" 200 1750 "https://soundframestudios.net" "Mozilla/5.0 (Windows NT 11.0; Win64; x64; rv:126.0) Gecko/20100101 Firefox/126.0"
66.249.64.226 - - [23/Apr/2025:08:34:49 -0400] "GET /shopdetail/28856442 HTTP/1.1" 404 20908 "-" "Mozilla/5.0 (Linux; Android 6.0.1; Nexus 5X Build/MMB29P) AppleWebKit/537.36 (KHTML, like Gecko) Chrome/135.0.7049.95 Mobile Safari/537.36 (compatible; Googlebot/2.1; +http://www.google.com/bot.html)"
66.249.64.228 - - [23/Apr/2025:08:36:10 -0400] "GET /shopdetail/18682486 HTTP/1.1" 404 20908 "-" "Mozilla/5.0 (Linux; Android 6.0.1; Nexus 5X Build/MMB29P) AppleWebKit/537.36 (KHTML, like Gecko) Chrome/135.0.7049.95 Mobile Safari/537.36 (compatible; Googlebot/2.1; +http://www.google.com/bot.html)"
66.249.64.228 - - [23/Apr/2025:08:39:10 -0400] "GET /shopdetail/13733519 HTTP/1.1" 404 20908 "-" "Mozilla/5.0 (Linux; Android 6.0.1; Nexus 5X Build/MMB29P) AppleWebKit/537.36 (KHTML, like Gecko) Chrome/135.0.7049.95 Mobile Safari/537.36 (compatible; Googlebot/2.1; +http://www.google.com/bot.html)"
198.54.114.29 - - [23/Apr/2025:08:40:00 -0400] "POST /wp-login.php HTTP/2.0" 200 6588 "https://soundframestudios.net" "Mozilla/5.0 (Windows NT 10.0; Win64; x64; rv:129.0) Gecko/20100101 Firefox/129.0"
66.249.64.228 - - [23/Apr/2025:08:41:07 -0400] "GET /shopdetail/25875275 HTTP/1.1" 404 20908 "-" "Mozilla/5.0 (Linux; Android 6.0.1; Nexus 5X Build/MMB29P) AppleWebKit/537.36 (KHTML, like Gecko) Chrome/135.0.7049.95 Mobile Safari/537.36 (compatible; Googlebot/2.1; +http://www.google.com/bot.html)"
66.249.64.227 - - [23/Apr/2025:08:41:46 -0400] "GET /pcmypage?callback=product%2Fdetail%2F67873892 HTTP/1.1" 404 20925 "-" "Mozilla/5.0 (compatible; Googlebot/2.1; +http://www.google.com/bot.html)"
66.249.64.226 - - [23/Apr/2025:08:41:46 -0400] "GET /pcmypage?callback=product%2Fdetail%2F67873892 HTTP/1.1" 404 20925 "-" "Mozilla/5.0 (Linux; Android 6.0.1; Nexus 5X Build/MMB29P) AppleWebKit/537.36 (KHTML, like Gecko) Chrome/135.0.7049.95 Mobile Safari/537.36 (compatible; Googlebot/2.1; +http://www.google.com/bot.html)"
66.249.64.228 - - [23/Apr/2025:08:44:20 -0400] "GET /shopdetail/5064264 HTTP/1.1" 404 20907 "-" "Mozilla/5.0 (Linux; Android 6.0.1; Nexus 5X Build/MMB29P) AppleWebKit/537.36 (KHTML, like Gecko) Chrome/135.0.7049.95 Mobile Safari/537.36 (compatible; Googlebot/2.1; +http://www.google.com/bot.html)"
40.77.167.3 - - [23/Apr/2025:08:45:48 -0400] "GET /shopdetail/12125775 HTTP/2.0" 404 20905 "-" "Mozilla/5.0 AppleWebKit/537.36 (KHTML, like Gecko; compatible; bingbot/2.0; +http://www.bing.com/bingbot.htm) Chrome/116.0.1938.76 Safari/537.36"
152.53.66.195 - - [23/Apr/2025:08:46:02 -0400] "POST /wp-login.php HTTP/2.0" 200 6588 "https://soundframestudios.net" "Mozilla/5.0 (Windows NT 10.0; Win64; x64) AppleWebKit/537.36 (KHTML, like Gecko) Chrome/112.0.5615.138 Safari/537.36 Edg/112.0.1722.68"
66.249.64.227 - - [23/Apr/2025:08:46:10 -0400] "GET /shopdetail/4113386 HTTP/1.1" 404 20907 "-" "Mozilla/5.0 (Linux; Android 6.0.1; Nexus 5X Build/MMB29P) AppleWebKit/537.36 (KHTML, like Gecko) Chrome/135.0.7049.95 Mobile Safari/537.36 (compatible; Googlebot/2.1; +http://www.google.com/bot.html)"
66.249.64.227 - - [23/Apr/2025:08:50:29 -0400] "GET /shopdetail/27819486 HTTP/1.1" 404 20908 "-" "Mozilla/5.0 (Linux; Android 6.0.1; Nexus 5X Build/MMB29P) AppleWebKit/537.36 (KHTML, like Gecko) Chrome/135.0.7049.95 Mobile Safari/537.36 (compatible; Googlebot/2.1; +http://www.google.com/bot.html)"
66.249.64.226 - - [23/Apr/2025:08:51:35 -0400] "GET /shopdetail/20753686 HTTP/1.1" 404 20908 "-" "Mozilla/5.0 (Linux; Android 6.0.1; Nexus 5X Build/MMB29P) AppleWebKit/537.36 (KHTML, like Gecko) Chrome/135.0.7049.95 Mobile Safari/537.36 (compatible; Googlebot/2.1; +http://www.google.com/bot.html)"
103.52.147.82 - - [23/Apr/2025:08:52:06 -0400] "POST /wp-login.php HTTP/2.0" 200 1750 "https://soundframestudios.net" "Mozilla/5.0 (Windows NT 10.0; Win64; x64) AppleWebKit/537.36 (KHTML, like Gecko) Chrome/115.0.5790.171 Safari/537.36 Edg/115.0.1901.203"
66.249.64.226 - - [23/Apr/2025:08:53:09 -0400] "GET /shopdetail/17098675 HTTP/1.1" 404 20908 "-" "Mozilla/5.0 (Linux; Android 6.0.1; Nexus 5X Build/MMB29P) AppleWebKit/537.36 (KHTML, like Gecko) Chrome/135.0.7049.95 Mobile Safari/537.36 (compatible; Googlebot/2.1; +http://www.google.com/bot.html)"
66.249.64.226 - - [23/Apr/2025:08:56:03 -0400] "GET /shopdetail/22527953 HTTP/1.1" 404 20908 "-" "Mozilla/5.0 (compatible; Googlebot/2.1; +http://www.google.com/bot.html)"
66.249.64.226 - - [23/Apr/2025:08:56:31 -0400] "GET /pcmypage?callback=product%2Fdetail%2F79481695 HTTP/1.1" 404 20925 "-" "Mozilla/5.0 (compatible; Googlebot/2.1; +http://www.google.com/bot.html)"
81.177.139.64 - - [23/Apr/2025:08:58:08 -0400] "POST /wp-login.php HTTP/2.0" 200 1750 "https://soundframestudios.net" "Mozilla/5.0 (Windows NT 10.0; Win64; x64) AppleWebKit/537.36 (KHTML, like Gecko) Chrome/115.0.5790.102 Safari/537.36"
66.249.64.228 - - [23/Apr/2025:08:59:39 -0400] "GET /shopdetail/20328731 HTTP/1.1" 404 20905 "-" "Mozilla/5.0 (compatible; Googlebot/2.1; +http://www.google.com/bot.html)"
66.249.64.226 - - [23/Apr/2025:09:01:09 -0400] "GET /pcmypage?callback=product/detail/94021810 HTTP/1.1" 404 20921 "-" "Mozilla/5.0 (Linux; Android 6.0.1; Nexus 5X Build/MMB29P) AppleWebKit/537.36 (KHTML, like Gecko) Chrome/135.0.7049.95 Mobile Safari/537.36 (compatible; Googlebot/2.1; +http://www.google.com/bot.html)"
66.249.64.226 - - [23/Apr/2025:09:03:10 -0400] "GET /shopdetail/16103097 HTTP/1.1" 404 20908 "-" "Mozilla/5.0 (Linux; Android 6.0.1; Nexus 5X Build/MMB29P) AppleWebKit/537.36 (KHTML, like Gecko) Chrome/135.0.7049.95 Mobile Safari/537.36 (compatible; Googlebot/2.1; +http://www.google.com/bot.html)"
91.238.162.8 - - [23/Apr/2025:09:04:14 -0400] "POST /wp-login.php HTTP/2.0" 200 1750 "https://soundframestudios.net" "Mozilla/5.0 (Macintosh; Intel Mac OS X 10_15_7) AppleWebKit/537.36 (KHTML, like Gecko) Chrome/112.0.5615.138 Safari/537.36"
66.249.64.228 - - [23/Apr/2025:09:09:09 -0400] "GET /shopdetail/3156442 HTTP/1.1" 404 20907 "-" "Mozilla/5.0 (Linux; Android 6.0.1; Nexus 5X Build/MMB29P) AppleWebKit/537.36 (KHTML, like Gecko) Chrome/135.0.7049.95 Mobile Safari/537.36 (compatible; Googlebot/2.1; +http://www.google.com/bot.html)"
69.167.171.25 - - [23/Apr/2025:09:10:21 -0400] "POST /wp-cron.php?doing_wp_cron=1745413821.7898960113525390625000 HTTP/1.1" 200 1 "-" "WordPress/6.8; https://soundframestudios.net"
185.8.173.159 - - [23/Apr/2025:09:10:21 -0400] "POST /wp-login.php HTTP/2.0" 200 6588 "https://soundframestudios.net" "Mozilla/5.0 (Windows NT 10.0; Win64; x64) AppleWebKit/537.36 (KHTML, like Gecko) Chrome/113.0.5672.126 Safari/537.36 Edg/113.0.1774.50"
66.249.64.226 - - [23/Apr/2025:09:13:31 -0400] "GET /shopdetail/15919108 HTTP/1.1" 404 20907 "-" "Mozilla/5.0 (Linux; Android 6.0.1; Nexus 5X Build/MMB29P) AppleWebKit/537.36 (KHTML, like Gecko) Chrome/135.0.7049.95 Mobile Safari/537.36 (compatible; Googlebot/2.1; +http://www.google.com/bot.html)"
188.132.202.219 - - [23/Apr/2025:09:16:33 -0400] "POST /wp-login.php HTTP/2.0" 200 1750 "https://soundframestudios.net" "Mozilla/5.0 (Macintosh; Intel Mac OS X 10_15_7) AppleWebKit/537.36 (KHTML, like Gecko) Chrome/126.0.0.0 Safari/537.36"
66.249.64.227 - - [23/Apr/2025:09:17:18 -0400] "GET /shopdetail/12674064 HTTP/1.1" 404 20906 "-" "Mozilla/5.0 (Linux; Android 6.0.1; Nexus 5X Build/MMB29P) AppleWebKit/537.36 (KHTML, like Gecko) Chrome/135.0.7049.95 Mobile Safari/537.36 (compatible; Googlebot/2.1; +http://www.google.com/bot.html)"
66.249.64.226 - - [23/Apr/2025:09:17:28 -0400] "GET /pcmypage?callback=product%2Fdetail%2F29587402 HTTP/1.1" 404 20925 "-" "Mozilla/5.0 (compatible; Googlebot/2.1; +http://www.google.com/bot.html)"
68.65.123.228 - - [23/Apr/2025:09:22:41 -0400] "POST /wp-login.php HTTP/2.0" 200 1750 "https://soundframestudios.net" "Mozilla/5.0 (Macintosh; Intel Mac OS X 14.3) AppleWebKit/614.31.14 (KHTML, like Gecko) Version/17.0.96 Safari/614.31.14"
66.249.64.228 - - [23/Apr/2025:09:24:09 -0400] "GET /shopdetail/11578731 HTTP/1.1" 404 20908 "-" "Mozilla/5.0 (Linux; Android 6.0.1; Nexus 5X Build/MMB29P) AppleWebKit/537.36 (KHTML, like Gecko) Chrome/135.0.7049.95 Mobile Safari/537.36 (compatible; Googlebot/2.1; +http://www.google.com/bot.html)"
66.249.64.227 - - [23/Apr/2025:09:34:10 -0400] "GET /pcmypage?callback=product%2Fdetail%2F99527015 HTTP/1.1" 404 20925 "-" "Mozilla/5.0 (Linux; Android 6.0.1; Nexus 5X Build/MMB29P) AppleWebKit/537.36 (KHTML, like Gecko) Chrome/135.0.7049.95 Mobile Safari/537.36 (compatible; Googlebot/2.1; +http://www.google.com/bot.html)"
162.0.232.99 - - [23/Apr/2025:09:34:58 -0400] "POST /wp-login.php HTTP/2.0" 200 1750 "https://soundframestudios.net" "Mozilla/5.0 (Windows NT 10.0; Win64; x64) AppleWebKit/537.36 (KHTML, like Gecko) Chrome/115.0.5790.171 Safari/537.36 Edg/115.0.1901.203"
66.249.64.227 - - [23/Apr/2025:09:36:14 -0400] "GET /shopdetail/11060575 HTTP/1.1" 404 20908 "-" "Mozilla/5.0 (Linux; Android 6.0.1; Nexus 5X Build/MMB29P) AppleWebKit/537.36 (KHTML, like Gecko) Chrome/135.0.7049.95 Mobile Safari/537.36 (compatible; Googlebot/2.1; +http://www.google.com/bot.html)"
66.249.64.227 - - [23/Apr/2025:09:37:13 -0400] "GET /shopdetail/7254520 HTTP/1.1" 404 20907 "-" "Mozilla/5.0 (compatible; Googlebot/2.1; +http://www.google.com/bot.html)"
31.128.34.213 - - [23/Apr/2025:09:41:07 -0400] "POST /wp-login.php HTTP/2.0" 200 1750 "https://soundframestudios.net" "Mozilla/5.0 (Macintosh; Intel Mac OS X 10_15_7) AppleWebKit/537.36 (KHTML, like Gecko) Chrome/126.0.0.0 Safari/537.36"
66.249.64.226 - - [23/Apr/2025:09:42:44 -0400] "GET /shopdetail/27769120 HTTP/1.1" 404 20907 "-" "Mozilla/5.0 (compatible; Googlebot/2.1; +http://www.google.com/bot.html)"
66.249.64.228 - - [23/Apr/2025:09:45:11 -0400] "GET /pcmypage?callback=product%2Fdetail%2F80558282 HTTP/1.1" 404 20925 "-" "Mozilla/5.0 (Linux; Android 6.0.1; Nexus 5X Build/MMB29P) AppleWebKit/537.36 (KHTML, like Gecko) Chrome/135.0.7049.95 Mobile Safari/537.36 (compatible; Googlebot/2.1; +http://www.google.com/bot.html)"
5.10.248.130 - - [23/Apr/2025:09:47:17 -0400] "POST /wp-login.php HTTP/2.0" 200 1750 "https://soundframestudios.net" "Mozilla/5.0 (Windows NT 10.0; Win64; x64) AppleWebKit/537.36 (KHTML, like Gecko) Chrome/115.0.5790.102 Safari/537.36"
66.249.64.227 - - [23/Apr/2025:09:47:57 -0400] "GET /shopdetail/28914653 HTTP/1.1" 404 20908 "-" "Mozilla/5.0 (compatible; Googlebot/2.1; +http://www.google.com/bot.html)"
66.249.64.227 - - [23/Apr/2025:09:49:04 -0400] "GET /shopdetail/27566708 HTTP/1.1" 404 20908 "-" "Mozilla/5.0 (Linux; Android 6.0.1; Nexus 5X Build/MMB29P) AppleWebKit/537.36 (KHTML, like Gecko) Chrome/135.0.7049.95 Mobile Safari/537.36 (compatible; Googlebot/2.1; +http://www.google.com/bot.html)"
66.249.64.228 - - [23/Apr/2025:09:52:19 -0400] "GET /shopdetail/27743420 HTTP/1.1" 404 20908 "-" "Mozilla/5.0 (compatible; Googlebot/2.1; +http://www.google.com/bot.html)"
66.249.64.228 - - [23/Apr/2025:09:54:09 -0400] "GET /shopdetail/28066575 HTTP/1.1" 404 20908 "-" "Mozilla/5.0 (compatible; Googlebot/2.1; +http://www.google.com/bot.html)"
66.249.64.228 - - [23/Apr/2025:09:56:14 -0400] "GET /shopdetail/29276508 HTTP/1.1" 404 20908 "-" "Mozilla/5.0 (Linux; Android 6.0.1; Nexus 5X Build/MMB29P) AppleWebKit/537.36 (KHTML, like Gecko) Chrome/135.0.7049.95 Mobile Safari/537.36 (compatible; Googlebot/2.1; +http://www.google.com/bot.html)"
66.249.64.227 - - [23/Apr/2025:09:56:45 -0400] "GET /shopdetail/23282075 HTTP/1.1" 404 20907 "-" "Mozilla/5.0 (Linux; Android 6.0.1; Nexus 5X Build/MMB29P) AppleWebKit/537.36 (KHTML, like Gecko) Chrome/135.0.7049.95 Mobile Safari/537.36 (compatible; Googlebot/2.1; +http://www.google.com/bot.html)"
66.249.64.228 - - [23/Apr/2025:09:57:06 -0400] "GET /?_gl=1*rgknbr*_ga*MzY3MjE1MDcwLjE3MzcwOTUyMjA.*_ga_0VKVKKN4NV*MTczNzEwMjM4NC4yLjEuMTczNzEwMjQ1My42MC4wLjA.&_bd_prev_page=https://soundframestudios.net/detail.php?shopdetail/27280142 HTTP/1.1" 301 1 "-" "Mozilla/5.0 (Linux; Android 6.0.1; Nexus 5X Build/MMB29P) AppleWebKit/537.36 (KHTML, like Gecko) Chrome/135.0.7049.95 Mobile Safari/537.36 (compatible; Googlebot/2.1; +http://www.google.com/bot.html)"
66.249.64.226 - - [23/Apr/2025:09:57:07 -0400] "GET /?_gl=1%2Argknbr%2A_ga%2AMzY3MjE1MDcwLjE3MzcwOTUyMjA.%2A_ga_0VKVKKN4NV%2AMTczNzEwMjM4NC4yLjEuMTczNzEwMjQ1My42MC4wLjA.&_bd_prev_page=https%3A%2F%2Fsoundframestudios.net%2Fdetail.php%3Fshopdetail%2F27280142 HTTP/1.1" 200 32287 "-" "Mozilla/5.0 (Linux; Android 6.0.1; Nexus 5X Build/MMB29P) AppleWebKit/537.36 (KHTML, like Gecko) Chrome/135.0.7049.95 Mobile Safari/537.36 (compatible; Googlebot/2.1; +http://www.google.com/bot.html)"
66.249.64.227 - - [23/Apr/2025:09:57:23 -0400] "GET /wp-content/plugins/wp-carousel-pro/src/Frontend/js/wp-carousel-pro-public.min.js?ver=4.1.2 HTTP/1.1" 200 7901 "https://soundframestudios.net/?_gl=1%2Argknbr%2A_ga%2AMzY3MjE1MDcwLjE3MzcwOTUyMjA.%2A_ga_0VKVKKN4NV%2AMTczNzEwMjM4NC4yLjEuMTczNzEwMjQ1My42MC4wLjA.&_bd_prev_page=https%3A%2F%2Fsoundframestudios.net%2Fdetail.php%3Fshopdetail%2F25280620" "Mozilla/5.0 (Linux; Android 6.0.1; Nexus 5X Build/MMB29P) AppleWebKit/537.36 (KHTML, like Gecko) Chrome/134.0.6998.165 Mobile Safari/537.36 (compatible; Googlebot/2.1; +http://www.google.com/bot.html)"
66.249.64.226 - - [23/Apr/2025:09:57:23 -0400] "GET /wp-content/themes/betheme/js/plugins/enllax.min.js?ver=27.5.8 HTTP/1.1" 200 478 "https://soundframestudios.net/?_gl=1%2Argknbr%2A_ga%2AMzY3MjE1MDcwLjE3MzcwOTUyMjA.%2A_ga_0VKVKKN4NV%2AMTczNzEwMjM4NC4yLjEuMTczNzEwMjQ1My42MC4wLjA.&_bd_prev_page=https%3A%2F%2Fsoundframestudios.net%2Fdetail.php%3Fshopdetail%2F25280620" "Mozilla/5.0 (Linux; Android 6.0.1; Nexus 5X Build/MMB29P) AppleWebKit/537.36 (KHTML, like Gecko) Chrome/134.0.6998.165 Mobile Safari/537.36 (compatible; Googlebot/2.1; +http://www.google.com/bot.html)"
66.249.64.228 - - [23/Apr/2025:09:58:06 -0400] "GET /?_gl=1*rgknbr*_ga*MzY3MjE1MDcwLjE3MzcwOTUyMjA.*_ga_0VKVKKN4NV*MTczNzEwMjM4NC4yLjEuMTczNzEwMjQ1My42MC4wLjA.&_bd_prev_page=https://soundframestudios.net/detail.php?shopdetail/22772397 HTTP/1.1" 301 1 "-" "Mozilla/5.0 (Linux; Android 6.0.1; Nexus 5X Build/MMB29P) AppleWebKit/537.36 (KHTML, like Gecko) Chrome/135.0.7049.95 Mobile Safari/537.36 (compatible; Googlebot/2.1; +http://www.google.com/bot.html)"
66.249.64.226 - - [23/Apr/2025:09:58:06 -0400] "GET /?_gl=1%2Argknbr%2A_ga%2AMzY3MjE1MDcwLjE3MzcwOTUyMjA.%2A_ga_0VKVKKN4NV%2AMTczNzEwMjM4NC4yLjEuMTczNzEwMjQ1My42MC4wLjA.&_bd_prev_page=https%3A%2F%2Fsoundframestudios.net%2Fdetail.php%3Fshopdetail%2F22772397 HTTP/1.1" 200 32288 "-" "Mozilla/5.0 (Linux; Android 6.0.1; Nexus 5X Build/MMB29P) AppleWebKit/537.36 (KHTML, like Gecko) Chrome/135.0.7049.95 Mobile Safari/537.36 (compatible; Googlebot/2.1; +http://www.google.com/bot.html)"
66.249.64.227 - - [23/Apr/2025:09:58:55 -0400] "GET /shopdetail/12727119 HTTP/1.1" 404 20905 "-" "Mozilla/5.0 (compatible; Googlebot/2.1; +http://www.google.com/bot.html)"
66.249.64.227 - - [23/Apr/2025:09:58:55 -0400] "GET /shopdetail/12727119 HTTP/1.1" 404 20905 "-" "Mozilla/5.0 (Linux; Android 6.0.1; Nexus 5X Build/MMB29P) AppleWebKit/537.36 (KHTML, like Gecko) Chrome/135.0.7049.95 Mobile Safari/537.36 (compatible; Googlebot/2.1; +http://www.google.com/bot.html)"
162.0.232.99 - - [23/Apr/2025:09:59:37 -0400] "POST /wp-login.php HTTP/2.0" 200 1750 "https://soundframestudios.net" "Mozilla/5.0 (Macintosh; Intel Mac OS X 10_15_7) AppleWebKit/537.36 (KHTML, like Gecko) Chrome/116.0.5845.96 Safari/537.36"
66.249.64.227 - - [23/Apr/2025:09:59:53 -0400] "GET /shopdetail/28704820 HTTP/1.1" 404 20908 "-" "Mozilla/5.0 (compatible; Googlebot/2.1; +http://www.google.com/bot.html)"
66.249.64.226 - - [23/Apr/2025:10:00:10 -0400] "GET /shopdetail/17959453 HTTP/1.1" 404 20908 "-" "Mozilla/5.0 (Linux; Android 6.0.1; Nexus 5X Build/MMB29P) AppleWebKit/537.36 (KHTML, like Gecko) Chrome/135.0.7049.95 Mobile Safari/537.36 (compatible; GoogleOther)"
23.239.27.53 - - [23/Apr/2025:10:05:56 -0400] "POST /wp-login.php HTTP/2.0" 200 1750 "https://soundframestudios.net" "Mozilla/5.0 (Windows NT 10.0; Win64; x64) AppleWebKit/537.36 (KHTML, like Gecko) Chrome/113.0.5672.93 Safari/537.36"
66.249.64.227 - - [23/Apr/2025:10:09:10 -0400] "GET /shopdetail/27769120 HTTP/1.1" 404 20907 "-" "Mozilla/5.0 (Linux; Android 6.0.1; Nexus 5X Build/MMB29P) AppleWebKit/537.36 (KHTML, like Gecko) Chrome/135.0.7049.95 Mobile Safari/537.36 (compatible; Googlebot/2.1; +http://www.google.com/bot.html)"
69.167.171.25 - - [23/Apr/2025:10:10:06 -0400] "POST /wp-cron.php?doing_wp_cron=1745417406.2729239463806152343750 HTTP/1.1" 200 1 "-" "WordPress/6.8; https://soundframestudios.net"
66.249.64.227 - - [23/Apr/2025:10:10:06 -0400] "GET /?_gl=1*rgknbr*_ga*MzY3MjE1MDcwLjE3MzcwOTUyMjA.*_ga_0VKVKKN4NV*MTczNzEwMjM4NC4yLjEuMTczNzEwMjQ1My42MC4wLjA.&_bd_prev_page=https://soundframestudios.net/detail.php?shopdetail/21524764 HTTP/1.1" 301 1 "-" "Mozilla/5.0 (Linux; Android 6.0.1; Nexus 5X Build/MMB29P) AppleWebKit/537.36 (KHTML, like Gecko) Chrome/135.0.7049.95 Mobile Safari/537.36 (compatible; Googlebot/2.1; +http://www.google.com/bot.html)"
66.249.64.227 - - [23/Apr/2025:10:10:06 -0400] "GET /?_gl=1%2Argknbr%2A_ga%2AMzY3MjE1MDcwLjE3MzcwOTUyMjA.%2A_ga_0VKVKKN4NV%2AMTczNzEwMjM4NC4yLjEuMTczNzEwMjQ1My42MC4wLjA.&_bd_prev_page=https%3A%2F%2Fsoundframestudios.net%2Fdetail.php%3Fshopdetail%2F21524764 HTTP/1.1" 200 32288 "-" "Mozilla/5.0 (Linux; Android 6.0.1; Nexus 5X Build/MMB29P) AppleWebKit/537.36 (KHTML, like Gecko) Chrome/135.0.7049.95 Mobile Safari/537.36 (compatible; Googlebot/2.1; +http://www.google.com/bot.html)"
66.249.64.226 - - [23/Apr/2025:10:10:55 -0400] "GET /shopdetail/15507064 HTTP/1.1" 404 20908 "-" "Mozilla/5.0 (Linux; Android 6.0.1; Nexus 5X Build/MMB29P) AppleWebKit/537.36 (KHTML, like Gecko) Chrome/135.0.7049.95 Mobile Safari/537.36 (compatible; Googlebot/2.1; +http://www.google.com/bot.html)"
66.249.64.226 - - [23/Apr/2025:10:10:56 -0400] "GET /shopdetail/15507064 HTTP/1.1" 404 20908 "-" "Mozilla/5.0 (compatible; Googlebot/2.1; +http://www.google.com/bot.html)"
198.54.120.46 - - [23/Apr/2025:10:12:09 -0400] "POST /wp-login.php HTTP/2.0" 200 6588 "https://soundframestudios.net" "Mozilla/5.0 (Windows NT 10.0; Win64; x64) AppleWebKit/537.36 (KHTML, like Gecko) Chrome/113.0.5672.126 Safari/537.36 Edg/113.0.1774.50"
66.249.64.226 - - [23/Apr/2025:10:12:20 -0400] "GET /shopdetail/10977497 HTTP/1.1" 404 20908 "-" "Mozilla/5.0 (compatible; Googlebot/2.1; +http://www.google.com/bot.html)"
66.249.64.227 - - [23/Apr/2025:10:12:47 -0400] "GET /shopdetail/10283908 HTTP/1.1" 404 20908 "-" "Mozilla/5.0 (compatible; Googlebot/2.1; +http://www.google.com/bot.html)"
66.249.64.227 - - [23/Apr/2025:10:16:07 -0400] "GET /shopdetail/2423708 HTTP/1.1" 404 20907 "-" "Mozilla/5.0 (Linux; Android 6.0.1; Nexus 5X Build/MMB29P) AppleWebKit/537.36 (KHTML, like Gecko) Chrome/135.0.7049.95 Mobile Safari/537.36 (compatible; Googlebot/2.1; +http://www.google.com/bot.html)"
185.61.152.50 - - [23/Apr/2025:10:18:26 -0400] "POST /wp-login.php HTTP/2.0" 200 1750 "https://soundframestudios.net" "Mozilla/5.0 (Windows NT 10.0; Win64; x64; rv:128.0) Gecko/20100101 Firefox/128.0"
66.249.64.228 - - [23/Apr/2025:10:21:30 -0400] "GET /shopdetail/29293775 HTTP/1.1" 404 20907 "-" "Mozilla/5.0 (Linux; Android 6.0.1; Nexus 5X Build/MMB29P) AppleWebKit/537.36 (KHTML, like Gecko) Chrome/135.0.7049.95 Mobile Safari/537.36 (compatible; Googlebot/2.1; +http://www.google.com/bot.html)"
66.249.64.228 - - [23/Apr/2025:10:22:07 -0400] "GET /shopdetail/9742819 HTTP/1.1" 404 20907 "-" "Mozilla/5.0 (Linux; Android 6.0.1; Nexus 5X Build/MMB29P) AppleWebKit/537.36 (KHTML, like Gecko) Chrome/135.0.7049.95 Mobile Safari/537.36 (compatible; Googlebot/2.1; +http://www.google.com/bot.html)"
66.249.64.226 - - [23/Apr/2025:10:23:11 -0400] "GET /shopdetail/23203142 HTTP/1.1" 404 20905 "-" "Mozilla/5.0 (Linux; Android 6.0.1; Nexus 5X Build/MMB29P) AppleWebKit/537.36 (KHTML, like Gecko) Chrome/135.0.7049.95 Mobile Safari/537.36 (compatible; Googlebot/2.1; +http://www.google.com/bot.html)"
66.249.64.227 - - [23/Apr/2025:10:24:09 -0400] "GET /zhHant/product/surugaya/95034643?campaign_uid=f64d716db5e979ed2f947dbaf4296895b951ae7f HTTP/1.1" 404 20955 "-" "Mozilla/5.0 (Linux; Android 6.0.1; Nexus 5X Build/MMB29P) AppleWebKit/537.36 (KHTML, like Gecko) Chrome/135.0.7049.95 Mobile Safari/537.36 (compatible; GoogleOther)"
92.204.132.36 - - [23/Apr/2025:10:24:42 -0400] "POST /wp-login.php HTTP/2.0" 200 1750 "https://soundframestudios.net" "Mozilla/5.0 (Windows NT 10.0; Win64; x64) AppleWebKit/537.36 (KHTML, like Gecko) Chrome/115.0.5790.102 Safari/537.36"
68.65.122.55 - - [23/Apr/2025:10:31:02 -0400] "POST /wp-login.php HTTP/2.0" 200 1750 "https://soundframestudios.net" "Mozilla/5.0 (Windows NT 10.0; Win64; x64) AppleWebKit/537.36 (KHTML, like Gecko) Chrome/126.0.0.0 Safari/537.36"
66.249.64.227 - - [23/Apr/2025:10:31:11 -0400] "GET /pcmypage?callback=/product/detail/91960386 HTTP/1.1" 404 20919 "-" "Mozilla/5.0 (Linux; Android 6.0.1; Nexus 5X Build/MMB29P) AppleWebKit/537.36 (KHTML, like Gecko) Chrome/135.0.7049.95 Mobile Safari/537.36 (compatible; Googlebot/2.1; +http://www.google.com/bot.html)"
66.249.64.226 - - [23/Apr/2025:10:31:52 -0400] "GET /shopdetail/9742075 HTTP/1.1" 404 20907 "-" "Mozilla/5.0 (Linux; Android 6.0.1; Nexus 5X Build/MMB29P) AppleWebKit/537.36 (KHTML, like Gecko) Chrome/135.0.7049.95 Mobile Safari/537.36 (compatible; Googlebot/2.1; +http://www.google.com/bot.html)"
66.249.64.228 - - [23/Apr/2025:10:32:23 -0400] "GET /shopdetail/28871197 HTTP/1.1" 404 20908 "-" "Mozilla/5.0 (Linux; Android 6.0.1; Nexus 5X Build/MMB29P) AppleWebKit/537.36 (KHTML, like Gecko) Chrome/135.0.7049.95 Mobile Safari/537.36 (compatible; Googlebot/2.1; +http://www.google.com/bot.html)"
66.249.64.227 - - [23/Apr/2025:10:32:24 -0400] "GET /?_gl=1*rgknbr*_ga*MzY3MjE1MDcwLjE3MzcwOTUyMjA.*_ga_0VKVKKN4NV*MTczNzEwMjM4NC4yLjEuMTczNzEwMjQ1My42MC4wLjA.&_bd_prev_page=https://soundframestudios.net/detail.php?shopdetail/21734775 HTTP/1.1" 301 1 "-" "Mozilla/5.0 (Linux; Android 6.0.1; Nexus 5X Build/MMB29P) AppleWebKit/537.36 (KHTML, like Gecko) Chrome/135.0.7049.95 Mobile Safari/537.36 (compatible; Googlebot/2.1; +http://www.google.com/bot.html)"
66.249.64.226 - - [23/Apr/2025:10:32:25 -0400] "GET /?_gl=1%2Argknbr%2A_ga%2AMzY3MjE1MDcwLjE3MzcwOTUyMjA.%2A_ga_0VKVKKN4NV%2AMTczNzEwMjM4NC4yLjEuMTczNzEwMjQ1My42MC4wLjA.&_bd_prev_page=https%3A%2F%2Fsoundframestudios.net%2Fdetail.php%3Fshopdetail%2F21734775 HTTP/1.1" 200 32288 "-" "Mozilla/5.0 (Linux; Android 6.0.1; Nexus 5X Build/MMB29P) AppleWebKit/537.36 (KHTML, like Gecko) Chrome/135.0.7049.95 Mobile Safari/537.36 (compatible; Googlebot/2.1; +http://www.google.com/bot.html)"
66.249.64.226 - - [23/Apr/2025:10:32:27 -0400] "GET /wp-content/plugins/contact-form-7/includes/js/index.js?ver=5.9.8 HTTP/1.1" 200 4013 "https://soundframestudios.net/?_gl=1%2Argknbr%2A_ga%2AMzY3MjE1MDcwLjE3MzcwOTUyMjA.%2A_ga_0VKVKKN4NV%2AMTczNzEwMjM4NC4yLjEuMTczNzEwMjQ1My42MC4wLjA.&_bd_prev_page=https%3A%2F%2Fsoundframestudios.net%2Fdetail.php%3Fshopdetail%2F21734775" "Mozilla/5.0 (Linux; Android 6.0.1; Nexus 5X Build/MMB29P) AppleWebKit/537.36 (KHTML, like Gecko) Chrome/134.0.6998.165 Mobile Safari/537.36 (compatible; Googlebot/2.1; +http://www.google.com/bot.html)"
66.249.64.227 - - [23/Apr/2025:10:32:28 -0400] "GET /wp-content/plugins/wp-carousel-pro/src/Frontend/js/fancybox.min.js?ver=4.1.2 HTTP/1.1" 200 21029 "https://soundframestudios.net/?_gl=1%2Argknbr%2A_ga%2AMzY3MjE1MDcwLjE3MzcwOTUyMjA.%2A_ga_0VKVKKN4NV%2AMTczNzEwMjM4NC4yLjEuMTczNzEwMjQ1My42MC4wLjA.&_bd_prev_page=https%3A%2F%2Fsoundframestudios.net%2Fdetail.php%3Fshopdetail%2F21734775" "Mozilla/5.0 (Linux; Android 6.0.1; Nexus 5X Build/MMB29P) AppleWebKit/537.36 (KHTML, like Gecko) Chrome/134.0.6998.165 Mobile Safari/537.36 (compatible; Googlebot/2.1; +http://www.google.com/bot.html)"
66.249.64.226 - - [23/Apr/2025:10:32:41 -0400] "GET /wp-content/themes/betheme/css/be.css?ver=27.5.8 HTTP/1.1" 200 74733 "https://soundframestudios.net/?_gl=1%2Argknbr%2A_ga%2AMzY3MjE1MDcwLjE3MzcwOTUyMjA.%2A_ga_0VKVKKN4NV%2AMTczNzEwMjM4NC4yLjEuMTczNzEwMjQ1My42MC4wLjA.&_bd_prev_page=https%3A%2F%2Fsoundframestudios.net%2Fdetail.php%3Fshopdetail%2F14370119" "Mozilla/5.0 (Linux; Android 6.0.1; Nexus 5X Build/MMB29P) AppleWebKit/537.36 (KHTML, like Gecko) Chrome/134.0.6998.165 Mobile Safari/537.36 (compatible; Googlebot/2.1; +http://www.google.com/bot.html)"
66.249.64.226 - - [23/Apr/2025:10:32:41 -0400] "GET /wp-content/uploads/betheme/css/post-484.css?ver=1744416000 HTTP/1.1" 200 584 "https://soundframestudios.net/?_gl=1%2Argknbr%2A_ga%2AMzY3MjE1MDcwLjE3MzcwOTUyMjA.%2A_ga_0VKVKKN4NV%2AMTczNzEwMjM4NC4yLjEuMTczNzEwMjQ1My42MC4wLjA.&_bd_prev_page=https%3A%2F%2Fsoundframestudios.net%2Fdetail.php%3Fshopdetail%2F14370119" "Mozilla/5.0 (Linux; Android 6.0.1; Nexus 5X Build/MMB29P) AppleWebKit/537.36 (KHTML, like Gecko) Chrome/134.0.6998.165 Mobile Safari/537.36 (compatible; Googlebot/2.1; +http://www.google.com/bot.html)"
66.249.64.226 - - [23/Apr/2025:10:33:28 -0400] "GET /?_gl=1*rgknbr*_ga*MzY3MjE1MDcwLjE3MzcwOTUyMjA.*_ga_0VKVKKN4NV*MTczNzEwMjM4NC4yLjEuMTczNzEwMjQ1My42MC4wLjA.&_bd_prev_page=https://soundframestudios.net/detail.php?shopdetail/20436642 HTTP/1.1" 301 1 "-" "Mozilla/5.0 (Linux; Android 6.0.1; Nexus 5X Build/MMB29P) AppleWebKit/537.36 (KHTML, like Gecko) Chrome/135.0.7049.95 Mobile Safari/537.36 (compatible; Googlebot/2.1; +http://www.google.com/bot.html)"
66.249.64.228 - - [23/Apr/2025:10:33:28 -0400] "GET /?_gl=1%2Argknbr%2A_ga%2AMzY3MjE1MDcwLjE3MzcwOTUyMjA.%2A_ga_0VKVKKN4NV%2AMTczNzEwMjM4NC4yLjEuMTczNzEwMjQ1My42MC4wLjA.&_bd_prev_page=https%3A%2F%2Fsoundframestudios.net%2Fdetail.php%3Fshopdetail%2F20436642 HTTP/1.1" 200 32287 "-" "Mozilla/5.0 (Linux; Android 6.0.1; Nexus 5X Build/MMB29P) AppleWebKit/537.36 (KHTML, like Gecko) Chrome/135.0.7049.95 Mobile Safari/537.36 (compatible; Googlebot/2.1; +http://www.google.com/bot.html)"
66.249.64.228 - - [23/Apr/2025:10:34:01 -0400] "GET /shopdetail/20623886 HTTP/1.1" 404 20908 "-" "Mozilla/5.0 (Linux; Android 6.0.1; Nexus 5X Build/MMB29P) AppleWebKit/537.36 (KHTML, like Gecko) Chrome/135.0.7049.95 Mobile Safari/537.36 (compatible; Googlebot/2.1; +http://www.google.com/bot.html)"
66.249.64.228 - - [23/Apr/2025:10:35:36 -0400] "GET /shopdetail/11954386 HTTP/1.1" 404 20906 "-" "Mozilla/5.0 (compatible; Googlebot/2.1; +http://www.google.com/bot.html)"
66.249.64.227 - - [23/Apr/2025:10:37:06 -0400] "GET /?_gl=1*rgknbr*_ga*MzY3MjE1MDcwLjE3MzcwOTUyMjA.*_ga_0VKVKKN4NV*MTczNzEwMjM4NC4yLjEuMTczNzEwMjQ1My42MC4wLjA.&_bd_prev_page=https://soundframestudios.net/detail.php?shopdetail/22280986 HTTP/1.1" 301 1 "-" "Mozilla/5.0 (Linux; Android 6.0.1; Nexus 5X Build/MMB29P) AppleWebKit/537.36 (KHTML, like Gecko) Chrome/135.0.7049.95 Mobile Safari/537.36 (compatible; Googlebot/2.1; +http://www.google.com/bot.html)"
66.249.64.226 - - [23/Apr/2025:10:37:06 -0400] "GET /?_gl=1%2Argknbr%2A_ga%2AMzY3MjE1MDcwLjE3MzcwOTUyMjA.%2A_ga_0VKVKKN4NV%2AMTczNzEwMjM4NC4yLjEuMTczNzEwMjQ1My42MC4wLjA.&_bd_prev_page=https%3A%2F%2Fsoundframestudios.net%2Fdetail.php%3Fshopdetail%2F22280986 HTTP/1.1" 200 32287 "-" "Mozilla/5.0 (Linux; Android 6.0.1; Nexus 5X Build/MMB29P) AppleWebKit/537.36 (KHTML, like Gecko) Chrome/135.0.7049.95 Mobile Safari/537.36 (compatible; Googlebot/2.1; +http://www.google.com/bot.html)"
185.179.24.14 - - [23/Apr/2025:10:37:24 -0400] "POST /wp-login.php HTTP/2.0" 200 1750 "https://soundframestudios.net" "Mozilla/5.0 (Macintosh; Intel Mac OS X 10_15_7) AppleWebKit/537.36 (KHTML, like Gecko) Chrome/126.0.0.0 Safari/537.36"
66.249.64.226 - - [23/Apr/2025:10:37:35 -0400] "GET /shopdetail/22726297 HTTP/1.1" 404 20908 "-" "Mozilla/5.0 (Linux; Android 6.0.1; Nexus 5X Build/MMB29P) AppleWebKit/537.36 (KHTML, like Gecko) Chrome/135.0.7049.95 Mobile Safari/537.36 (compatible; Googlebot/2.1; +http://www.google.com/bot.html)"
66.249.64.228 - - [23/Apr/2025:10:39:00 -0400] "GET /shopdetail/11513197 HTTP/1.1" 404 20908 "-" "Mozilla/5.0 (Linux; Android 6.0.1; Nexus 5X Build/MMB29P) AppleWebKit/537.36 (KHTML, like Gecko) Chrome/135.0.7049.95 Mobile Safari/537.36 (compatible; Googlebot/2.1; +http://www.google.com/bot.html)"
66.249.64.227 - - [23/Apr/2025:10:39:47 -0400] "GET /shopdetail/14697753 HTTP/1.1" 404 20908 "-" "Mozilla/5.0 (compatible; Googlebot/2.1; +http://www.google.com/bot.html)"
206.168.34.84 - - [23/Apr/2025:10:40:37 -0400] "GET / HTTP/1.1" 200 186405 "-" "Mozilla/5.0 (compatible; CensysInspect/1.1; +https://about.censys.io/)"
206.168.34.84 - - [23/Apr/2025:10:40:38 -0400] "GET /wp-content/uploads/2024/12/Soundframe-Icon-Dark-Blue.png HTTP/1.1" 200 23686 "-" "Mozilla/5.0 (compatible; CensysInspect/1.1; +https://about.censys.io/)"
206.168.34.84 - - [23/Apr/2025:10:40:39 -0400] "GET /favicon.ico HTTP/1.1" 302 - "-" "Mozilla/5.0 (compatible; CensysInspect/1.1; +https://about.censys.io/)"
206.168.34.84 - - [23/Apr/2025:10:40:40 -0400] "GET /wp-includes/images/w-logo-blue-white-bg.png HTTP/1.1" 200 4119 "https://soundframestudios.net/favicon.ico" "Mozilla/5.0 (compatible; CensysInspect/1.1; +https://about.censys.io/)"
66.249.64.226 - - [23/Apr/2025:10:41:00 -0400] "GET /shopdetail/18652342 HTTP/1.1" 404 20908 "-" "Mozilla/5.0 (Linux; Android 6.0.1; Nexus 5X Build/MMB29P) AppleWebKit/537.36 (KHTML, like Gecko) Chrome/135.0.7049.95 Mobile Safari/537.36 (compatible; Googlebot/2.1; +http://www.google.com/bot.html)"
20.15.133.174 - - [23/Apr/2025:10:43:10 -0400] "GET /shopdetail/11596020 HTTP/2.0" 301 1 "-" "Mozilla/5.0 AppleWebKit/537.36 (KHTML, like Gecko; compatible; bingbot/2.0; +http://www.bing.com/bingbot.htm) Chrome/116.0.1938.76 Safari/537.36"
103.118.29.120 - - [23/Apr/2025:10:43:43 -0400] "POST /wp-login.php HTTP/2.0" 200 6588 "https://soundframestudios.net" "Mozilla/5.0 (Macintosh; Intel Mac OS X 10_15_7; rv:129.0) Gecko/20100101 Firefox/129.0"
180.102.134.69 - - [23/Apr/2025:10:43:47 -0400] "GET / HTTP/1.1" 200 186408 "http://www.soundframestudios.net" "Mozilla/5.0 (iPhone; CPU iPhone OS 13_2_3 like Mac OS X) AppleWebKit/605.1.15 (KHTML, like Gecko) Version/13.0.3 Mobile/15E148 Safari/604.1"
66.249.64.226 - - [23/Apr/2025:10:44:30 -0400] "GET /pcsp.html HTTP/1.1" 404 20900 "-" "Mozilla/5.0 (compatible; Googlebot/2.1; +http://www.google.com/bot.html)"
66.249.64.228 - - [23/Apr/2025:10:45:26 -0400] "GET /shopdetail/20240419 HTTP/1.1" 404 20904 "-" "Mozilla/5.0 (compatible; Googlebot/2.1; +http://www.google.com/bot.html)"
198.54.114.85 - - [23/Apr/2025:10:50:02 -0400] "POST /wp-login.php HTTP/2.0" 200 1750 "https://soundframestudios.net" "Mozilla/5.0 (Macintosh; Intel Mac OS X 10_15_7; rv:129.0) Gecko/20100101 Firefox/129.0"
66.249.64.226 - - [23/Apr/2025:10:52:53 -0400] "GET /shopdetail/24482831 HTTP/1.1" 404 20908 "-" "Mozilla/5.0 (compatible; Googlebot/2.1; +http://www.google.com/bot.html)"
66.249.64.228 - - [23/Apr/2025:10:52:53 -0400] "GET /shopdetail/24482831 HTTP/1.1" 404 20908 "-" "Mozilla/5.0 (Linux; Android 6.0.1; Nexus 5X Build/MMB29P) AppleWebKit/537.36 (KHTML, like Gecko) Chrome/135.0.7049.95 Mobile Safari/537.36 (compatible; Googlebot/2.1; +http://www.google.com/bot.html)"
66.249.64.228 - - [23/Apr/2025:10:55:39 -0400] "GET /pcmypage?callback=product/review/26704476 HTTP/1.1" 404 20919 "-" "Mozilla/5.0 (compatible; Googlebot/2.1; +http://www.google.com/bot.html)"
89.28.217.3 - - [23/Apr/2025:10:56:23 -0400] "POST /wp-login.php HTTP/2.0" 200 1750 "https://soundframestudios.net" "Mozilla/5.0 (Macintosh; Intel Mac OS X 14.5) AppleWebKit/618.3.5 (KHTML, like Gecko) Version/17.4 Safari/618.3.5"
43.159.149.216 - - [23/Apr/2025:10:58:04 -0400] "GET / HTTP/1.1" 200 186408 "http://soundframestudios.net" "Mozilla/5.0 (iPhone; CPU iPhone OS 13_2_3 like Mac OS X) AppleWebKit/605.1.15 (KHTML, like Gecko) Version/13.0.3 Mobile/15E148 Safari/604.1"
194.67.121.219 - - [23/Apr/2025:11:02:40 -0400] "POST /wp-login.php HTTP/2.0" 200 1750 "https://soundframestudios.net" "Mozilla/5.0 (Windows NT 11.0; Win64; x64; rv:126.0) Gecko/20100101 Firefox/126.0"
66.249.64.226 - - [23/Apr/2025:11:02:47 -0400] "GET /shopdetail/15774942 HTTP/1.1" 404 20908 "-" "Mozilla/5.0 (Linux; Android 6.0.1; Nexus 5X Build/MMB29P) AppleWebKit/537.36 (KHTML, like Gecko) Chrome/135.0.7049.95 Mobile Safari/537.36 (compatible; Googlebot/2.1; +http://www.google.com/bot.html)"
66.249.64.227 - - [23/Apr/2025:11:02:59 -0400] "GET /shopdetail/23150620 HTTP/1.1" 404 20907 "-" "Mozilla/5.0 (compatible; Googlebot/2.1; +http://www.google.com/bot.html)"
43.130.150.80 - - [23/Apr/2025:11:03:27 -0400] "GET / HTTP/1.1" 200 186408 "http://www.soundframestudios.net" "Mozilla/5.0 (iPhone; CPU iPhone OS 13_2_3 like Mac OS X) AppleWebKit/605.1.15 (KHTML, like Gecko) Version/13.0.3 Mobile/15E148 Safari/604.1"
66.249.64.226 - - [23/Apr/2025:11:05:13 -0400] "GET /shopdetail/13191008 HTTP/1.1" 404 20907 "-" "Mozilla/5.0 (Linux; Android 6.0.1; Nexus 5X Build/MMB29P) AppleWebKit/537.36 (KHTML, like Gecko) Chrome/135.0.7049.95 Mobile Safari/537.36 (compatible; Googlebot/2.1; +http://www.google.com/bot.html)"
186.64.114.40 - - [23/Apr/2025:11:09:03 -0400] "POST /wp-login.php HTTP/2.0" 200 1750 "https://soundframestudios.net" "Mozilla/5.0 (Macintosh; Intel Mac OS X 10_15_7) AppleWebKit/537.36 (KHTML, like Gecko) Chrome/113.0.5672.93 Safari/537.36"
52.167.144.59 - - [23/Apr/2025:11:11:32 -0400] "GET /robots.txt HTTP/2.0" 200 139 "-" "Mozilla/5.0 AppleWebKit/537.36 (KHTML, like Gecko; compatible; bingbot/2.0; +http://www.bing.com/bingbot.htm) Chrome/116.0.1938.76 Safari/537.36"
69.167.171.25 - - [23/Apr/2025:11:11:36 -0400] "POST /wp-cron.php?doing_wp_cron=1745421096.4213869571685791015625 HTTP/1.1" 200 1 "-" "WordPress/6.8; https://soundframestudios.net"
207.46.13.18 - - [23/Apr/2025:11:11:36 -0400] "GET /shopdetail/26147575 HTTP/2.0" 301 1 "-" "Mozilla/5.0 AppleWebKit/537.36 (KHTML, like Gecko; compatible; bingbot/2.0; +http://www.bing.com/bingbot.htm) Chrome/116.0.1938.76 Safari/537.36"
66.249.64.227 - - [23/Apr/2025:11:12:09 -0400] "GET /shopdetail/16886864 HTTP/1.1" 404 20908 "-" "Mozilla/5.0 (Linux; Android 6.0.1; Nexus 5X Build/MMB29P) AppleWebKit/537.36 (KHTML, like Gecko) Chrome/135.0.7049.95 Mobile Safari/537.36 (compatible; Googlebot/2.1; +http://www.google.com/bot.html)"
66.249.64.228 - - [23/Apr/2025:11:12:09 -0400] "GET /shopdetail/16886864 HTTP/1.1" 404 20908 "-" "Mozilla/5.0 (compatible; Googlebot/2.1; +http://www.google.com/bot.html)"
66.249.64.228 - - [23/Apr/2025:11:16:53 -0400] "GET /pcmypage?callback=/product/detail/17836400 HTTP/1.1" 404 20920 "-" "Mozilla/5.0 (Linux; Android 6.0.1; Nexus 5X Build/MMB29P) AppleWebKit/537.36 (KHTML, like Gecko) Chrome/135.0.7049.95 Mobile Safari/537.36 (compatible; Googlebot/2.1; +http://www.google.com/bot.html)"
66.249.64.226 - - [23/Apr/2025:11:19:13 -0400] "GET /shopdetail/17412364 HTTP/1.1" 404 20908 "-" "Mozilla/5.0 (Linux; Android 6.0.1; Nexus 5X Build/MMB29P) AppleWebKit/537.36 (KHTML, like Gecko) Chrome/135.0.7049.95 Mobile Safari/537.36 (compatible; Googlebot/2.1; +http://www.google.com/bot.html)"
67.223.118.121 - - [23/Apr/2025:11:21:43 -0400] "POST /wp-login.php HTTP/2.0" 200 1750 "https://soundframestudios.net" "Mozilla/5.0 (Windows NT 10.0; Win64; x64) AppleWebKit/537.36 (KHTML, like Gecko) Chrome/114.0.5735.134 Safari/537.36"
66.249.64.226 - - [23/Apr/2025:11:22:35 -0400] "GET /vintagegame.html HTTP/1.1" 404 20904 "-" "Mozilla/5.0 (Linux; Android 6.0.1; Nexus 5X Build/MMB29P) AppleWebKit/537.36 (KHTML, like Gecko) Chrome/135.0.7049.95 Mobile Safari/537.36 (compatible; Googlebot/2.1; +http://www.google.com/bot.html)"
66.249.64.226 - - [23/Apr/2025:11:24:42 -0400] "GET /pcmypage?callback=product/review/86722033 HTTP/1.1" 404 20919 "-" "Mozilla/5.0 (Linux; Android 6.0.1; Nexus 5X Build/MMB29P) AppleWebKit/537.36 (KHTML, like Gecko) Chrome/135.0.7049.95 Mobile Safari/537.36 (compatible; Googlebot/2.1; +http://www.google.com/bot.html)"
66.249.64.227 - - [23/Apr/2025:11:26:08 -0400] "GET /shopdetail/11993520 HTTP/1.1" 404 20905 "-" "Mozilla/5.0 (compatible; Googlebot/2.1; +http://www.google.com/bot.html)"
66.249.64.228 - - [23/Apr/2025:11:27:40 -0400] "GET /shopdetail/28044142 HTTP/1.1" 404 20908 "-" "Mozilla/5.0 (Linux; Android 6.0.1; Nexus 5X Build/MMB29P) AppleWebKit/537.36 (KHTML, like Gecko) Chrome/135.0.7049.95 Mobile Safari/537.36 (compatible; Googlebot/2.1; +http://www.google.com/bot.html)"
106.75.190.3 - - [23/Apr/2025:11:28:02 -0400] "POST /wp-login.php HTTP/2.0" 200 1750 "https://soundframestudios.net" "Mozilla/5.0 (Macintosh; Intel Mac OS X 10.15; rv:126.0) Gecko/20100101 Firefox/126.0"
51.77.247.142 - - [23/Apr/2025:11:34:15 -0400] "POST /wp-login.php HTTP/2.0" 200 1750 "https://soundframestudios.net" "Mozilla/5.0 (Windows NT 10.0; Win64; x64; rv:127.0) Gecko/20100101 Firefox/127.0"
66.249.64.226 - - [23/Apr/2025:11:34:19 -0400] "GET /shopdetail/27325753 HTTP/1.1" 404 20908 "-" "Mozilla/5.0 (Linux; Android 6.0.1; Nexus 5X Build/MMB29P) AppleWebKit/537.36 (KHTML, like Gecko) Chrome/135.0.7049.95 Mobile Safari/537.36 (compatible; Googlebot/2.1; +http://www.google.com/bot.html)"
66.249.64.227 - - [23/Apr/2025:11:39:19 -0400] "GET /shopdetail/22767242 HTTP/1.1" 404 20908 "-" "Mozilla/5.0 (Linux; Android 6.0.1; Nexus 5X Build/MMB29P) AppleWebKit/537.36 (KHTML, like Gecko) Chrome/135.0.7049.95 Mobile Safari/537.36 (compatible; Googlebot/2.1; +http://www.google.com/bot.html)"
66.249.64.226 - - [23/Apr/2025:11:39:20 -0400] "GET /shopdetail/22767242 HTTP/1.1" 404 20908 "-" "Mozilla/5.0 (compatible; Googlebot/2.1; +http://www.google.com/bot.html)"
198.54.120.17 - - [23/Apr/2025:11:40:29 -0400] "POST /wp-login.php HTTP/2.0" 200 1750 "https://soundframestudios.net" "Mozilla/5.0 (Windows NT 10.0; Win64; x64; rv:129.0) Gecko/20100101 Firefox/129.0"
66.249.64.227 - - [23/Apr/2025:11:41:39 -0400] "GET /shopdetail/29858064 HTTP/1.1" 404 20908 "-" "Mozilla/5.0 (compatible; Googlebot/2.1; +http://www.google.com/bot.html)"
66.249.64.226 - - [23/Apr/2025:11:41:40 -0400] "GET /shopdetail/29858064 HTTP/1.1" 404 20908 "-" "Mozilla/5.0 (Linux; Android 6.0.1; Nexus 5X Build/MMB29P) AppleWebKit/537.36 (KHTML, like Gecko) Chrome/135.0.7049.95 Mobile Safari/537.36 (compatible; Googlebot/2.1; +http://www.google.com/bot.html)"
162.214.124.144 - - [23/Apr/2025:11:46:41 -0400] "POST /wp-login.php HTTP/2.0" 200 1750 "https://soundframestudios.net" "Mozilla/5.0 (Macintosh; Intel Mac OS X 10_15_7) AppleWebKit/537.36 (KHTML, like Gecko) Chrome/126.0.0.0 Safari/537.36"
66.249.64.226 - - [23/Apr/2025:11:47:32 -0400] "GET /shopdetail/19050720 HTTP/1.1" 404 20908 "-" "Mozilla/5.0 (Linux; Android 6.0.1; Nexus 5X Build/MMB29P) AppleWebKit/537.36 (KHTML, like Gecko) Chrome/135.0.7049.95 Mobile Safari/537.36 (compatible; Googlebot/2.1; +http://www.google.com/bot.html)"
66.249.64.226 - - [23/Apr/2025:11:48:12 -0400] "GET /shopdetail/16487197 HTTP/1.1" 404 20908 "-" "Mozilla/5.0 (Linux; Android 6.0.1; Nexus 5X Build/MMB29P) AppleWebKit/537.36 (KHTML, like Gecko) Chrome/135.0.7049.95 Mobile Safari/537.36 (compatible; Googlebot/2.1; +http://www.google.com/bot.html)"
66.249.64.226 - - [23/Apr/2025:11:49:47 -0400] "GET /shopdetail/10002653 HTTP/1.1" 404 20905 "-" "Mozilla/5.0 (Linux; Android 6.0.1; Nexus 5X Build/MMB29P) AppleWebKit/537.36 (KHTML, like Gecko) Chrome/135.0.7049.95 Mobile Safari/537.36 (compatible; Googlebot/2.1; +http://www.google.com/bot.html)"
66.249.64.226 - - [23/Apr/2025:11:50:11 -0400] "GET /?_gl=1*rgknbr*_ga*MzY3MjE1MDcwLjE3MzcwOTUyMjA.*_ga_0VKVKKN4NV*MTczNzEwMjM4NC4yLjEuMTczNzEwMjQ1My42MC4wLjA.&_bd_prev_page=https://soundframestudios.net/detail.php?shopdetail/14901631 HTTP/1.1" 301 1 "-" "Mozilla/5.0 (Linux; Android 6.0.1; Nexus 5X Build/MMB29P) AppleWebKit/537.36 (KHTML, like Gecko) Chrome/135.0.7049.95 Mobile Safari/537.36 (compatible; GoogleOther)"
66.249.64.227 - - [23/Apr/2025:11:50:13 -0400] "GET /?_gl=1%2Argknbr%2A_ga%2AMzY3MjE1MDcwLjE3MzcwOTUyMjA.%2A_ga_0VKVKKN4NV%2AMTczNzEwMjM4NC4yLjEuMTczNzEwMjQ1My42MC4wLjA.&_bd_prev_page=https%3A%2F%2Fsoundframestudios.net%2Fdetail.php%3Fshopdetail%2F14901631 HTTP/1.1" 200 32288 "-" "Mozilla/5.0 (Linux; Android 6.0.1; Nexus 5X Build/MMB29P) AppleWebKit/537.36 (KHTML, like Gecko) Chrome/135.0.7049.95 Mobile Safari/537.36 (compatible; GoogleOther)"
68.66.220.30 - - [23/Apr/2025:11:52:53 -0400] "POST /wp-login.php HTTP/2.0" 200 1750 "https://soundframestudios.net" "Mozilla/5.0 (Macintosh; Intel Mac OS X 10_15_7) AppleWebKit/537.36 (KHTML, like Gecko) Chrome/112.0.5615.138 Safari/537.36"
66.249.64.228 - - [23/Apr/2025:11:54:09 -0400] "GET /pcmypage?callback=product/review/95894755 HTTP/1.1" 404 20919 "-" "Mozilla/5.0 (Linux; Android 6.0.1; Nexus 5X Build/MMB29P) AppleWebKit/537.36 (KHTML, like Gecko) Chrome/135.0.7049.95 Mobile Safari/537.36 (compatible; GoogleOther)"
66.249.64.228 - - [23/Apr/2025:11:58:19 -0400] "GET /shopdetail/15036753 HTTP/1.1" 404 20908 "-" "Mozilla/5.0 (compatible; Googlebot/2.1; +http://www.google.com/bot.html)"
78.47.178.44 - - [23/Apr/2025:11:59:02 -0400] "POST /wp-login.php HTTP/2.0" 200 1750 "https://soundframestudios.net" "Mozilla/5.0 (Macintosh; Intel Mac OS X 10_15_7; rv:126.0) Gecko/20100101 Firefox/126.0"
66.249.64.228 - - [23/Apr/2025:11:59:11 -0400] "GET /shopdetail/12049042 HTTP/1.1" 404 20905 "-" "Mozilla/5.0 (Linux; Android 6.0.1; Nexus 5X Build/MMB29P) AppleWebKit/537.36 (KHTML, like Gecko) Chrome/135.0.7049.95 Mobile Safari/537.36 (compatible; Googlebot/2.1; +http://www.google.com/bot.html)"
66.249.64.227 - - [23/Apr/2025:11:59:53 -0400] "GET /shopdetail/30579253 HTTP/1.1" 404 20908 "-" "Mozilla/5.0 (compatible; Googlebot/2.1; +http://www.google.com/bot.html)"
66.249.64.227 - - [23/Apr/2025:11:59:55 -0400] "GET /shopdetail/13149008 HTTP/1.1" 404 20908 "-" "Mozilla/5.0 (Linux; Android 6.0.1; Nexus 5X Build/MMB29P) AppleWebKit/537.36 (KHTML, like Gecko) Chrome/135.0.7049.95 Mobile Safari/537.36 (compatible; Googlebot/2.1; +http://www.google.com/bot.html)"
66.249.64.226 - - [23/Apr/2025:12:00:01 -0400] "GET /shopdetail/11646175 HTTP/1.1" 404 20908 "-" "Mozilla/5.0 (Linux; Android 6.0.1; Nexus 5X Build/MMB29P) AppleWebKit/537.36 (KHTML, like Gecko) Chrome/135.0.7049.95 Mobile Safari/537.36 (compatible; Googlebot/2.1; +http://www.google.com/bot.html)"
66.249.64.227 - - [23/Apr/2025:12:00:40 -0400] "GET /shopdetail/3039675 HTTP/1.1" 404 20907 "-" "Mozilla/5.0 (compatible; Googlebot/2.1; +http://www.google.com/bot.html)"
66.249.64.226 - - [23/Apr/2025:12:00:41 -0400] "GET /shopdetail/3039675 HTTP/1.1" 404 20907 "-" "Mozilla/5.0 (Linux; Android 6.0.1; Nexus 5X Build/MMB29P) AppleWebKit/537.36 (KHTML, like Gecko) Chrome/135.0.7049.95 Mobile Safari/537.36 (compatible; Googlebot/2.1; +http://www.google.com/bot.html)"
66.249.64.227 - - [23/Apr/2025:12:01:15 -0400] "GET /shopdetail/6004620 HTTP/1.1" 404 20907 "-" "Mozilla/5.0 (Linux; Android 6.0.1; Nexus 5X Build/MMB29P) AppleWebKit/537.36 (KHTML, like Gecko) Chrome/135.0.7049.95 Mobile Safari/537.36 (compatible; Googlebot/2.1; +http://www.google.com/bot.html)"
66.249.64.228 - - [23/Apr/2025:12:02:12 -0400] "GET /shopdetail/2740719 HTTP/1.1" 404 20907 "-" "Mozilla/5.0 (Linux; Android 6.0.1; Nexus 5X Build/MMB29P) AppleWebKit/537.36 (KHTML, like Gecko) Chrome/135.0.7049.95 Mobile Safari/537.36 (compatible; Googlebot/2.1; +http://www.google.com/bot.html)"
66.249.64.227 - - [23/Apr/2025:12:02:49 -0400] "GET /shopdetail/17059697 HTTP/1.1" 404 20908 "-" "Mozilla/5.0 (compatible; Googlebot/2.1; +http://www.google.com/bot.html)"
66.249.64.227 - - [23/Apr/2025:12:02:49 -0400] "GET /shopdetail/17059697 HTTP/1.1" 404 20908 "-" "Mozilla/5.0 (Linux; Android 6.0.1; Nexus 5X Build/MMB29P) AppleWebKit/537.36 (KHTML, like Gecko) Chrome/135.0.7049.95 Mobile Safari/537.36 (compatible; Googlebot/2.1; +http://www.google.com/bot.html)"
66.249.64.226 - - [23/Apr/2025:12:02:54 -0400] "GET /shopdetail/13120775 HTTP/1.1" 404 20907 "-" "Mozilla/5.0 (Linux; Android 6.0.1; Nexus 5X Build/MMB29P) AppleWebKit/537.36 (KHTML, like Gecko) Chrome/135.0.7049.95 Mobile Safari/537.36 (compatible; Googlebot/2.1; +http://www.google.com/bot.html)"
51.81.207.12 - - [23/Apr/2025:12:05:16 -0400] "POST /wp-login.php HTTP/2.0" 200 1750 "https://soundframestudios.net" "Mozilla/5.0 (Macintosh; Intel Mac OS X 10_15_7) AppleWebKit/537.36 (KHTML, like Gecko) Chrome/113.0.5672.93 Safari/537.36"
66.249.64.228 - - [23/Apr/2025:12:08:49 -0400] "GET /shopdetail/23737264 HTTP/1.1" 404 20906 "-" "Mozilla/5.0 (Linux; Android 6.0.1; Nexus 5X Build/MMB29P) AppleWebKit/537.36 (KHTML, like Gecko) Chrome/135.0.7049.95 Mobile Safari/537.36 (compatible; Googlebot/2.1; +http://www.google.com/bot.html)"
69.167.171.25 - - [23/Apr/2025:12:11:29 -0400] "POST /wp-cron.php?doing_wp_cron=1745424689.7349569797515869140625 HTTP/1.1" 200 1 "-" "WordPress/6.8; https://soundframestudios.net"
92.204.132.36 - - [23/Apr/2025:12:11:29 -0400] "POST /wp-login.php HTTP/2.0" 200 1750 "https://soundframestudios.net" "Mozilla/5.0 (Macintosh; Intel Mac OS X 10_15_7; rv:128.0) Gecko/20100101 Firefox/128.0"
66.249.64.228 - - [23/Apr/2025:12:12:15 -0400] "GET /?_gl=1*rgknbr*_ga*MzY3MjE1MDcwLjE3MzcwOTUyMjA.*_ga_0VKVKKN4NV*MTczNzEwMjM4NC4yLjEuMTczNzEwMjQ1My42MC4wLjA.&_bd_prev_page=https://soundframestudios.net/detail.php?shopdetail/20024220 HTTP/1.1" 301 1 "-" "Mozilla/5.0 (Linux; Android 6.0.1; Nexus 5X Build/MMB29P) AppleWebKit/537.36 (KHTML, like Gecko) Chrome/135.0.7049.95 Mobile Safari/537.36 (compatible; Googlebot/2.1; +http://www.google.com/bot.html)"
66.249.64.226 - - [23/Apr/2025:12:12:16 -0400] "GET /?_gl=1%2Argknbr%2A_ga%2AMzY3MjE1MDcwLjE3MzcwOTUyMjA.%2A_ga_0VKVKKN4NV%2AMTczNzEwMjM4NC4yLjEuMTczNzEwMjQ1My42MC4wLjA.&_bd_prev_page=https%3A%2F%2Fsoundframestudios.net%2Fdetail.php%3Fshopdetail%2F20024220 HTTP/1.1" 200 32289 "-" "Mozilla/5.0 (Linux; Android 6.0.1; Nexus 5X Build/MMB29P) AppleWebKit/537.36 (KHTML, like Gecko) Chrome/135.0.7049.95 Mobile Safari/537.36 (compatible; Googlebot/2.1; +http://www.google.com/bot.html)"
66.249.64.227 - - [23/Apr/2025:12:12:19 -0400] "GET /wp-content/plugins/contact-form-7/includes/js/index.js?ver=5.9.8 HTTP/1.1" 200 4013 "https://soundframestudios.net/?_gl=1%2Argknbr%2A_ga%2AMzY3MjE1MDcwLjE3MzcwOTUyMjA.%2A_ga_0VKVKKN4NV%2AMTczNzEwMjM4NC4yLjEuMTczNzEwMjQ1My42MC4wLjA.&_bd_prev_page=https%3A%2F%2Fsoundframestudios.net%2Fdetail.php%3Fshopdetail%2F20024220" "Mozilla/5.0 (Linux; Android 6.0.1; Nexus 5X Build/MMB29P) AppleWebKit/537.36 (KHTML, like Gecko) Chrome/134.0.6998.165 Mobile Safari/537.36 (compatible; Googlebot/2.1; +http://www.google.com/bot.html)"
66.249.64.227 - - [23/Apr/2025:12:12:20 -0400] "GET /wp-content/themes/betheme/js/plugins/enllax.min.js?ver=27.5.8 HTTP/1.1" 200 478 "https://soundframestudios.net/?_gl=1%2Argknbr%2A_ga%2AMzY3MjE1MDcwLjE3MzcwOTUyMjA.%2A_ga_0VKVKKN4NV%2AMTczNzEwMjM4NC4yLjEuMTczNzEwMjQ1My42MC4wLjA.&_bd_prev_page=https%3A%2F%2Fsoundframestudios.net%2Fdetail.php%3Fshopdetail%2F20024220" "Mozilla/5.0 (Linux; Android 6.0.1; Nexus 5X Build/MMB29P) AppleWebKit/537.36 (KHTML, like Gecko) Chrome/134.0.6998.165 Mobile Safari/537.36 (compatible; Googlebot/2.1; +http://www.google.com/bot.html)"
66.249.64.226 - - [23/Apr/2025:12:12:21 -0400] "GET /wp-content/plugins/contact-form-7/includes/css/styles.css?ver=5.9.8 HTTP/1.1" 200 890 "https://soundframestudios.net/?_gl=1%2Argknbr%2A_ga%2AMzY3MjE1MDcwLjE3MzcwOTUyMjA.%2A_ga_0VKVKKN4NV%2AMTczNzEwMjM4NC4yLjEuMTczNzEwMjQ1My42MC4wLjA.&_bd_prev_page=https%3A%2F%2Fsoundframestudios.net%2Fdetail.php%3Fshopdetail%2F20024220" "Mozilla/5.0 (Linux; Android 6.0.1; Nexus 5X Build/MMB29P) AppleWebKit/537.36 (KHTML, like Gecko) Chrome/134.0.6998.165 Mobile Safari/537.36 (compatible; Googlebot/2.1; +http://www.google.com/bot.html)"
66.249.64.226 - - [23/Apr/2025:12:12:22 -0400] "GET /wp-content/plugins/revslider/public/js/sr7.js?ver=6.7.17 HTTP/1.1" 200 82931 "https://soundframestudios.net/?_gl=1%2Argknbr%2A_ga%2AMzY3MjE1MDcwLjE3MzcwOTUyMjA.%2A_ga_0VKVKKN4NV%2AMTczNzEwMjM4NC4yLjEuMTczNzEwMjQ1My42MC4wLjA.&_bd_prev_page=https%3A%2F%2Fsoundframestudios.net%2Fdetail.php%3Fshopdetail%2F20024220" "Mozilla/5.0 (Linux; Android 6.0.1; Nexus 5X Build/MMB29P) AppleWebKit/537.36 (KHTML, like Gecko) Chrome/134.0.6998.165 Mobile Safari/537.36 (compatible; Googlebot/2.1; +http://www.google.com/bot.html)"
